• using R version 4.4.1 (2024-06-14)
  • using platform: x86_64-apple-darwin20
  • R was compiled by     Apple clang version 14.0.0 (clang-1400.0.29.202)     GNU Fortran (GCC) 12.2.0
  • running under: macOS Ventura 13.3.1
  • using session charset: UTF-8
  • checking for file ‘imfapi/DESCRIPTION’ ... OK
  • this is package ‘imfapi’ version ‘0.1.0’
  • package encoding: UTF-8
  • checking package namespace information ... OK
  • checking package dependencies ... OK
  • checking if this is a source package ... OK
  • checking if there is a namespace ... OK
  • checking for executable files ... OK
  • checking for hidden files and directories ... OK
  • checking for portable file names ... OK
  • checking for sufficient/correct file permissions ... OK
  • checking whether package ‘imfapi’ can be installed ... [2s/4s] OK See the install log for details.
  • checking installed package size ... OK
  • checking package directory ... OK
  • checking DESCRIPTION meta-information ... OK
  • checking top-level files ... OK
  • checking for left-over files ... OK
  • checking index information ... OK
  • checking package subdirectories ... OK
  • checking code files for non-ASCII characters ... OK
  • checking R files for syntax errors ... OK
  • checking whether the package can be loaded ... [0s/0s] OK
  • checking whether the package can be loaded with stated dependencies ... [0s/0s] OK
  • checking whether the package can be unloaded cleanly ... [0s/0s] OK
  • checking whether the namespace can be loaded with stated dependencies ... [0s/0s] OK
  • checking whether the namespace can be unloaded cleanly ... [0s/0s] OK
  • checking loading without being on the library search path ... [0s/0s] OK
  • checking dependencies in R code ... OK
  • checking S3 generic/method consistency ... OK
  • checking replacement functions ... OK
  • checking foreign function calls ... OK
  • checking R code for possible problems ... [2s/6s] OK
  • checking Rd files ... [0s/0s] OK
  • checking Rd metadata ... OK
  • checking Rd cross-references ... OK
  • checking for missing documentation entries ... OK
  • checking for code/documentation mismatches ... OK
  • checking Rd \usage sections ... OK
  • checking Rd contents ... OK
  • checking for unstated dependencies in examples ... OK
  • checking examples ... [1s/5s] ERROR Running examples in ‘imfapi-Ex.R’ failed The error most likely occurred in: > ### Name: imf_get > ### Title: Retrieve data from an IMF dataset > ### Aliases: imf_get > > ### ** Examples > > if (curl::has_internet()) { + imf_get( + dataflow_id = "FM", # Fiscal Monitor + dimensions = list(COUNTRY = c("USA", "CAN")) + ) + } Error in `httr2::req_perform()`: ! Failed to perform HTTP request. Caused by error in `curl::curl_fetch_memory()`: ! SSL peer certificate or SSH remote key was not OK [api.imf.org]: SSL certificate problem: unable to get local issuer certificate Backtrace:     ▆  1. └─imfapi::imf_get(...)  2. └─imfapi:::get_datastructure_components(...)  3. └─imfapi:::get_dataflows_components(...)  4. └─imfapi:::perform_request(...)  5. └─httr2::req_perform(request)  6. └─httr2:::handle_resp(req, resp, error_call = error_call)  7. └─rlang::cnd_signal(resp) Execution halted
  • checking for unstated dependencies in ‘tests’ ... OK
  • checking tests ... [4s/9s] OK   Running ‘testthat.R’ [4s/9s]
  • checking PDF version of manual ... [6s/11s] OK
  • DONE Status: 1 ERROR
  • using check arguments '--no-clean-on-error '