- using R version 4.2.0 (2022-04-22)
- using platform: x86_64-apple-darwin17.0 (64-bit)
- using session charset: UTF-8
- checking for file ‘hspm/DESCRIPTION’ ... OK
- checking extension type ... Package
- this is package ‘hspm’ version ‘1.1’
- package encoding: UTF-8
- checking package namespace information ... OK
- checking package dependencies ... OK
- checking if this is a source package ... OK
- checking if there is a namespace ... OK
- checking for executable files ... OK
- checking for hidden files and directories ... OK
- checking for portable file names ... OK
- checking for sufficient/correct file permissions ... OK
- checking whether package ‘hspm’ can be installed ... [10s/10s] OK
See the install log for details.
- checking installed package size ... OK
- checking package directory ... OK
- checking DESCRIPTION meta-information ... OK
- checking top-level files ... OK
- checking for left-over files ... OK
- checking index information ... OK
- checking package subdirectories ... OK
- checking R files for non-ASCII characters ... OK
- checking R files for syntax errors ... OK
- checking whether the package can be loaded ... OK
- checking whether the package can be loaded with stated dependencies ... OK
- checking whether the package can be unloaded cleanly ... OK
- checking whether the namespace can be loaded with stated dependencies ... OK
- checking whether the namespace can be unloaded cleanly ... OK
- checking loading without being on the library search path ... OK
- checking dependencies in R code ... OK
- checking S3 generic/method consistency ... OK
- checking replacement functions ... OK
- checking foreign function calls ... OK
- checking R code for possible problems ... [10s/10s] OK
- checking Rd files ... [0s/0s] OK
- checking Rd metadata ... OK
- checking Rd cross-references ... OK
- checking for missing documentation entries ... OK
- checking for code/documentation mismatches ... OK
- checking Rd \usage sections ... OK
- checking Rd contents ... OK
- checking for unstated dependencies in examples ... OK
- checking contents of ‘data’ directory ... OK
- checking data for non-ASCII characters ... OK
- checking LazyData ... OK
- checking data for ASCII and uncompressed saves ... OK
- checking examples ... [6s/6s] OK
- checking PDF version of manual ... WARNING
LaTeX errors when creating PDF version.
This typically indicates Rd problems.
LaTeX errors found:
! LaTeX Error: Environment bmatrix undefined.
See the LaTeX manual or LaTeX Companion for explanation.
Type H <return> for immediate help.
...
! Misplaced alignment tab character &.
<argument> y = \begin {bmatrix} X_1&
0 \\ 0 & X_2 \\ \end {bmatrix} \begin ...
l.139 }{}
! Misplaced alignment tab character &.
<argument> y = \begin {bmatrix} X_1& 0 \\ 0 &
X_2 \\ \end {bmatrix} \begin ...
l.139 }{}
! LaTeX Error: \begin{list} on input line 114 ended by \end{bmatrix}.
See the LaTeX manual or LaTeX Companion for explanation.
Type H <return> for immediate help.
...
! LaTeX Error: Environment bmatrix undefined.
See the LaTeX manual or LaTeX Companion for explanation.
Type H <return> for immediate help.
...
! LaTeX Error: \begin{list} on input line 114 ended by \end{bmatrix}.
See the LaTeX manual or LaTeX Companion for explanation.
Type H <return> for immediate help.
...
! LaTeX Error: Environment bmatrix undefined.
See the LaTeX manual or LaTeX Companion for explanation.
Type H <return> for immediate help.
...
! Misplaced alignment tab character &.
<argument> ...ix} + X\beta + \begin {bmatrix} Y_1&
0 \\ 0 & Y_2 \\ \end {bma...
l.139 }{}
! Misplaced alignment tab character &.
<argument> ...eta + \begin {bmatrix} Y_1& 0 \\ 0 &
Y_2 \\ \end {bmatrix} \be...
l.139 }{}
! LaTeX Error: \begin{list} on input line 114 ended by \end{bmatrix}.
See the LaTeX manual or LaTeX Companion for explanation.
Type H <return> for immediate help.
...
! LaTeX Error: Environment bmatrix undefined.
See the LaTeX manual or LaTeX Companion for explanation.
Type H <return> for immediate help.
...
! LaTeX Error: \begin{list} on input line 114 ended by \end{bmatrix}.
See the LaTeX manual or LaTeX Companion for explanation.
Type H <return> for immediate help.
...
! LaTeX Error: Environment bmatrix undefined.
See the LaTeX manual or LaTeX Companion for explanation.
Type H <return> for immediate help.
...
! Misplaced alignment tab character &.
<argument> y = \begin {bmatrix} X_1&
0 \\ 0 & X_2 \\ \end {bmatrix} \begin ...
l.350 }{}
! Misplaced alignment tab character &.
<argument> y = \begin {bmatrix} X_1& 0 \\ 0 &
X_2 \\ \end {bmatrix} \begin ...
l.350 }{}
! LaTeX Error: \begin{list} on input line 332 ended by \end{bmatrix}.
See the LaTeX manual or LaTeX Companion for explanation.
Type H <return> for immediate help.
...
! LaTeX Error: Environment bmatrix undefined.
See the LaTeX manual or LaTeX Companion for explanation.
Type H <return> for immediate help.
...
! LaTeX Error: \begin{list} on input line 332 ended by \end{bmatrix}.
See the LaTeX manual or LaTeX Companion for explanation.
Type H <return> for immediate help.
...
! LaTeX Error: Environment aligned undefined.
See the LaTeX manual or LaTeX Companion for explanation.
Type H <return> for immediate help.
...
! Misplaced alignment tab character &.
<argument> \begin {aligned} y = &
W\begin {bmatrix} y_1& 0 \\ 0 & y_2 \\ \e...
l.560 }{}
! LaTeX Error: Environment bmatrix undefined.
See the LaTeX manual or LaTeX Companion for explanation.
Type H <return> for immediate help.
...
! Misplaced alignment tab character &.
<argument> ...ligned} y = & W\begin {bmatrix} y_1&
0 \\ 0 & y_2 \\ \end {bma...
l.560 }{}
! Misplaced alignment tab character &.
<argument> ... = & W\begin {bmatrix} y_1& 0 \\ 0 &
y_2 \\ \end {bmatrix} \be...
l.560 }{}
! LaTeX Error: \begin{list} on input line 499 ended by \end{bmatrix}.
See the LaTeX manual or LaTeX Companion for explanation.
Type H <return> for immediate help.
...
! LaTeX Error: Environment bmatrix undefined.
See the LaTeX manual or LaTeX Companion for explanation.
Type H <return> for immediate help.
...
! LaTeX Error: \begin{list} on input line 499 ended by \end{bmatrix}.
See the LaTeX manual or LaTeX Companion for explanation.
Type H <return> for immediate help.
...
! LaTeX Error: Environment bmatrix undefined.
See the LaTeX manual or LaTeX Companion for explanation.
Type H <return> for immediate help.
...
! Misplaced alignment tab character &.
<argument> ...nd {bmatrix} + \begin {bmatrix} X_1&
0 \\ 0 & X_2 \\ \end {bma...
l.560 }{}
! Misplaced alignment tab character &.
<argument> ...ix} + \begin {bmatrix} X_1& 0 \\ 0 &
X_2 \\ \end {bmatrix} \be...
l.560 }{}
! LaTeX Error: \begin{list} on input line 499 ended by \end{bmatrix}.
See the LaTeX manual or LaTeX Companion for explanation.
Type H <return> for immediate help.
...
! LaTeX Error: Environment bmatrix undefined.
See the LaTeX manual or LaTeX Companion for explanation.
Type H <return> for immediate help.
...
! LaTeX Error: \begin{list} on input line 499 ended by \end{bmatrix}.
See the LaTeX manual or LaTeX Companion for explanation.
Type H <return> for immediate help.
...
! LaTeX Error: Environment bmatrix undefined.
See the LaTeX manual or LaTeX Companion for explanation.
Type H <return> for immediate help.
...
! Misplaced alignment tab character &.
<argument> ...ix} + X\beta + \begin {bmatrix} Y_1&
0 \\ 0 & Y_2 \\ \end {bma...
l.560 }{}
! Misplaced alignment tab character &.
<argument> ...eta + \begin {bmatrix} Y_1& 0 \\ 0 &
Y_2 \\ \end {bmatrix} \be...
l.560 }{}
! LaTeX Error: \begin{list} on input line 499 ended by \end{bmatrix}.
See the LaTeX manual or LaTeX Companion for explanation.
Type H <return> for immediate help.
...
! LaTeX Error: Environment bmatrix undefined.
See the LaTeX manual or LaTeX Companion for explanation.
Type H <return> for immediate help.
...
! LaTeX Error: \begin{list} on input line 499 ended by \end{bmatrix}.
See the LaTeX manual or LaTeX Companion for explanation.
Type H <return> for immediate help.
...
! Misplaced alignment tab character &.
<recently read> &
l.560 }{}
! LaTeX Error: Environment bmatrix undefined.
See the LaTeX manual or LaTeX Companion for explanation.
Type H <return> for immediate help.
...
! Misplaced alignment tab character &.
<argument> ...+ Y\pi + \\ & W\begin {bmatrix} X_1&
0 \\ 0 & X_2 \\ \end {bma...
l.560 }{}
! Misplaced alignment tab character &.
<argument> ...\\ & W\begin {bmatrix} X_1& 0 \\ 0 &
X_2 \\ \end {bmatrix} \be...
l.560 }{}
! LaTeX Error: \begin{list} on input line 499 ended by \end{bmatrix}.
See the LaTeX manual or LaTeX Companion for explanation.
Type H <return> for immediate help.
...
! LaTeX Error: Environment bmatrix undefined.
See the LaTeX manual or LaTeX Companion for explanation.
Type H <return> for immediate help.
...
! LaTeX Error: \begin{list} on input line 499 ended by \end{bmatrix}.
See the LaTeX manual or LaTeX Companion for explanation.
Type H <return> for immediate help.
...
! LaTeX Error: Environment bmatrix undefined.
See the LaTeX manual or LaTeX Companion for explanation.
Type H <return> for immediate help.
...
! Misplaced alignment tab character &.
<argument> ...+ WX\delta + W \begin {bmatrix} Y_1&
0 \\ 0 & Y_2 \\ \end {bma...
l.560 }{}
! Misplaced alignment tab character &.
<argument> ...a + W \begin {bmatrix} Y_1& 0 \\ 0 &
Y_2 \\ \end {bmatrix} \be...
l.560 }{}
! LaTeX Error: \begin{list} on input line 499 ended by \end{bmatrix}.
See the LaTeX manual or LaTeX Companion for explanation.
Type H <return> for immediate help.
...
! LaTeX Error: Environment bmatrix undefined.
See the LaTeX manual or LaTeX Companion for explanation.
Type H <return> for immediate help.
...
! LaTeX Error: \begin{list} on input line 499 ended by \end{bmatrix}.
See the LaTeX manual or LaTeX Companion for explanation.
Type H <return> for immediate help.
...
! LaTeX Error: Environment bmatrix undefined.
See the LaTeX manual or LaTeX Companion for explanation.
Type H <return> for immediate help.
...
! LaTeX Error: \begin{list} on input line 499 ended by \end{bmatrix}.
See the LaTeX manual or LaTeX Companion for explanation.
Type H <return> for immediate help.
...
! LaTeX Error: \begin{list} on input line 499 ended by \end{aligned}.
See the LaTeX manual or LaTeX Companion for explanation.
Type H <return> for immediate help.
...
! LaTeX Error: Environment bmatrix undefined.
See the LaTeX manual or LaTeX Companion for explanation.
Type H <return> for immediate help.
...
! LaTeX Error: \begin{list} on input line 499 ended by \end{bmatrix}.
See the LaTeX manual or LaTeX Companion for explanation.
Type H <return> for immediate help.
...
! LaTeX Error: Environment bmatrix undefined.
See the LaTeX manual or LaTeX Companion for explanation.
Type H <return> for immediate help.
...
! Misplaced alignment tab character &.
<argument> ... =W \begin {bmatrix} \varepsilon _1&
0 \\ 0&\varepsilon _2 \\ \...
l.576 }{}
! Misplaced alignment tab character &.
<argument> ...gin {bmatrix} \varepsilon _1&0 \\ 0&
\varepsilon _2 \\ \end {bm...
l.576 }{}
! LaTeX Error: \begin{list} on input line 499 ended by \end{bmatrix}.
See the LaTeX manual or LaTeX Companion for explanation.
Type H <return> for immediate help.
...
! LaTeX Error: Environment bmatrix undefined.
See the LaTeX manual or LaTeX Companion for explanation.
Type H <return> for immediate help.
...
! LaTeX Error: \begin{list} on input line 499 ended by \end{bmatrix}.
See the LaTeX manual or LaTeX Companion for explanation.
Type H <return> for immediate help.
...
- checking PDF version of manual without index ... ERROR
- DONE
Status: 1 ERROR, 1 WARNING
- using check arguments '--no-clean-on-error '