* using log directory ‘/Volumes/Builds/packages/big-sur-x86_64/results/4.4/fwb.Rcheck’ * using R version 4.4.1 (2024-06-14) * using platform: x86_64-apple-darwin20 * R was compiled by Apple clang version 14.0.0 (clang-1400.0.29.202) GNU Fortran (GCC) 12.2.0 * running under: macOS Ventura 13.3.1 * using session charset: UTF-8 * checking for file ‘fwb/DESCRIPTION’ ... OK * checking extension type ... Package * this is package ‘fwb’ version ‘0.5.0’ * package encoding: UTF-8 * checking package namespace information ... OK * checking package dependencies ... OK * checking if this is a source package ... OK * checking if there is a namespace ... OK * checking for executable files ... OK * checking for hidden files and directories ... OK * checking for portable file names ... OK * checking for sufficient/correct file permissions ... OK * checking whether package ‘fwb’ can be installed ... [3s/5s] WARNING Found the following significant warnings: Note: possible error in 'findInterval(null, ti, ': unused arguments (checkSorted = FALSE, checkNA = FALSE) See 'https://www.r-project.org/nosvn/R.check/r-oldrel-macos-x86_64/fwb-00install.html' for details. Information on the location(s) of code generating the ‘Note’s can be obtained by re-running with environment variable R_KEEP_PKG_SOURCE set to ‘yes’. * checking installed package size ... OK * checking package directory ... OK * checking ‘build’ directory ... OK * checking DESCRIPTION meta-information ... OK * checking top-level files ... OK * checking for left-over files ... OK * checking index information ... OK * checking package subdirectories ... OK * checking code files for non-ASCII characters ... OK * checking R files for syntax errors ... OK * checking whether the package can be loaded ... [0s/0s] OK * checking whether the package can be loaded with stated dependencies ... [0s/0s] OK * checking whether the package can be unloaded cleanly ... [0s/0s] OK * checking whether the namespace can be loaded with stated dependencies ... [0s/0s] OK * checking whether the namespace can be unloaded cleanly ... [0s/0s] OK * checking loading without being on the library search path ... [0s/0s] OK * checking dependencies in R code ... OK * checking S3 generic/method consistency ... OK * checking replacement functions ... OK * checking foreign function calls ... OK * checking R code for possible problems ... [4s/6s] NOTE norm_inter_invert: possible error in findInterval(null, ti, checkSorted = FALSE, checkNA = FALSE): unused arguments (checkSorted = FALSE, checkNA = FALSE) * checking Rd files ... [0s/1s] OK * checking Rd metadata ... OK * checking Rd cross-references ... OK * checking for missing documentation entries ... OK * checking for code/documentation mismatches ... OK * checking Rd \usage sections ... OK * checking Rd contents ... OK * checking for unstated dependencies in examples ... OK * checking contents of ‘data’ directory ... OK * checking data for non-ASCII characters ... [0s/0s] OK * checking LazyData ... OK * checking data for ASCII and uncompressed saves ... OK * checking installed files from ‘inst/doc’ ... OK * checking files in ‘vignettes’ ... OK * checking examples ... [12s/24s] OK * checking for unstated dependencies in ‘tests’ ... OK * checking tests ... [28s/38s] ERROR Running ‘testthat.R’ [28s/38s] Running the tests in ‘tests/testthat.R’ failed. Complete output: > # This file is part of the standard setup for testthat. > # It is recommended that you do not modify it. > # > # Where should you do additional test configuration? > # Learn more about the roles of various files in: > # * https://r-pkgs.org/testing-design.html#sec-tests-files-overview > # * https://testthat.r-lib.org/articles/special-files.html > > library(testthat) > library(fwb) > > test_check("fwb") [ FAIL 1 | WARN 0 | SKIP 2 | PASS 117 ] ══ Skipped tests (2) ═══════════════════════════════════════════════════════════ • On CRAN (2): 'test-fwb.R:77:3', 'test-fwb.R:139:3' ══ Failed tests ════════════════════════════════════════════════════════════════ ── Error ('test-p-values.R:24:3'): p-values correctly invert CIs ─────────────── Error in `findInterval(null, ti, checkSorted = FALSE, checkNA = FALSE)`: unused arguments (checkSorted = FALSE, checkNA = FALSE) Backtrace: ▆ 1. └─fwb:::check_p_value_okay(...) at test-p-values.R:24:3 2. ├─base::suppressWarnings(...) at tests/testthat/helpers.R:101:5 3. │ └─base::withCallingHandlers(...) 4. ├─base::summary(...) at tests/testthat/helpers.R:102:7 5. └─fwb:::summary.fwb(...) 6. └─fwb:::invert_ci(...) 7. └─base::apply(...) 8. └─fwb (local) FUN(newX[, i], ...) [ FAIL 1 | WARN 0 | SKIP 2 | PASS 117 ] Error: Test failures Execution halted * checking for unstated dependencies in vignettes ... OK * checking package vignettes ... OK * checking re-building of vignette outputs ... [11s/13s] OK * checking PDF version of manual ... [6s/8s] OK * DONE Status: 1 ERROR, 1 WARNING, 1 NOTE * using check arguments '--no-clean-on-error ' * elapsed time (check, wall clock): 1:59