- using R version 3.6.2 (2019-12-12)
- using platform: x86_64-apple-darwin15.6.0 (64-bit)
- using session charset: UTF-8
- checking for file ‘faux/DESCRIPTION’ ... OK
- this is package ‘faux’ version ‘0.0.1.6’
- package encoding: UTF-8
- checking package namespace information ... OK
- checking package dependencies ... OK
- checking if this is a source package ... OK
- checking if there is a namespace ... OK
- checking for executable files ... OK
- checking for hidden files and directories ... OK
- checking for portable file names ... OK
- checking for sufficient/correct file permissions ... OK
- checking whether package ‘faux’ can be installed ... [10s/10s] OK
- checking installed package size ... OK
- checking package directory ... OK
- checking ‘build’ directory ... OK
- checking DESCRIPTION meta-information ... OK
- checking top-level files ... OK
- checking for left-over files ... OK
- checking index information ... OK
- checking package subdirectories ... OK
- checking R files for non-ASCII characters ... OK
- checking R files for syntax errors ... OK
- checking whether the package can be loaded ... OK
- checking whether the package can be loaded with stated dependencies ... OK
- checking whether the package can be unloaded cleanly ... OK
- checking whether the namespace can be loaded with stated dependencies ... OK
- checking whether the namespace can be unloaded cleanly ... OK
- checking loading without being on the library search path ... OK
- checking dependencies in R code ... OK
- checking S3 generic/method consistency ... OK
- checking replacement functions ... OK
- checking foreign function calls ... OK
- checking R code for possible problems ... [7s/7s] OK
- checking Rd files ... OK
- checking Rd metadata ... OK
- checking Rd cross-references ... OK
- checking for missing documentation entries ... OK
- checking for code/documentation mismatches ... OK
- checking Rd \usage sections ... OK
- checking Rd contents ... OK
- checking for unstated dependencies in examples ... OK
- checking contents of ‘data’ directory ... OK
- checking data for non-ASCII characters ... OK
- checking data for ASCII and uncompressed saves ... OK
- checking installed files from ‘inst/doc’ ... OK
- checking files in ‘vignettes’ ... OK
- checking examples ... [11s/11s] OK
- checking for unstated dependencies in ‘tests’ ... OK
- checking tests ... [17s/17s] ERROR
Running ‘testthat.R’ [17s/17s]
Running the tests in ‘tests/testthat.R’ failed.
Last 13 lines of output:
`chk` not equivalent to `comp`.
Component "var": target is character, current is factor
── Failure (test-sim_design.R:240:3): 2w*2b alt ────────────────────────────────
`chk` not equivalent to `comp`.
Component "var": target is character, current is factor
── Failure (test-sim_design.R:278:3): 2w*2b within order ───────────────────────
`chk` not equivalent to `comp`.
Component "var": target is character, current is factor
── Failure (test-sim_design.R:325:3): 2w*2b order ──────────────────────────────
`chk` not equivalent to `comp`.
Component "var": target is character, current is factor
[ FAIL 6 | WARN 0 | SKIP 2 | PASS 1016 ]
Error: Test failures
Execution halted
- checking for unstated dependencies in vignettes ... OK
- checking package vignettes in ‘inst/doc’ ... OK
- checking running R code from vignettes ... [3s/3s] NONE
‘codebook.Rmd’using ‘UTF-8’... [0s/0s] OK
‘continuous.Rmd’using ‘UTF-8’... [0s/0s] OK
‘plots.Rmd’using ‘UTF-8’... [0s/0s] OK
‘rnorm_multi.Rmd’using ‘UTF-8’... [0s/0s] OK
‘sim_design.Rmd’using ‘UTF-8’... [0s/0s] OK
‘sim_df.Rmd’using ‘UTF-8’... [0s/0s] OK
‘sim_mixed.Rmd’using ‘UTF-8’... [0s/0s] OK
- checking re-building of vignette outputs ... [56s/57s] OK
- checking PDF version of manual ... OK
- DONE
Status: 1 ERROR