• using R version 3.6.2 (2019-12-12)
  • using platform: x86_64-apple-darwin15.6.0 (64-bit)
  • using session charset: UTF-8
  • checking for file ‘eiCompare/DESCRIPTION’ ... OK
  • checking extension type ... Package
  • this is package ‘eiCompare’ version ‘3.0.0’
  • package encoding: UTF-8
  • checking package namespace information ... OK
  • checking package dependencies ... OK
  • checking if this is a source package ... OK
  • checking if there is a namespace ... OK
  • checking for executable files ... OK
  • checking for hidden files and directories ... OK
  • checking for portable file names ... OK
  • checking for sufficient/correct file permissions ... OK
  • checking whether package ‘eiCompare’ can be installed ... [17s/17s] OK
  • checking installed package size ... OK
  • checking package directory ... OK
  • checking ‘build’ directory ... OK
  • checking DESCRIPTION meta-information ... OK
  • checking top-level files ... OK
  • checking for left-over files ... OK
  • checking index information ... OK
  • checking package subdirectories ... OK
  • checking R files for non-ASCII characters ... OK
  • checking R files for syntax errors ... OK
  • checking whether the package can be loaded ... OK
  • checking whether the package can be loaded with stated dependencies ... OK
  • checking whether the package can be unloaded cleanly ... OK
  • checking whether the namespace can be loaded with stated dependencies ... OK
  • checking whether the namespace can be unloaded cleanly ... OK
  • checking loading without being on the library search path ... OK
  • checking dependencies in R code ... OK
  • checking S3 generic/method consistency ... OK
  • checking replacement functions ... OK
  • checking foreign function calls ... OK
  • checking R code for possible problems ... [15s/15s] NOTE
    ei_est_gen: no visible global function definition for ‘plot’
    ei_iter: no visible global function definition for ‘plot’
    ei_rxc: no visible global function definition for ‘plot’
    lambda_two_compare: no visible global function definition for ‘plot’
    Undefined global functions or variables:
      plot
    Consider adding
      importFrom("graphics", "plot")
    to your NAMESPACE file.
  • checking Rd files ... OK
  • checking Rd metadata ... OK
  • checking Rd cross-references ... OK
  • checking for missing documentation entries ... OK
  • checking for code/documentation mismatches ... OK
  • checking Rd \usage sections ... OK
  • checking Rd contents ... OK
  • checking for unstated dependencies in examples ... OK
  • checking contents of ‘data’ directory ... OK
  • checking data for non-ASCII characters ... OK
  • checking data for ASCII and uncompressed saves ... OK
  • checking installed files from ‘inst/doc’ ... OK
  • checking files in ‘vignettes’ ... OK
  • checking examples ... [5s/5s] OK
  • checking for unstated dependencies in ‘tests’ ... OK
  • checking tests ... [7s/7s] ERROR
      Running ‘testthat.R’ [6s/6s]
    Running the tests in ‘tests/testthat.R’ failed.
    Last 13 lines of output:
      Component "Pct_NonWhite": Attributes: < target is NULL, current is list >
      Component "Pct_NonWhite": target is character, current is factor
      ── Failure (test_surname_utils.R:57:3): Surname utility functions work correctly. ──
      `stripped_special_characters` not equal to `expected_stripped_voter_file`.
      Component "surname": Modes: character, numeric
      Component "surname": Attributes: < target is NULL, current is list >
      Component "surname": target is character, current is factor
      ── Failure (test_surname_utils.R:75:3): Surname utility functions work correctly. ──
      `multi_barreled_surnames` not equal to `expected_multi_surnames`.
      Component "surname": Attributes: < Component "levels": Lengths (7, 4) differ (string compare on first 4) >
      Component "surname": Attributes: < Component "levels": 2 string mismatches >
      
      [ FAIL 4 | WARN 8 | SKIP 0 | PASS 77 ]
      Error: Test failures
      Execution halted
  • checking for unstated dependencies in vignettes ... OK
  • checking package vignettes in ‘inst/doc’ ... OK
  • checking running R code from vignettes ... [2s/2s] NONE
      ‘bisg.Rmd’using ‘UTF-8’... [0s/0s] OK
      ‘ei.Rmd’using ‘UTF-8’... [0s/0s] OK
      ‘geocoding.Rmd’using ‘UTF-8’... [0s/0s] OK
      ‘parallel_processing.Rmd’using ‘UTF-8’... [0s/0s] OK
      ‘performance_analysis.Rmd’using ‘UTF-8’... [0s/0s] OK
  • checking re-building of vignette outputs ... [193s/194s] OK
  • checking PDF version of manual ... OK
  • DONE
    Status: 1 ERROR, 1 NOTE