- using R version 4.1.2 (2021-11-01)
- using platform: x86_64-apple-darwin17.0 (64-bit)
- using session charset: UTF-8
- checking for file ‘econet/DESCRIPTION’ ... OK
- checking extension type ... Package
- this is package ‘econet’ version ‘1.0.0’
- package encoding: UTF-8
- checking package namespace information ... OK
- checking package dependencies ... OK
- checking if this is a source package ... OK
- checking if there is a namespace ... OK
- checking for executable files ... OK
- checking for hidden files and directories ... OK
- checking for portable file names ... OK
- checking for sufficient/correct file permissions ... OK
- checking whether package ‘econet’ can be installed ... [12s/13s] OK
- checking installed package size ... OK
- checking package directory ... OK
- checking ‘build’ directory ... OK
- checking DESCRIPTION meta-information ... OK
- checking top-level files ... OK
- checking for left-over files ... OK
- checking index information ... OK
- checking package subdirectories ... OK
- checking R files for non-ASCII characters ... OK
- checking R files for syntax errors ... OK
- checking whether the package can be loaded ... OK
- checking whether the package can be loaded with stated dependencies ... OK
- checking whether the package can be unloaded cleanly ... OK
- checking whether the namespace can be loaded with stated dependencies ... OK
- checking whether the namespace can be unloaded cleanly ... OK
- checking loading without being on the library search path ... OK
- checking dependencies in R code ... OK
- checking S3 generic/method consistency ... OK
- checking replacement functions ... OK
- checking foreign function calls ... OK
- checking R code for possible problems ... [10s/10s] OK
- checking Rd files ... [0s/0s] OK
- checking Rd metadata ... OK
- checking Rd cross-references ... OK
- checking for missing documentation entries ... OK
- checking for code/documentation mismatches ... OK
- checking Rd \usage sections ... OK
- checking Rd contents ... OK
- checking for unstated dependencies in examples ... OK
- checking contents of ‘data’ directory ... OK
- checking data for non-ASCII characters ... OK
- checking LazyData ... OK
- checking data for ASCII and uncompressed saves ... OK
- checking R/sysdata.rda ... OK
- checking sizes of PDF files under ‘inst/doc’ ... OK
- checking installed files from ‘inst/doc’ ... OK
- checking files in ‘vignettes’ ... OK
- checking examples ... [3s/3s] OK
- checking for unstated dependencies in vignettes ... OK
- checking package vignettes in ‘inst/doc’ ... OK
- checking running R code from vignettes ... [0s/0s] NONE
‘econet.tex’ using ‘UTF-8’... [0s/0s] OK
- checking re-building of vignette outputs ... [2s/2s] WARNING
Error(s) in re-building vignettes:
...
--- re-building ‘econet.tex’ using tex
Error: processing vignette 'econet.tex' failed with diagnostics:
Running 'texi2dvi' on 'econet.tex' failed.
LaTeX errors:
! LaTeX Error: File `orcidlink.sty' not found.
Type X to quit or <RETURN> to proceed,
or enter new name. (Default extension: sty)
! Emergency stop.
<read *>
l.5 \graphicspath
{{Figures/}}^^M
! ==> Fatal error occurred, no output PDF file produced!
--- failed re-building ‘econet.tex’
SUMMARY: processing the following file failed:
‘econet.tex’
Error: Vignette re-building failed.
Execution halted
- checking PDF version of manual ... OK
- DONE
Status: 1 WARNING
- using check arguments '--no-clean-on-error '