- using R version 4.4.1 (2024-06-14)
- using platform: x86_64-apple-darwin20
- R was compiled by
Apple clang version 14.0.0 (clang-1400.0.29.202)
GNU Fortran (GCC) 12.2.0
- running under: macOS Ventura 13.3.1
- using session charset: UTF-8
- checking for file ‘dispersionIndicators/DESCRIPTION’ ... OK
- this is package ‘dispersionIndicators’ version ‘0.1.1’
- package encoding: UTF-8
- checking package namespace information ... OK
- checking package dependencies ... OK
- checking if this is a source package ... OK
- checking if there is a namespace ... OK
- checking for executable files ... OK
- checking for hidden files and directories ... OK
- checking for portable file names ... OK
- checking for sufficient/correct file permissions ... OK
- checking whether package ‘dispersionIndicators’ can be installed ... [4s/5s] OK
See the install log for details.
- checking installed package size ... OK
- checking package directory ... OK
- checking DESCRIPTION meta-information ... OK
- checking top-level files ... OK
- checking for left-over files ... OK
- checking index information ... OK
- checking package subdirectories ... OK
- checking code files for non-ASCII characters ... OK
- checking R files for syntax errors ... OK
- checking whether the package can be loaded ... [1s/1s] OK
- checking whether the package can be loaded with stated dependencies ... [1s/2s] OK
- checking whether the package can be unloaded cleanly ... [1s/1s] OK
- checking whether the namespace can be loaded with stated dependencies ... [1s/1s] OK
- checking whether the namespace can be unloaded cleanly ... [1s/1s] OK
- checking loading without being on the library search path ... [1s/1s] OK
- checking dependencies in R code ... OK
- checking S3 generic/method consistency ... OK
- checking replacement functions ... OK
- checking foreign function calls ... OK
- checking R code for possible problems ... [3s/4s] OK
- checking Rd files ... [0s/1s] OK
- checking Rd metadata ... OK
- checking Rd cross-references ... OK
- checking for missing documentation entries ... OK
- checking for code/documentation mismatches ... OK
- checking Rd \usage sections ... OK
- checking Rd contents ... OK
- checking for unstated dependencies in examples ... OK
- checking examples ... [2s/2s] OK
- checking for unstated dependencies in ‘tests’ ... OK
- checking tests ... [4s/6s] ERROR
Running ‘testthat.R’ [4s/6s]
Running the tests in ‘tests/testthat.R’ failed.
Complete output:
> # This file is part of the standard setup for testthat.
> # It is recommended that you do not modify it.
> #
> # Where should you do additional test configuration?
> # Learn more about the roles of various files in:
> # * https://r-pkgs.org/testing-design.html#sec-tests-files-overview
> # * https://testthat.r-lib.org/articles/special-files.html
>
> library(testthat)
> library(dispersionIndicators)
>
> test_check("dispersionIndicators")
Using poppler version 25.09.1
File intra saved : /Volumes/Temp/tmp/RtmpPfJzew/Test_intra_distances_20251017.csv
File inter saved : /Volumes/Temp/tmp/RtmpPfJzew/Test_inter_distances_20251017.csv
File individual saved : /Volumes/Temp/tmp/RtmpPfJzew/Test_individual_distances_20251017.csv
File inter saved : /Volumes/Temp/tmp/RtmpPfJzew/Test_inter_distances_20251017.csv
File individual saved : /Volumes/Temp/tmp/RtmpPfJzew/Test_individual_distances_20251017.csv
File intra saved : /Volumes/Temp/tmp/RtmpPfJzew/Test_intra_distances_20251017.csv
[ FAIL 2 | WARN 0 | SKIP 0 | PASS 89 ]
══ Failed tests ════════════════════════════════════════════════════════════════
── Failure ('test-convex_function.R:494:9'): plot_all_convex_hulls works ───────
hash_raw_md5(bitmap_batch) (`actual`) not equal to "2a1d8576a0ea9af63d0fa996b2194542" (`expected`).
`actual`: "367e006cffcba3621a0e8ebfd4092769"
`expected`: "2a1d8576a0ea9af63d0fa996b2194542"
── Failure ('test-convex_function.R:495:9'): plot_all_convex_hulls works ───────
hash_raw_md5(bitmap_global) (`actual`) not equal to "a51b98fb0ff70313f01658453907afa0" (`expected`).
`actual`: "ebe6f6efa1633fb4605b69d5d0033f8f"
`expected`: "a51b98fb0ff70313f01658453907afa0"
[ FAIL 2 | WARN 0 | SKIP 0 | PASS 89 ]
Error: Test failures
Execution halted
- checking PDF version of manual ... [6s/8s] OK
- DONE
Status: 1 ERROR
- using check arguments '--no-clean-on-error '