- using R version 3.6.2 (2019-12-12)
- using platform: x86_64-apple-darwin15.6.0 (64-bit)
- using session charset: UTF-8
- checking for file ‘asht/DESCRIPTION’ ... OK
- checking extension type ... Package
- this is package ‘asht’ version ‘0.9.6’
- checking package namespace information ... OK
- checking package dependencies ... OK
- checking if this is a source package ... OK
- checking if there is a namespace ... OK
- checking for executable files ... OK
- checking for hidden files and directories ... OK
- checking for portable file names ... OK
- checking for sufficient/correct file permissions ... OK
- checking whether package ‘asht’ can be installed ... [12s/12s] OK
- checking installed package size ... OK
- checking package directory ... OK
- checking DESCRIPTION meta-information ... OK
- checking top-level files ... OK
- checking for left-over files ... OK
- checking index information ... OK
- checking package subdirectories ... OK
- checking R files for non-ASCII characters ... OK
- checking R files for syntax errors ... OK
- checking whether the package can be loaded ... OK
- checking whether the package can be loaded with stated dependencies ... OK
- checking whether the package can be unloaded cleanly ... OK
- checking whether the namespace can be loaded with stated dependencies ... OK
- checking whether the namespace can be unloaded cleanly ... OK
- checking loading without being on the library search path ... OK
- checking dependencies in R code ... OK
- checking S3 generic/method consistency ... OK
- checking replacement functions ... OK
- checking foreign function calls ... OK
- checking R code for possible problems ... [12s/12s] NOTE
signTest: no visible global function definition for ‘deparse1’
Undefined global functions or variables:
deparse1
- checking Rd files ... OK
- checking Rd metadata ... OK
- checking Rd cross-references ... OK
- checking for missing documentation entries ... OK
- checking for code/documentation mismatches ... OK
- checking Rd \usage sections ... OK
- checking Rd contents ... OK
- checking for unstated dependencies in examples ... OK
- checking contents of ‘data’ directory ... OK
- checking data for non-ASCII characters ... OK
- checking data for ASCII and uncompressed saves ... OK
- checking examples ... ERROR
Running examples in ‘asht-Ex.R’ failed
The error most likely occurred in:
> ### Name: signTest
> ### Title: Exact Sign Test with Confidence Intervals
> ### Aliases: signTest
> ### Keywords: htest
>
> ### ** Examples
>
> x<-c(rep(-1,10),rep(0,60),rep(1,30))
> signTest(x, stat='cd')
Error in deparse1(substitute(x)) : could not find function "deparse1"
Calls: signTest
Execution halted
- checking PDF version of manual ... OK
- DONE
Status: 1 ERROR, 1 NOTE