- using R version 3.6.0 beta (2019-04-15 r76395)
- using platform: x86_64-apple-darwin15.6.0 (64-bit)
- using session charset: UTF-8
- checking for file ‘analogueExtra/DESCRIPTION’ ... OK
- checking extension type ... Package
- this is package ‘analogueExtra’ version ‘0.1-1’
- checking package namespace information ... OK
- checking package dependencies ... OK
- checking if this is a source package ... OK
- checking if there is a namespace ... OK
- checking for executable files ... OK
- checking for hidden files and directories ... OK
- checking for portable file names ... OK
- checking for sufficient/correct file permissions ... OK
- checking whether package ‘analogueExtra’ can be installed ... [10s/20s] WARNING
Found the following significant warnings:
Warning: 'rgl_init' failed, running with rgl.useNULL = TRUE
See https://www.r-project.org/nosvn/R.check/r-oldrel-macos-x86_64/analogueExtra-00install.html for details.
- checking installed package size ... OK
- checking package directory ... OK
- checking DESCRIPTION meta-information ... OK
- checking top-level files ... OK
- checking for left-over files ... OK
- checking index information ... OK
- checking package subdirectories ... OK
- checking R files for non-ASCII characters ... OK
- checking R files for syntax errors ... OK
- checking whether the package can be loaded ... OK
- checking whether the package can be loaded with stated dependencies ... OK
- checking whether the package can be unloaded cleanly ... OK
- checking whether the namespace can be loaded with stated dependencies ... OK
- checking whether the namespace can be unloaded cleanly ... OK
- checking loading without being on the library search path ... OK
- checking dependencies in R code ... OK
- checking S3 generic/method consistency ... OK
- checking replacement functions ... OK
- checking foreign function calls ... OK
- checking R code for possible problems ... [7s/14s] OK
- checking Rd files ... OK
- checking Rd metadata ... OK
- checking Rd cross-references ... OK
- checking for missing documentation entries ... OK
- checking for code/documentation mismatches ... OK
- checking Rd \usage sections ... OK
- checking Rd contents ... OK
- checking for unstated dependencies in examples ... OK
- checking examples ... [4s/7s] OK
- checking differences from ‘analogueExtra-Ex.Rout’ to ‘analogueExtra-Ex.Rout.save’ ... OK
2,6c2,3
< This is vegan 2.5-4
< Warning in rgl.init(initValue, onlyNULL) :
< RGL: unable to open X11 display
< Warning: 'rgl_init' failed, running with rgl.useNULL = TRUE
< analogue version 0.17-1
---
> This is vegan 2.3-5
> analogue version 0.17-0
124,125c121,122
< Iteration 3: d.sq: 5109.972
< Iteration 4: d.sq: 5135.655
---
> Iteration 3: d.sq: 5109.973
> Iteration 4: d.sq: 5135.654
- checking PDF version of manual ... OK
- DONE
Status: 1 WARNING