- using R version 4.2.0 (2022-04-22)
- using platform: x86_64-apple-darwin17.0 (64-bit)
- using session charset: UTF-8
- checking for file ‘Surrogate/DESCRIPTION’ ... OK
- checking extension type ... Package
- this is package ‘Surrogate’ version ‘3.2.1’
- package encoding: UTF-8
- checking package namespace information ... OK
- checking package dependencies ... OK
- checking if this is a source package ... OK
- checking if there is a namespace ... OK
- checking for executable files ... OK
- checking for hidden files and directories ... OK
- checking for portable file names ... OK
- checking for sufficient/correct file permissions ... OK
- checking whether package ‘Surrogate’ can be installed ... [108s/108s] OK
See the install log for details.
- checking installed package size ... OK
- checking package directory ... OK
- checking DESCRIPTION meta-information ... OK
- checking top-level files ... OK
- checking for left-over files ... OK
- checking index information ... OK
- checking package subdirectories ... OK
- checking R files for non-ASCII characters ... OK
- checking R files for syntax errors ... OK
- checking whether the package can be loaded ... OK
- checking whether the package can be loaded with stated dependencies ... OK
- checking whether the package can be unloaded cleanly ... OK
- checking whether the namespace can be loaded with stated dependencies ... OK
- checking whether the namespace can be unloaded cleanly ... OK
- checking loading without being on the library search path ... OK
- checking dependencies in R code ... OK
- checking S3 generic/method consistency ... OK
- checking replacement functions ... OK
- checking foreign function calls ... OK
- checking R code for possible problems ... [170s/177s] OK
- checking Rd files ... [9s/13s] OK
- checking Rd metadata ... OK
- checking Rd cross-references ... OK
- checking for missing documentation entries ... OK
- checking for code/documentation mismatches ... OK
- checking Rd \usage sections ... OK
- checking Rd contents ... OK
- checking for unstated dependencies in examples ... OK
- checking contents of ‘data’ directory ... OK
- checking data for non-ASCII characters ... OK
- checking data for ASCII and uncompressed saves ... OK
- checking examples ... [166s/167s] OK
- checking for unstated dependencies in ‘tests’ ... OK
- checking tests ... [16m/17m] OK
Running ‘testthat.R’ [16m/17m]
- checking PDF version of manual ... WARNING
LaTeX errors when creating PDF version.
This typically indicates Rd problems.
LaTeX errors found:
! Interruption.
\@elt ...rved@a \else \expandafter \ifx \csname #1
def@ult\endcsname \f@famil...
l.4836 \item[\code{T0T1}]
A scalar or vector that contains the correlation(s...
! Emergency stop.
\@elt ...rved@a \else \expandafter \ifx \csname #1
def@ult\endcsname \f@famil...
l.4836 \item[\code{T0T1}]
A scalar or vector that contains the correlation(s...
! ==> Fatal error occurred, no output PDF file produced!
- checking PDF version of manual without index ...* using check arguments '--no-clean-on-error '