- using R version 4.2.0 (2022-04-22)
- using platform: x86_64-apple-darwin17.0 (64-bit)
- using session charset: UTF-8
- checking for file ‘GFDmcv/DESCRIPTION’ ... OK
- checking extension type ... Package
- this is package ‘GFDmcv’ version ‘0.1.0’
- package encoding: UTF-8
- checking package namespace information ... OK
- checking package dependencies ... OK
- checking if this is a source package ... OK
- checking if there is a namespace ... OK
- checking for executable files ... OK
- checking for hidden files and directories ... OK
- checking for portable file names ... OK
- checking for sufficient/correct file permissions ... OK
- checking whether package ‘GFDmcv’ can be installed ... [19s/19s] OK
See the install log for details.
- checking installed package size ... OK
- checking package directory ... OK
- checking DESCRIPTION meta-information ... OK
- checking top-level files ... OK
- checking for left-over files ... OK
- checking index information ... OK
- checking package subdirectories ... OK
- checking R files for non-ASCII characters ... OK
- checking R files for syntax errors ... OK
- checking whether the package can be loaded ... OK
- checking whether the package can be loaded with stated dependencies ... OK
- checking whether the package can be unloaded cleanly ... OK
- checking whether the namespace can be loaded with stated dependencies ... OK
- checking whether the namespace can be unloaded cleanly ... OK
- checking loading without being on the library search path ... OK
- checking dependencies in R code ... OK
- checking S3 generic/method consistency ... OK
- checking replacement functions ... OK
- checking foreign function calls ... OK
- checking R code for possible problems ... [7s/7s] OK
- checking Rd files ... [0s/0s] OK
- checking Rd metadata ... OK
- checking Rd cross-references ... OK
- checking for missing documentation entries ... OK
- checking for code/documentation mismatches ... OK
- checking Rd \usage sections ... OK
- checking Rd contents ... OK
- checking for unstated dependencies in examples ... OK
- checking line endings in C/C++/Fortran sources/headers ... OK
- checking line endings in Makefiles ... OK
- checking compilation flags in Makevars ... OK
- checking for GNU extensions in Makefiles ... OK
- checking for portable use of $(BLAS_LIBS) and $(LAPACK_LIBS) ... OK
- checking use of PKG_*FLAGS in Makefiles ... OK
- checking compiled code ... OK
- checking examples ... [3s/3s] OK
- checking PDF version of manual ... WARNING
LaTeX errors when creating PDF version.
This typically indicates Rd problems.
LaTeX errors found:
! Undefined control sequence.
<argument> ...s ,C_k)^\top = \mathbf {0}\,\,\text
{and}\,\,\mathcal H_0: \ma...
l.238 ...H} (B_1,\ldots,B_k)^\top = \mathbf{0},}{}
! Undefined control sequence.
<argument> ...\mathbf {C} = \mathbf {0}\,\, \text
{or}\,\,\mathcal H_{0,\ell...
l.249 ...{B} = \mathbf{0}, \,\,\ell=1,\ldots,q,}{}
! Undefined control sequence.
<argument> h_{\ell }^{\top }\pmb
{C}
l.251 ...s \eqn{\mathbf{h_{\ell}^{\top}\pmb{C}}}{}
and
! Undefined control sequence.
<argument> h_{\ell }^{\top }\pmb
{B}
l.252 \eqn{\mathbf{h_{\ell}^{\top}\pmb{B}}}{}
, respectively, are calculated.
! Undefined control sequence.
<argument> h_{\ell }^{\top }\pmb
{C}
l.265 ...r \eqn{\mathbf{h_{\ell}^{\top}\pmb{C}}}{}
and
! Undefined control sequence.
<argument> h_{\ell }^{\top }\pmb
{B}
l.266 for \eqn{\mathbf{h_{\ell}^{\top}\pmb{B}}}{}
, the test statistics and c...
- checking PDF version of manual without index ... ERROR
- DONE
Status: 1 ERROR, 1 WARNING
- using check arguments '--no-clean-on-error '