• using R version 4.2.0 (2022-04-22)
  • using platform: aarch64-apple-darwin20 (64-bit)
  • using session charset: UTF-8
  • checking for file ‘satdad/DESCRIPTION’ ... OK
  • checking extension type ... Package
  • this is package ‘satdad’ version ‘1.1’
  • package encoding: UTF-8
  • checking package namespace information ... OK
  • checking package dependencies ... OK
  • checking if this is a source package ... OK
  • checking if there is a namespace ... OK
  • checking for executable files ... OK
  • checking for hidden files and directories ... OK
  • checking for portable file names ... OK
  • checking for sufficient/correct file permissions ... OK
  • checking whether package ‘satdad’ can be installed ... [11s/13s] OK See the install log for details.
  • checking installed package size ... NOTE   installed size is 7.3Mb   sub-directories of 1Mb or more:     doc 3.9Mb     libs 3.2Mb
  • checking package directory ... OK
  • checking ‘build’ directory ... OK
  • checking DESCRIPTION meta-information ... OK
  • checking top-level files ... OK
  • checking for left-over files ... OK
  • checking index information ... OK
  • checking package subdirectories ... OK
  • checking R files for non-ASCII characters ... OK
  • checking R files for syntax errors ... OK
  • checking whether the package can be loaded ... OK
  • checking whether the package can be loaded with stated dependencies ... OK
  • checking whether the package can be unloaded cleanly ... OK
  • checking whether the namespace can be loaded with stated dependencies ... OK
  • checking whether the namespace can be unloaded cleanly ... OK
  • checking loading without being on the library search path ... OK
  • checking dependencies in R code ... OK
  • checking S3 generic/method consistency ... OK
  • checking replacement functions ... OK
  • checking foreign function calls ... OK
  • checking R code for possible problems ... [2s/2s] OK
  • checking Rd files ... [0s/0s] OK
  • checking Rd metadata ... OK
  • checking Rd cross-references ... OK
  • checking for missing documentation entries ... OK
  • checking for code/documentation mismatches ... OK
  • checking Rd \usage sections ... OK
  • checking Rd contents ... OK
  • checking for unstated dependencies in examples ... OK
  • checking contents of ‘data’ directory ... OK
  • checking data for non-ASCII characters ... OK
  • checking LazyData ... OK
  • checking data for ASCII and uncompressed saves ... OK
  • checking line endings in C/C++/Fortran sources/headers ... OK
  • checking compiled code ... OK
  • checking installed files from ‘inst/doc’ ... OK
  • checking files in ‘vignettes’ ... OK
  • checking examples ... [5s/5s] OK
  • checking for unstated dependencies in vignettes ... OK
  • checking package vignettes in ‘inst/doc’ ... OK
  • checking running R code from vignettes ... [0s/0s] NONE   ‘satdad.Rmd’ using ‘UTF-8’... [0s/0s] OK
  • checking re-building of vignette outputs ... [10s/12s] OK
  • checking PDF version of manual ... WARNING LaTeX errors when creating PDF version. This typically indicates Rd problems. LaTeX errors found: ! Undefined control sequence. <recently read> \dfrac                         l.192 ...omputed by \eqn{\dfrac{|I|-ec}{|I|-1}}{}                                                   . ! Undefined control sequence. <argument> 1 - \dfrac                       {\hat {\ell }_{k,n}(1_I,0_{I^c})}{|I|} l.280 ...ac{\hat{\ell}_{k,n}(1_I,0_{I^c})}{|I|}}{}                                                   . ! Undefined control sequence. <argument> S_I(\ell )=\dfrac                              {D_I(\ell )}{D(\ell )} l.1278 ...{S_I(\ell)=\dfrac{D_I(\ell)}{D(\ell)}}{}                                                   . ! Undefined control sequence. <argument> S_I(\ell )=\dfrac                              {D_I(\ell )}{D(\ell )} l.1364 ...{S_I(\ell)=\dfrac{D_I(\ell)}{D(\ell)}}{}                                                   . ! Undefined control sequence. <argument> \hat {S}_{I,k,n}=\dfrac                                    {\hat {D}_{I,k,n}}{\hat {D}_{k,n}} l.1374 ...dfrac{\hat{D}_{I,k,n}}{\hat{D}_{k,n}}}{}                                                    ! Undefined control sequence. <recently read> \dfrac                         l.1607 ...hat{\Upsilon}_{I,k,n}}{\hat{D}_{k,n}}}{}                                                    the empirical counterpart... ! Undefined control sequence. <recently read> \dfrac                         l.1607 ...n{\dfrac{\Upsilon_I(\ell)}{D_I(\ell)}}{}                                                   . ! Undefined control sequence. <recently read> \dfrac                         l.1609 ... by \eqn{\dfrac{(2|I|+2)!}{2(|I|!)^2}}{}                                                   .
  • checking PDF version of manual without index ... ERROR
  • DONE Status: 1 ERROR, 1 WARNING, 1 NOTE
  • using check arguments '--no-clean-on-error '