* using log directory ‘/Volumes/Builds/packages/big-sur-arm64/results/4.4/rsbp.Rcheck’ * using R Under development (unstable) (2024-02-10 r85885) * using platform: aarch64-apple-darwin20 * R was compiled by Apple clang version 14.0.0 (clang-1400.0.29.202) GNU Fortran (GCC) 12.2.0 * running under: macOS Ventura 13.4 * using session charset: UTF-8 * checking for file ‘rsbp/DESCRIPTION’ ... OK * checking extension type ... Package * this is package ‘rsbp’ version ‘0.1.0’ * package encoding: UTF-8 * checking package namespace information ... OK * checking package dependencies ... OK * checking if this is a source package ... OK * checking if there is a namespace ... OK * checking for executable files ... OK * checking for hidden files and directories ... OK * checking for portable file names ... OK * checking for sufficient/correct file permissions ... OK * checking whether package ‘rsbp’ can be installed ... [2s/2s] OK See 'https://www.r-project.org/nosvn/R.check/r-oldrel-macos-arm64/rsbp-00install.html' for details. * checking installed package size ... OK * checking package directory ... OK * checking DESCRIPTION meta-information ... OK * checking top-level files ... OK * checking for left-over files ... OK * checking index information ... OK * checking package subdirectories ... OK * checking R files for non-ASCII characters ... OK * checking R files for syntax errors ... OK * checking whether the package can be loaded ... [0s/0s] OK * checking whether the package can be loaded with stated dependencies ... [0s/0s] OK * checking whether the package can be unloaded cleanly ... [0s/0s] OK * checking whether the namespace can be loaded with stated dependencies ... [0s/0s] OK * checking whether the namespace can be unloaded cleanly ... [0s/0s] OK * checking loading without being on the library search path ... [0s/0s] OK * checking dependencies in R code ... OK * checking S3 generic/method consistency ... OK * checking replacement functions ... OK * checking foreign function calls ... OK * checking R code for possible problems ... [1s/1s] OK * checking Rd files ... [0s/0s] OK * checking Rd metadata ... OK * checking Rd cross-references ... OK * checking for missing documentation entries ... OK * checking for code/documentation mismatches ... OK * checking Rd \usage sections ... OK * checking Rd contents ... OK * checking for unstated dependencies in examples ... OK * checking LazyData ... NOTE 'LazyData' is specified without a 'data' directory * checking examples ... [0s/2s] ERROR Running examples in ‘rsbp-Ex.R’ failed The error most likely occurred in: > ### Name: getPart > ### Title: Retrieve information for a part from the Registry of Standard > ### Biological Parts > ### Aliases: getPart > > ### ** Examples > > getPart("BBa_R0040") Error in open.connection(x, "rb") : Failed to connect to parts.igem.org port 80 after 1568 ms: Couldn't connect to server Calls: getPart ... read_xml.character -> read_xml.connection -> open -> open.connection Execution halted * checking PDF version of manual ... [4s/4s] OK * DONE Status: 1 ERROR, 1 NOTE * using check arguments '--no-clean-on-error ' * elapsed time (check, wall clock): 0:25