- using R version 4.2.3 (2023-03-15)
- using platform: aarch64-apple-darwin20 (64-bit)
- using session charset: UTF-8
- checking for file ‘rkeops/DESCRIPTION’ ... OK
- this is package ‘rkeops’ version ‘2.2.2’
- package encoding: UTF-8
- checking package namespace information ... OK
- checking package dependencies ... OK
- checking if this is a source package ... OK
- checking if there is a namespace ... OK
- checking for executable files ... OK
- checking for hidden files and directories ... OK
- checking for portable file names ... OK
- checking for sufficient/correct file permissions ... OK
- checking whether package ‘rkeops’ can be installed ... [5s/6s] OK
See the install log for details.
- checking installed package size ... OK
- checking package directory ... OK
- checking ‘build’ directory ... OK
- checking DESCRIPTION meta-information ... OK
- checking top-level files ... OK
- checking for left-over files ... OK
- checking index information ... OK
- checking package subdirectories ... OK
- checking R files for non-ASCII characters ... OK
- checking R files for syntax errors ... OK
- checking whether the package can be loaded ... OK
- checking whether the package can be loaded with stated dependencies ... OK
- checking whether the package can be unloaded cleanly ... OK
- checking whether the namespace can be loaded with stated dependencies ... OK
- checking whether the namespace can be unloaded cleanly ... OK
- checking loading without being on the library search path ... OK
- checking dependencies in R code ... OK
- checking S3 generic/method consistency ... WARNING
Warning: declared S3 method '*.ComplexLazyTensor' not found
Warning: declared S3 method '*.LazyTensor' not found
Warning: declared S3 method '*.default' not found
Warning: declared S3 method '+.ComplexLazyTensor' not found
Warning: declared S3 method '+.LazyTensor' not found
Warning: declared S3 method '+.default' not found
Warning: declared S3 method '-.ComplexLazyTensor' not found
Warning: declared S3 method '-.LazyTensor' not found
Warning: declared S3 method '-.default' not found
Warning: declared S3 method '/.ComplexLazyTensor' not found
Warning: declared S3 method '/.LazyTensor' not found
Warning: declared S3 method '/.default' not found
Warning: declared S3 method 'Arg.ComplexLazyTensor' not found
Warning: declared S3 method 'Arg.LazyTensor' not found
Warning: declared S3 method 'Arg.default' not found
Warning: declared S3 method 'Conj.ComplexLazyTensor' not found
Warning: declared S3 method 'Conj.LazyTensor' not found
Warning: declared S3 method 'Conj.default' not found
Warning: declared S3 method 'Im.ComplexLazyTensor' not found
Warning: declared S3 method 'Im.LazyTensor' not found
Warning: declared S3 method 'Im.default' not found
Warning: declared S3 method 'Mod.ComplexLazyTensor' not found
Warning: declared S3 method 'Mod.LazyTensor' not found
Warning: declared S3 method 'Mod.default' not found
Warning: declared S3 method 'Re.ComplexLazyTensor' not found
Warning: declared S3 method 'Re.LazyTensor' not found
Warning: declared S3 method 'Re.default' not found
Warning: declared S3 method '^.LazyTensor' not found
Warning: declared S3 method '^.default' not found
Warning: declared S3 method 'abs.ComplexLazyTensor' not found
Warning: declared S3 method 'abs.LazyTensor' not found
Warning: declared S3 method 'abs.default' not found
Warning: declared S3 method 'acos.LazyTensor' not found
Warning: declared S3 method 'acos.default' not found
Warning: declared S3 method 'asin.LazyTensor' not found
Warning: declared S3 method 'asin.default' not found
Warning: declared S3 method 'atan.LazyTensor' not found
Warning: declared S3 method 'atan.default' not found
Warning: declared S3 method 'cos.LazyTensor' not found
Warning: declared S3 method 'cos.default' not found
Warning: declared S3 method 'exp.ComplexLazyTensor' not found
Warning: declared S3 method 'exp.LazyTensor' not found
Warning: declared S3 method 'exp.default' not found
Warning: declared S3 method 'log.LazyTensor' not found
Warning: declared S3 method 'log.default' not found
Warning: declared S3 method 'max.LazyTensor' not found
Warning: declared S3 method 'max.default' not found
Warning: declared S3 method 'min.LazyTensor' not found
Warning: declared S3 method 'min.default' not found
Warning: declared S3 method 'round.LazyTensor' not found
Warning: declared S3 method 'round.default' not found
Warning: declared S3 method 'sign.LazyTensor' not found
Warning: declared S3 method 'sign.default' not found
Warning: declared S3 method 'sin.LazyTensor' not found
Warning: declared S3 method 'sin.default' not found
Warning: declared S3 method 'sqrt.LazyTensor' not found
Warning: declared S3 method 'sqrt.default' not found
Warning: declared S3 method 'sum.LazyTensor' not found
Warning: declared S3 method 'sum.default' not found
Warning: declared S3 method '|.LazyTensor' not found
Warning: declared S3 method '|.default' not found
See section ‘Generic functions and methods’ in the ‘Writing R
Extensions’ manual.
- checking replacement functions ... OK
- checking foreign function calls ... OK
- checking R code for possible problems ... [4s/4s] OK
- checking Rd files ... [2s/2s] OK
- checking Rd metadata ... OK
- checking Rd cross-references ... OK
- checking for missing documentation entries ... OK
- checking for code/documentation mismatches ... OK
- checking Rd \usage sections ... OK
- checking Rd contents ... OK
- checking for unstated dependencies in examples ... OK
- checking installed files from ‘inst/doc’ ... OK
- checking files in ‘vignettes’ ... OK
- checking examples ... [1s/1s] OK
- checking for unstated dependencies in ‘tests’ ... OK
- checking tests ... [2s/2s] OK
Running ‘testthat.R’ [2s/2s]
- checking for unstated dependencies in vignettes ... OK
- checking package vignettes in ‘inst/doc’ ... OK
- checking running R code from vignettes ... [1s/1s] NONE
‘Kernel_Interpolation_rkeops.Rmd’ using ‘UTF-8’... [0s/0s] OK
‘LazyTensor_rkeops.Rmd’ using ‘UTF-8’... [0s/0s] OK
‘introduction_to_rkeops.Rmd’ using ‘UTF-8’... [0s/0s] OK
‘using_rkeops.Rmd’ using ‘UTF-8’... [0s/0s] OK
- checking re-building of vignette outputs ... [54s/56s] OK
- checking PDF version of manual ... OK
- DONE
Status: 1 WARNING
- using check arguments '--no-clean-on-error '