- using R version 4.2.0 (2022-04-22)
- using platform: aarch64-apple-darwin20 (64-bit)
- using session charset: UTF-8
- checking for file ‘kfino/DESCRIPTION’ ... OK
- this is package ‘kfino’ version ‘1.0.0’
- package encoding: UTF-8
- checking package namespace information ... OK
- checking package dependencies ... OK
- checking if this is a source package ... OK
- checking if there is a namespace ... OK
- checking for executable files ... OK
- checking for hidden files and directories ... OK
- checking for portable file names ... OK
- checking for sufficient/correct file permissions ... OK
- checking whether package ‘kfino’ can be installed ... [3s/3s] OK
See the install log for details.
- checking installed package size ... OK
- checking package directory ... OK
- checking ‘build’ directory ... OK
- checking DESCRIPTION meta-information ... OK
- checking top-level files ... OK
- checking for left-over files ... OK
- checking index information ... OK
- checking package subdirectories ... OK
- checking R files for non-ASCII characters ... OK
- checking R files for syntax errors ... OK
- checking whether the package can be loaded ... OK
- checking whether the package can be loaded with stated dependencies ... OK
- checking whether the package can be unloaded cleanly ... OK
- checking whether the namespace can be loaded with stated dependencies ... OK
- checking whether the namespace can be unloaded cleanly ... OK
- checking loading without being on the library search path ... OK
- checking dependencies in R code ... OK
- checking S3 generic/method consistency ... OK
- checking replacement functions ... OK
- checking foreign function calls ... OK
- checking R code for possible problems ... [2s/2s] OK
- checking Rd files ... [0s/0s] OK
- checking Rd metadata ... OK
- checking Rd cross-references ... OK
- checking for missing documentation entries ... OK
- checking for code/documentation mismatches ... OK
- checking Rd \usage sections ... OK
- checking Rd contents ... OK
- checking for unstated dependencies in examples ... OK
- checking contents of ‘data’ directory ... OK
- checking data for non-ASCII characters ... OK
- checking LazyData ... OK
- checking data for ASCII and uncompressed saves ... OK
- checking installed files from ‘inst/doc’ ... OK
- checking files in ‘vignettes’ ... OK
- checking examples ... [2s/2s] OK
- checking for unstated dependencies in ‘tests’ ... OK
- checking tests ... [2s/2s] OK
Running ‘testthat.R’ [2s/2s]
- checking for unstated dependencies in vignettes ... OK
- checking package vignettes in ‘inst/doc’ ... OK
- checking running R code from vignettes ... [0s/0s] NONE
‘HowTo.Rmd’ using ‘UTF-8’... [0s/0s] OK
‘multipleFit.Rmd’ using ‘UTF-8’... [0s/0s] OK
- checking re-building of vignette outputs ... [31s/50s] OK
- checking PDF version of manual ... WARNING
LaTeX errors when creating PDF version.
This typically indicates Rd problems.
LaTeX errors found:
! Undefined control sequence.
<argument> y \mapsto \text
{doutlier}(y,K,\text {expertMin},\text {expertMax})
l.80 ...(y,K,\text{expertMin},\text{expertMax})}{}
! Undefined control sequence.
<argument> y \mapsto \text {doutlier}(y,K,\text
{expertMin},\text {expertMax})
l.80 ...(y,K,\text{expertMin},\text{expertMax})}{}
! Undefined control sequence.
<argument> ...utlier}(y,K,\text {expertMin},\text
{expertMax})
l.80 ...(y,K,\text{expertMin},\text{expertMax})}{}
! Undefined control sequence.
<argument> [\text
{expertMin},\text {expertMax}]
l.82 \eqn{[\text{expertMin},\text{expertMax}]}{}
which is linear and verifies
! Undefined control sequence.
<argument> [\text {expertMin},\text
{expertMax}]
l.82 \eqn{[\text{expertMin},\text{expertMax}]}{}
which is linear and verifies
! Undefined control sequence.
<recently read> \text
l.84 ...},K,\text{expertMin},\text{expertMax}).}{}
! Undefined control sequence.
<argument> \text {doutlier}(\text
{expertMax},K,\text {expertMin},\text {exp...
l.84 ...},K,\text{expertMin},\text{expertMax}).}{}
! Undefined control sequence.
<argument> ...doutlier}(\text {expertMax},K,\text
{expertMin},\text {expertM...
l.84 ...},K,\text{expertMin},\text{expertMax}).}{}
! Undefined control sequence.
<argument> ...xpertMax},K,\text {expertMin},\text
{expertMax}) =K*\text {dou...
l.84 ...},K,\text{expertMin},\text{expertMax}).}{}
! Undefined control sequence.
<argument> ...ertMin},\text {expertMax}) =K*\text
{doutlier}(\text {expertMi...
l.84 ...},K,\text{expertMin},\text{expertMax}).}{}
! Undefined control sequence.
<argument> ...pertMax}) =K*\text {doutlier}(\text
{expertMin},K,\text {exper...
l.84 ...},K,\text{expertMin},\text{expertMax}).}{}
! Undefined control sequence.
<argument> ...doutlier}(\text {expertMin},K,\text
{expertMin},\text {expertM...
l.84 ...},K,\text{expertMin},\text{expertMax}).}{}
! Undefined control sequence.
<argument> ...xpertMin},K,\text {expertMin},\text
{expertMax}).
l.84 ...},K,\text{expertMin},\text{expertMax}).}{}
- checking PDF version of manual without index ... ERROR
- DONE
Status: 1 ERROR, 1 WARNING
- using check arguments '--no-clean-on-error '