- using R version 4.2.3 (2023-03-15)
- using platform: aarch64-apple-darwin20 (64-bit)
- using session charset: UTF-8
- checking for file ‘inldata/DESCRIPTION’ ... OK
- this is package ‘inldata’ version ‘1.1.5’
- package encoding: UTF-8
- checking package namespace information ... OK
- checking package dependencies ... OK
- checking if this is a source package ... OK
- checking if there is a namespace ... OK
- checking for executable files ... OK
- checking for hidden files and directories ... OK
- checking for portable file names ... OK
- checking for sufficient/correct file permissions ... OK
- checking whether package ‘inldata’ can be installed ... [32s/34s] OK
See the install log for details.
- checking installed package size ... NOTE
installed size is 6.2Mb
sub-directories of 1Mb or more:
data 5.8Mb
- checking package directory ... OK
- checking DESCRIPTION meta-information ... OK
- checking top-level files ... OK
- checking for left-over files ... OK
- checking index information ... OK
- checking package subdirectories ... OK
- checking R files for non-ASCII characters ... OK
- checking R files for syntax errors ... OK
- checking whether the package can be loaded ... OK
- checking whether the package can be loaded with stated dependencies ... OK
- checking whether the package can be unloaded cleanly ... OK
- checking whether the namespace can be loaded with stated dependencies ... OK
- checking whether the namespace can be unloaded cleanly ... OK
- checking loading without being on the library search path ... OK
- checking dependencies in R code ... OK
- checking S3 generic/method consistency ... OK
- checking replacement functions ... OK
- checking foreign function calls ... OK
- checking R code for possible problems ... [6s/7s] OK
- checking Rd files ... [3s/3s] OK
- checking Rd metadata ... OK
- checking Rd cross-references ... OK
- checking for missing documentation entries ... OK
- checking for code/documentation mismatches ... OK
- checking Rd \usage sections ... OK
- checking Rd contents ... OK
- checking for unstated dependencies in examples ... OK
- checking contents of ‘data’ directory ... OK
- checking data for non-ASCII characters ... OK
- checking LazyData ... OK
- checking data for ASCII and uncompressed saves ... OK
- checking examples ... [12s/12s] ERROR
Running examples in ‘inldata-Ex.R’ failed
The error most likely occurred in:
> ### Name: write_datasets
> ### Title: Write Package Datasets
> ### Aliases: write_datasets
>
> ### ** Examples
>
> dir <- tempfile("")
> write_datasets(
+ package = "inldata",
+ destdir = dir,
+ include = c("crs", "dl", "inl"),
+ pretty = FALSE,
+ quiet = TRUE
+ )
Error in parquet___WriterProperties___Builder__create() :
Cannot call parquet___WriterProperties___Builder__create(). See https://arrow.apache.org/docs/r/articles/install.html for help installing Arrow C++ libraries.
Calls: write_datasets ... <Anonymous> -> parquet___WriterProperties___Builder__create
Execution halted
- checking for unstated dependencies in ‘tests’ ... OK
- checking tests ... [4s/7s] OK
Running ‘tinytest.R’ [4s/7s]
- checking PDF version of manual ... OK
- DONE
Status: 1 ERROR, 1 NOTE
- using check arguments '--no-clean-on-error '