* using log directory ‘/Volumes/Builds/packages/big-sur-arm64/results/4.4/dse.Rcheck’ * using R Under development (unstable) (2024-02-10 r85885) * using platform: aarch64-apple-darwin20 * R was compiled by Apple clang version 14.0.0 (clang-1400.0.29.202) GNU Fortran (GCC) 12.2.0 * running under: macOS Ventura 13.4 * using session charset: UTF-8 * checking for file ‘dse/DESCRIPTION’ ... OK * this is package ‘dse’ version ‘2020.2-1’ * checking package namespace information ... OK * checking package dependencies ... OK * checking if this is a source package ... OK * checking if there is a namespace ... OK * checking for executable files ... OK * checking for hidden files and directories ... OK * checking for portable file names ... OK * checking for sufficient/correct file permissions ... OK * checking whether package ‘dse’ can be installed ... [6s/7s] OK See 'https://www.r-project.org/nosvn/R.check/r-oldrel-macos-arm64/dse-00install.html' for details. * used Fortran compiler: ‘GNU Fortran (GCC) 12.2.0’ * used SDK: ‘MacOSX11.3.sdk’ * checking installed package size ... OK * checking package directory ... OK * checking ‘build’ directory ... OK * checking DESCRIPTION meta-information ... OK * checking top-level files ... OK * checking for left-over files ... OK * checking index information ... OK * checking package subdirectories ... OK * checking R files for non-ASCII characters ... OK * checking R files for syntax errors ... OK * checking whether the package can be loaded ... [0s/0s] OK * checking whether the package can be loaded with stated dependencies ... [0s/0s] OK * checking whether the package can be unloaded cleanly ... [0s/0s] OK * checking whether the namespace can be loaded with stated dependencies ... [0s/0s] OK * checking whether the namespace can be unloaded cleanly ... [0s/0s] OK * checking loading without being on the library search path ... [0s/0s] OK * checking whether startup messages can be suppressed ... [0s/0s] OK * checking dependencies in R code ... OK * checking S3 generic/method consistency ... OK * checking replacement functions ... OK * checking foreign function calls ... OK * checking R code for possible problems ... [6s/6s] OK * checking Rd files ... [0s/0s] OK * checking Rd metadata ... OK * checking Rd cross-references ... OK * checking for missing documentation entries ... OK * checking for code/documentation mismatches ... OK * checking Rd \usage sections ... NOTE Documented arguments not in \usage in Rd file 'forecastCovCompiled.Rd': ‘obj’ ‘zero’ ‘trend’ ‘estimation.sample’ ‘...’ Functions with \usage entries need to have the appropriate \alias entries, and all their arguments documented. The \usage entries must correspond to syntactically valid R code. See chapter ‘Writing R documentation files’ in the ‘Writing R Extensions’ manual. * checking Rd contents ... OK * checking for unstated dependencies in examples ... OK * checking contents of ‘data’ directory ... OK * checking data for non-ASCII characters ... [0s/0s] OK * checking data for ASCII and uncompressed saves ... OK * checking line endings in C/C++/Fortran sources/headers ... OK * checking line endings in Makefiles ... OK * checking compilation flags in Makevars ... OK * checking for GNU extensions in Makefiles ... OK * checking for portable use of $(BLAS_LIBS) and $(LAPACK_LIBS) ... OK * checking use of PKG_*FLAGS in Makefiles ... OK * checking compiled code ... OK * checking usage of KIND in Fortran files ... OK * checking sizes of PDF files under ‘inst/doc’ ... OK * checking installed files from ‘inst/doc’ ... OK * checking files in ‘vignettes’ ... OK * checking examples ... [21s/24s] WARNING Found the following significant warnings: Warning in is.R() : 'is.R' is deprecated. Deprecated functions may be defunct as soon as of the next release of R. See ?Deprecated. * checking for unstated dependencies in ‘tests’ ... OK * checking tests ... [259s/278s] OK Running ‘TSdataTests.R’ [40s/45s] Running ‘dse1tst01.R’ [40s/43s] Running ‘dse1tst02.R’ [18s/19s] Running ‘dse1tst07.R’ [19s/20s] Running ‘dse1tst08.R’ [17s/18s] Running ‘dse1tst09.R’ [17s/18s] Running ‘dse2tst2.R’ [19s/19s] Running ‘dse2tstgd1.R’ [19s/20s] Running ‘estMaxLik.R’ [19s/21s] Running ‘estMaxLikwithConstants.R’ [17s/20s] Running ‘smoother.R’ [17s/18s] Running ‘trend.R’ [18s/18s] * checking for unstated dependencies in vignettes ... OK * checking package vignettes ... OK * checking re-building of vignette outputs ... [9s/9s] OK * checking PDF version of manual ... [7s/8s] OK * DONE Status: 1 WARNING, 1 NOTE * using check arguments '--no-clean-on-error ' * elapsed time (check, wall clock): 5:48