• using R version 4.4.1 (2024-06-14)
  • using platform: aarch64-apple-darwin20
  • R was compiled by     Apple clang version 14.0.0 (clang-1400.0.29.202)     GNU Fortran (GCC) 12.2.0
  • running under: macOS Ventura 13.4
  • using session charset: UTF-8
  • checking for file ‘bunching/DESCRIPTION’ ... OK
  • checking extension type ... Package
  • this is package ‘bunching’ version ‘0.8.6’
  • package encoding: UTF-8
  • checking package namespace information ... OK
  • checking package dependencies ... OK
  • checking if this is a source package ... OK
  • checking if there is a namespace ... OK
  • checking for executable files ... OK
  • checking for hidden files and directories ... OK
  • checking for portable file names ... OK
  • checking for sufficient/correct file permissions ... OK
  • checking whether package ‘bunching’ can be installed ... [3s/3s] OK See the install log for details.
  • checking installed package size ... OK
  • checking package directory ... OK
  • checking ‘build’ directory ... OK
  • checking DESCRIPTION meta-information ... OK
  • checking top-level files ... OK
  • checking for left-over files ... OK
  • checking index information ... OK
  • checking package subdirectories ... OK
  • checking code files for non-ASCII characters ... OK
  • checking R files for syntax errors ... OK
  • checking whether the package can be loaded ... [1s/1s] OK
  • checking whether the package can be loaded with stated dependencies ... [0s/1s] OK
  • checking whether the package can be unloaded cleanly ... [0s/0s] OK
  • checking whether the namespace can be loaded with stated dependencies ... [0s/0s] OK
  • checking whether the namespace can be unloaded cleanly ... [1s/1s] OK
  • checking loading without being on the library search path ... [1s/1s] OK
  • checking dependencies in R code ... OK
  • checking S3 generic/method consistency ... OK
  • checking replacement functions ... OK
  • checking foreign function calls ... OK
  • checking R code for possible problems ... [2s/3s] OK
  • checking Rd files ... [0s/0s] OK
  • checking Rd metadata ... OK
  • checking Rd cross-references ... OK
  • checking for missing documentation entries ... OK
  • checking for code/documentation mismatches ... OK
  • checking Rd \usage sections ... OK
  • checking Rd contents ... OK
  • checking for unstated dependencies in examples ... OK
  • checking contents of ‘data’ directory ... OK
  • checking data for non-ASCII characters ... [0s/0s] OK
  • checking LazyData ... OK
  • checking data for ASCII and uncompressed saves ... OK
  • checking sizes of PDF files under ‘inst/doc’ ... OK
  • checking installed files from ‘inst/doc’ ... OK
  • checking files in ‘vignettes’ ... OK
  • checking examples ... [2s/3s] OK
  • checking for unstated dependencies in ‘tests’ ... OK
  • checking tests ... [17s/19s] OK   Running ‘testthat.R’ [17s/19s]
  • checking for unstated dependencies in vignettes ... OK
  • checking package vignettes ... OK
  • checking re-building of vignette outputs ... [40s/46s] ERROR Error(s) in re-building vignettes: --- re-building ‘bunching_examples.Rmd’ using rmarkdown ! kpathsea: Running mktexpk --mfmode / --bdpi 600 --mag 1+0/600 --dpi 600 bbm10 ! mkdir: ././opt/tex/texmf-var/fonts/pk/ljfour/public: Permission denied ! mktexpk: /opt/tex/texmf-dist/web2c/mktexdir /opt/tex/texmf-var/fonts/pk/ljfour/public/bbm failed. ! kpathsea: Appending font creation commands to missfont.log. Error: processing vignette 'bunching_examples.Rmd' failed with diagnostics: LaTeX failed to compile /Volumes/Builds/packages/big-sur-arm64/results/4.4/bunching.Rcheck/vign_test/bunching/vignettes/bunching_examples.tex. See https://yihui.org/tinytex/r/#debugging for debugging tips. See bunching_examples.log for more info. --- failed re-building ‘bunching_examples.Rmd’ --- re-building ‘bunching_theory.Rmd’ using rmarkdown ! kpathsea: Running mktexpk --mfmode / --bdpi 600 --mag 1+0/600 --dpi 600 bbm10 ! mkdir: ././opt/tex/texmf-var/fonts/pk/ljfour/public: Permission denied ! mktexpk: /opt/tex/texmf-dist/web2c/mktexdir /opt/tex/texmf-var/fonts/pk/ljfour/public/bbm failed. ! kpathsea: Appending font creation commands to missfont.log. Error: processing vignette 'bunching_theory.Rmd' failed with diagnostics: LaTeX failed to compile /Volumes/Builds/packages/big-sur-arm64/results/4.4/bunching.Rcheck/vign_test/bunching/vignettes/bunching_theory.tex. See https://yihui.org/tinytex/r/#debugging for debugging tips. See bunching_theory.log for more info. --- failed re-building ‘bunching_theory.Rmd’ SUMMARY: processing the following files failed:   ‘bunching_examples.Rmd’ ‘bunching_theory.Rmd’ Error: Vignette re-building failed. Execution halted
  • checking PDF version of manual ... [4s/4s] OK
  • DONE Status: 1 ERROR
  • using check arguments '--no-clean-on-error '