• using R version 4.2.0 (2022-04-22)
  • using platform: aarch64-apple-darwin20 (64-bit)
  • using session charset: UTF-8
  • checking for file ‘aqp/DESCRIPTION’ ... OK
  • this is package ‘aqp’ version ‘2.0.1’
  • package encoding: UTF-8
  • checking package namespace information ... OK
  • checking package dependencies ... WARNING
    Skipping vignette re-building
    Package suggested but not available for checking: ‘knitr’

    VignetteBuilder package required for checking but not installed: ‘knitr’
  • checking if this is a source package ... OK
  • checking if there is a namespace ... OK
  • checking for executable files ... OK
  • checking for hidden files and directories ... OK
  • checking for portable file names ... OK
  • checking for sufficient/correct file permissions ... OK
  • checking whether package ‘aqp’ can be installed ... [8s/9s] OK
    See the install log for details.
  • checking installed package size ... NOTE
      installed size is 5.8Mb
      sub-directories of 1Mb or more:
        R 2.1Mb
        data 1.6Mb
        doc 1.4Mb
  • checking package directory ... OK
  • checking ‘build’ directory ... OK
  • checking DESCRIPTION meta-information ... OK
  • checking top-level files ... OK
  • checking for left-over files ... OK
  • checking index information ... OK
  • checking package subdirectories ... OK
  • checking R files for non-ASCII characters ... OK
  • checking R files for syntax errors ... OK
  • checking whether the package can be loaded ... OK
  • checking whether the package can be loaded with stated dependencies ... OK
  • checking whether the package can be unloaded cleanly ... OK
  • checking whether the namespace can be loaded with stated dependencies ... OK
  • checking whether the namespace can be unloaded cleanly ... OK
  • checking loading without being on the library search path ... OK
  • checking dependencies in R code ... OK
  • checking S3 generic/method consistency ... OK
  • checking replacement functions ... OK
  • checking foreign function calls ... OK
  • checking R code for possible problems ... [10s/11s] OK
  • checking Rd files ... [1s/1s] OK
  • checking Rd metadata ... OK
  • checking Rd cross-references ... OK
  • checking for missing documentation entries ... OK
  • checking for code/documentation mismatches ... OK
  • checking Rd \usage sections ... OK
  • checking Rd contents ... OK
  • checking for unstated dependencies in examples ... OK
  • checking contents of ‘data’ directory ... OK
  • checking data for non-ASCII characters ... OK
  • checking data for ASCII and uncompressed saves ... OK
  • checking installed files from ‘inst/doc’ ... OK
  • checking files in ‘vignettes’ ... OK
  • checking examples ... [31s/38s] OK
  • checking for unstated dependencies in ‘tests’ ... OK
  • checking tests ... [24s/27s] OK
      Running ‘testthat.R’ [24s/26s]
  • checking for unstated dependencies in vignettes ... OK
  • checking package vignettes in ‘inst/doc’ ... OK
  • checking running R code from vignettes ... [1s/1s] NONE
      ‘Introduction-to-SoilProfileCollection-Objects.Rmd’ using ‘UTF-8’... [0s/0s] OK
      ‘NCSP.Rmd’ using ‘UTF-8’... [0s/0s] OK
      ‘label-placement.Rmd’ using ‘UTF-8’... [0s/0s] OK
      ‘new-in-aqp-2.Rmd’ using ‘UTF-8’... [0s/0s] OK
  • checking re-building of vignette outputs ... SKIPPED
  • checking PDF version of manual ... OK
  • DONE
    Status: 1 WARNING, 1 NOTE
  • using check arguments '--no-clean-on-error '