• using R version 4.4.1 (2024-06-14)
  • using platform: aarch64-apple-darwin20
  • R was compiled by     Apple clang version 14.0.0 (clang-1400.0.29.202)     GNU Fortran (GCC) 12.2.0
  • running under: macOS Ventura 13.4
  • using session charset: UTF-8
  • checking for file ‘altdoc/DESCRIPTION’ ... OK
  • checking extension type ... Package
  • this is package ‘altdoc’ version ‘0.6.0’
  • package encoding: UTF-8
  • checking package namespace information ... OK
  • checking package dependencies ... OK
  • checking if this is a source package ... OK
  • checking if there is a namespace ... OK
  • checking for executable files ... OK
  • checking for hidden files and directories ... OK
  • checking for portable file names ... OK
  • checking for sufficient/correct file permissions ... OK
  • checking whether package ‘altdoc’ can be installed ... [2s/2s] OK See the install log for details.
  • checking installed package size ... OK
  • checking package directory ... OK
  • checking ‘build’ directory ... OK
  • checking DESCRIPTION meta-information ... OK
  • checking top-level files ... OK
  • checking for left-over files ... OK
  • checking index information ... OK
  • checking package subdirectories ... OK
  • checking code files for non-ASCII characters ... OK
  • checking R files for syntax errors ... OK
  • checking whether the package can be loaded ... [0s/0s] OK
  • checking whether the package can be loaded with stated dependencies ... [0s/0s] OK
  • checking whether the package can be unloaded cleanly ... [0s/0s] OK
  • checking whether the namespace can be loaded with stated dependencies ... [0s/0s] OK
  • checking whether the namespace can be unloaded cleanly ... [0s/0s] OK
  • checking loading without being on the library search path ... [0s/0s] OK
  • checking dependencies in R code ... OK
  • checking S3 generic/method consistency ... OK
  • checking replacement functions ... OK
  • checking foreign function calls ... OK
  • checking R code for possible problems ... [2s/2s] OK
  • checking Rd files ... [0s/0s] OK
  • checking Rd metadata ... OK
  • checking Rd cross-references ... OK
  • checking for missing documentation entries ... OK
  • checking for code/documentation mismatches ... OK
  • checking Rd \usage sections ... OK
  • checking Rd contents ... OK
  • checking for unstated dependencies in examples ... OK
  • checking installed files from ‘inst/doc’ ... OK
  • checking files in ‘vignettes’ ... OK
  • checking examples ... [0s/0s] OK
  • checking for unstated dependencies in ‘tests’ ... OK
  • checking tests ... [4s/5s] ERROR   Running ‘spelling.R’ [0s/0s]   Running ‘testthat.R’ [4s/5s] Running the tests in ‘tests/testthat.R’ failed. Complete output:   > library(testthat)   > library(altdoc)   >   > test_check("altdoc")   v Setting active project to     "/Volumes/Temp/tmp/RtmpoZB0FW/testpkg11893216bc4fd".   i Creating `altdoc/` directory.   i Creating `docs/` directory.   i Adding ^docs$ to .Rbuildignore   i Adding ^altdoc$ to .Rbuildignore   i Adding altdoc/freeze.rds to .gitignore   i Importing default settings file(s) to `altdoc/`   i README.md is mandatory. `altdoc` created a dummy README file in the package directory.   v Setting active project to "<no active project>".   v Setting active project to     "/Volumes/Temp/tmp/RtmpoZB0FW/testpkg118937af4a23c".   i Creating `altdoc/` directory.   i Creating `docs/` directory.   i Adding ^docs$ to .Rbuildignore   i Adding ^altdoc$ to .Rbuildignore   i Adding altdoc/freeze.rds to .gitignore   i Importing default settings file(s) to `altdoc/`   i README.md is mandatory. `altdoc` created a dummy README file in the package directory.   v Setting active project to "<no active project>".   v Setting active project to     "/Volumes/Temp/tmp/RtmpoZB0FW/testpkg118933e5deac8".   i Creating `altdoc/` directory.   i Creating `docs/` directory.   i Adding ^docs$ to .Rbuildignore   i Adding ^altdoc$ to .Rbuildignore   i Adding altdoc/freeze.rds to .gitignore   i Importing default settings file(s) to `altdoc/`   i README.md is mandatory. `altdoc` created a dummy README file in the package directory.   v Setting active project to "<no active project>".   v Setting active project to     "/Volumes/Temp/tmp/RtmpoZB0FW/testpkg118933ddf4437".   i Creating `altdoc/` directory.   i Creating `docs/` directory.   i Adding ^docs$ to .Rbuildignore   i Adding ^altdoc$ to .Rbuildignore   i Adding altdoc/freeze.rds to .gitignore   i Importing default settings file(s) to `altdoc/`   i README.md is mandatory. `altdoc` created a dummy README file in the package directory.   v Setting active project to "<no active project>".   v Setting active project to     "/Volumes/Temp/tmp/RtmpoZB0FW/testproj118934b0eab08".   v Setting active project to "<no active project>".   v Setting active project to     "/Volumes/Temp/tmp/RtmpoZB0FW/testpkg118931e3a8425".   i Creating `altdoc/` directory.   i Creating `docs/` directory.   i Adding ^docs$ to .Rbuildignore   i Adding ^altdoc$ to .Rbuildignore   i Adding altdoc/freeze.rds to .gitignore   i Importing default settings file(s) to `altdoc/`   i README.md is mandatory. `altdoc` created a dummy README file in the package directory.   v Setting active project to "<no active project>".   v Setting active project to     "/Volumes/Temp/tmp/RtmpoZB0FW/testpkg118936ad1136e".   v Setting active project to "<no active project>".   v Setting active project to     "/Volumes/Temp/tmp/RtmpoZB0FW/testpkg11893135bd918".   i Creating `altdoc/` directory.   i Creating `docs/` directory.   i Adding ^docs$ to .Rbuildignore   i Adding ^altdoc$ to .Rbuildignore   i Adding altdoc/freeze.rds to .gitignore   i Importing default settings file(s) to `altdoc/`   i README.md is mandatory. `altdoc` created a dummy README file in the package directory.   i Creating `docs/` directory.   i Importing default settings file(s) to `altdoc/`   v Setting active project to "<no active project>".   v Setting active project to     "/Volumes/Temp/tmp/RtmpoZB0FW/testpkg118934eebba38".   i Creating `altdoc/` directory.   i Creating `docs/` directory.   i Adding ^docs$ to .Rbuildignore   i Adding ^altdoc$ to .Rbuildignore   i Adding altdoc/freeze.rds to .gitignore   i Importing default settings file(s) to `altdoc/`   i README.md is mandatory. `altdoc` created a dummy README file in the package directory.   i Creating `docs/` directory.   i Importing default settings file(s) to `altdoc/`   v Setting active project to "<no active project>".   v Setting active project to     "/Volumes/Temp/tmp/RtmpoZB0FW/testpkg118931e49b4fa".   i Creating `altdoc/` directory.   i Creating `docs/` directory.   i Adding ^docs$ to .Rbuildignore   i Adding ^altdoc$ to .Rbuildignore   i Adding altdoc/freeze.rds to .gitignore   i Adding ^_quarto$ to .Rbuildignore   i Adding _quarto/* to .gitignore   i Adding !_quarto/_freeze/ to .gitignore   i Importing default settings file(s) to `altdoc/`   i README.md is mandatory. `altdoc` created a dummy README file in the package directory.   v Setting active project to "<no active project>".   v Setting active project to     "/Volumes/Temp/tmp/RtmpoZB0FW/testpkg118933251747e".   i Creating `altdoc/` directory.   i Creating `docs/` directory.   i Adding ^docs$ to .Rbuildignore   i Adding ^altdoc$ to .Rbuildignore   i Adding altdoc/freeze.rds to .gitignore   i Importing default settings file(s) to `altdoc/`   i README.md is mandatory. `altdoc` created a dummy README file in the package directory.   v Setting active project to "<no active project>".   v Setting active project to     "/Volumes/Temp/tmp/RtmpoZB0FW/testpkg11893602c2f1b".   i Creating `altdoc/` directory.   i Creating `docs/` directory.   i Adding ^docs$ to .Rbuildignore   i Adding ^altdoc$ to .Rbuildignore   i Adding altdoc/freeze.rds to .gitignore   i Importing default settings file(s) to `altdoc/`   i README.md is mandatory. `altdoc` created a dummy README file in the package directory.   v '.github/workflows/altdoc.yaml' created.   v Added `altdoc` in Suggests.   v Setting active project to "<no active project>".   v Setting active project to     "/Volumes/Temp/tmp/RtmpoZB0FW/testpkg11893686c577f".   v Setting active project to "<no active project>".   v Setting active project to     "/Volumes/Temp/tmp/RtmpoZB0FW/testpkg11893503d4402".   v Setting active project to "<no active project>".   v Setting active project to     "/Volumes/Temp/tmp/RtmpoZB0FW/testpkg11893133ad8d0".   v Setting active project to "<no active project>".   v Setting active project to     "/Volumes/Temp/tmp/RtmpoZB0FW/testpkg118937ae1e76b".   v Setting active project to "<no active project>".   v Setting active project to     "/Volumes/Temp/tmp/RtmpoZB0FW/testpkg118936df7c1e6".   v Setting active project to "<no active project>".   v Setting active project to     "/Volumes/Temp/tmp/RtmpoZB0FW/testpkg11893170f584d".   v Setting active project to "<no active project>".   [ FAIL 1 | WARN 0 | SKIP 37 | PASS 35 ]      ══ Skipped tests (37) ══════════════════════════════════════════════════════════   • !.quarto_is_installed() is TRUE (23): 'test-import_man.R:2:5',     'test-import_man.R:26:5', 'test-import_man.R:52:5', 'test-parallel.R:3:9',     'test-parallel.R:3:9', 'test-parallel.R:3:9', 'test-qmd2md.R:2:5',     'test-qmd2md.R:30:5', 'test-render_docs.R:273:5', 'test-render_docs.R:303:5',     'test-render_docs.R:315:5', 'test-settings.R:2:5', 'test-settings.R:14:5',     'test-update.R:5:9', 'test-update.R:5:9', 'test-update.R:21:9',     'test-update.R:21:9', 'test-update.R:50:13', 'test-update.R:50:13',     'test-update.R:72:9', 'test-update.R:72:9', 'test-update.R:98:13',     'test-update.R:98:13'   • .venv_exists() is not TRUE (2): 'test-setup_docs.R:49:5',     'test-setup_github_actions.R:23:5'   • On CRAN (12): 'test-rd2qmd.R:49:5', 'test-render_docs.R:2:5',     'test-render_docs.R:40:5', 'test-render_docs.R:79:5',     'test-render_docs.R:125:5', 'test-render_docs.R:158:5',     'test-render_docs.R:182:5', 'test-render_docs.R:207:5',     'test-render_docs.R:221:9', 'test-render_docs.R:221:9',     'test-render_docs.R:221:9', 'test-render_docs.R:246:5'      ══ Failed tests ════════════════════════════════════════════════════════════════   ── Error ('test-check_md_structure.R:30:5'): .reformat_md works ────────────────   Error in `.check_quarto_installed()`: Quarto (the command-line tool) is not installed on your system.   i It is needed to render manual pages and vignettes.   i Install it from <https://quarto.org/docs/get-started>.   Backtrace:        ▆     1. ├─testthat::expect_message(render_docs(), "assumes that the only level 1") at test-check_md_structure.R:30:5     2. │ └─testthat:::expect_condition_matching(...)     3. │ └─testthat:::quasi_capture(...)     4. │ ├─testthat (local) .capture(...)     5. │ │ └─base::withCallingHandlers(...)     6. │ └─rlang::eval_bare(quo_get_expr(.quo), quo_get_env(.quo))     7. └─altdoc::render_docs()     8. └─altdoc:::.check_quarto_installed()     9. └─cli::cli_abort(...)    10. └─rlang::abort(...)      [ FAIL 1 | WARN 0 | SKIP 37 | PASS 35 ]   Error: Test failures   Execution halted
  • checking for unstated dependencies in vignettes ... OK
  • checking package vignettes ... OK
  • checking re-building of vignette outputs ... [6s/7s] OK
  • checking PDF version of manual ... [3s/4s] OK
  • DONE Status: 1 ERROR
  • using check arguments '--no-clean-on-error '