- using R version 4.4.1 (2024-06-14)
- using platform: aarch64-apple-darwin20
- R was compiled by
Apple clang version 14.0.0 (clang-1400.0.29.202)
GNU Fortran (GCC) 12.2.0
- running under: macOS Ventura 13.4
- using session charset: UTF-8
- checking for file ‘UKFE/DESCRIPTION’ ... OK
- checking extension type ... Package
- this is package ‘UKFE’ version ‘1.0.1’
- package encoding: UTF-8
- checking package namespace information ... OK
- checking package dependencies ... OK
- checking if this is a source package ... OK
- checking if there is a namespace ... OK
- checking for executable files ... OK
- checking for hidden files and directories ... OK
- checking for portable file names ... OK
- checking for sufficient/correct file permissions ... OK
- checking whether package ‘UKFE’ can be installed ... [6s/7s] OK
See the install log for details.
- checking installed package size ... OK
- checking package directory ... OK
- checking ‘build’ directory ... OK
- checking DESCRIPTION meta-information ... OK
- checking top-level files ... OK
- checking for left-over files ... OK
- checking index information ... OK
- checking package subdirectories ... OK
- checking code files for non-ASCII characters ... OK
- checking R files for syntax errors ... OK
- checking whether the package can be loaded ... [1s/1s] OK
- checking whether the package can be loaded with stated dependencies ... [0s/1s] OK
- checking whether the package can be unloaded cleanly ... [0s/0s] OK
- checking whether the namespace can be loaded with stated dependencies ... [0s/1s] OK
- checking whether the namespace can be unloaded cleanly ... [1s/1s] OK
- checking loading without being on the library search path ... [0s/1s] OK
- checking dependencies in R code ... OK
- checking S3 generic/method consistency ... OK
- checking replacement functions ... OK
- checking foreign function calls ... OK
- checking R code for possible problems ... [7s/8s] OK
- checking Rd files ... [0s/0s] OK
- checking Rd metadata ... OK
- checking Rd cross-references ... OK
- checking for missing documentation entries ... OK
- checking for code/documentation mismatches ... OK
- checking Rd \usage sections ... OK
- checking Rd contents ... OK
- checking for unstated dependencies in examples ... OK
- checking contents of ‘data’ directory ... OK
- checking data for non-ASCII characters ... [0s/0s] OK
- checking LazyData ... OK
- checking data for ASCII and uncompressed saves ... OK
- checking installed files from ‘inst/doc’ ... OK
- checking files in ‘vignettes’ ... OK
- checking examples ... [11s/12s] OK
- checking for unstated dependencies in ‘tests’ ... OK
- checking tests ... [35s/47s] ERROR
Running ‘testthat.R’ [35s/47s]
Running the tests in ‘tests/testthat.R’ failed.
Complete output:
> # This file is part of the standard setup for testthat.
> # It is recommended that you do not modify it.
> #
> # Where should you do additional test configuration?
> # Learn more about the roles of various files in:
> # * https://r-pkgs.org/testing-design.html#sec-tests-files-overview
> # * https://testthat.r-lib.org/articles/special-files.html
>
> library(testthat)
> library(UKFE)
>
> test_check("UKFE")
Attaching package: 'evd'
The following object is masked from 'package:lmomco':
pp
[1] "BFIHOST19 is not in the xml file and has been replaced by BFIHOST"
[1] "One or more catchment descriptors are missing from the xml file"
Attaching package: 'dplyr'
The following object is masked from 'package:testthat':
matches
The following objects are masked from 'package:stats':
filter, lag
The following objects are masked from 'package:base':
intersect, setdiff, setequal, union
[1] "Warning: iug = TRUE and the closest site in catchment descriptor space has URBEXT2000 < UrbMax. Group formed as if iug = FALSE"
[1] "URBEXT > 0.03, urban adjustment is recommended"
[1] "Peaks per year: 1.867263"
[1] "Peaks per year: 1.867263"
[1] "Peaks per year: 1.867263"
[1] "Peaks per year: 1.867263"
[1] "Peaks per year: 1.867263"
[1] "Peaks per year: 1.867263"
[1] "Peaks per year: 1.867263"
[1] "Peaks per year: 1.867263"
[1] "Peaks per year: 1.867263"
[1] "Peaks per year: 1.867263"
[1] "Peaks per year: 1.867263"
[1] "Peaks per year: 1.867263"
[1] "Peaks per year: 1.867263"
[1] "Peaks per year: 1.867263"
[1] "Peaks per year: 1.867263"
[1] "URBEXT > 0.03, urban adjustment is recommended"
[1] "URBEXT > 0.03, urban adjustment is recommended"
[ FAIL 1 | WARN 0 | SKIP 0 | PASS 1636 ]
══ Failed tests ════════════════════════════════════════════════════════════════
── Failure ('test-All.R:1602:3'): LKurt returns NaN for constant vector ────────
is.nan(result) is not TRUE
`actual`: FALSE
`expected`: TRUE
[ FAIL 1 | WARN 0 | SKIP 0 | PASS 1636 ]
Error: Test failures
Execution halted
- checking for unstated dependencies in vignettes ... OK
- checking package vignettes ... OK
- checking re-building of vignette outputs ... [27s/45s] OK
- checking PDF version of manual ... [5s/6s] OK
- DONE
Status: 1 ERROR
- using check arguments '--no-clean-on-error '