• using R version 4.4.1 (2024-06-14)
  • using platform: aarch64-apple-darwin20
  • R was compiled by     Apple clang version 14.0.0 (clang-1400.0.29.202)     GNU Fortran (GCC) 12.2.0
  • running under: macOS Ventura 13.4
  • using session charset: UTF-8
  • checking for file ‘RtsEva/DESCRIPTION’ ... OK
  • checking extension type ... Package
  • this is package ‘RtsEva’ version ‘1.1.0’
  • package encoding: UTF-8
  • checking package namespace information ... OK
  • checking package dependencies ... OK
  • checking if this is a source package ... OK
  • checking if there is a namespace ... OK
  • checking for executable files ... OK
  • checking for hidden files and directories ... OK
  • checking for portable file names ... OK
  • checking for sufficient/correct file permissions ... OK
  • checking whether package ‘RtsEva’ can be installed ... [6s/7s] OK See the install log for details.
  • checking installed package size ... OK
  • checking package directory ... OK
  • checking ‘build’ directory ... OK
  • checking DESCRIPTION meta-information ... OK
  • checking top-level files ... OK
  • checking for left-over files ... OK
  • checking index information ... OK
  • checking package subdirectories ... OK
  • checking code files for non-ASCII characters ... OK
  • checking R files for syntax errors ... OK
  • checking whether the package can be loaded ... [1s/1s] OK
  • checking whether the package can be loaded with stated dependencies ... [1s/1s] OK
  • checking whether the package can be unloaded cleanly ... [1s/1s] OK
  • checking whether the namespace can be loaded with stated dependencies ... [1s/1s] OK
  • checking whether the namespace can be unloaded cleanly ... [1s/1s] OK
  • checking loading without being on the library search path ... [1s/1s] OK
  • checking dependencies in R code ... OK
  • checking S3 generic/method consistency ... OK
  • checking replacement functions ... OK
  • checking foreign function calls ... OK
  • checking R code for possible problems ... [5s/5s] OK
  • checking Rd files ... [0s/0s] OK
  • checking Rd metadata ... OK
  • checking Rd cross-references ... OK
  • checking for missing documentation entries ... OK
  • checking for code/documentation mismatches ... OK
  • checking Rd \usage sections ... OK
  • checking Rd contents ... OK
  • checking for unstated dependencies in examples ... OK
  • checking contents of ‘data’ directory ... OK
  • checking data for non-ASCII characters ... [1s/1s] OK
  • checking LazyData ... OK
  • checking data for ASCII and uncompressed saves ... OK
  • checking installed files from ‘inst/doc’ ... OK
  • checking files in ‘vignettes’ ... OK
  • checking examples ... [37s/39s] ERROR Running examples in ‘RtsEva-Ex.R’ failed The error most likely occurred in: > ### Name: tsEvaTransformSeriesToStatSeasonal_ciPercentile > ### Title: tsEvaTransformSeriesToStatSeasonal_ciPercentile > ### Aliases: tsEvaTransformSeriesToStatSeasonal_ciPercentile > > ### ** Examples > > timeAndSeries <- ArdecheStMartin > timeStamps <- ArdecheStMartin[,1] > series <- ArdecheStMartin[,2] > #select only the 5 latest years > yrs <- as.integer(format(timeStamps, "%Y")) > tokeep <- which(yrs>=2015) > timeStamps <- timeStamps[tokeep] > series <- series[tokeep] > timeWindow <- 365 # 1 year > percentile <- 90 > result <- tsEvaTransformSeriesToStatSeasonal_ciPercentile(timeStamps, + series, timeWindow, percentile) computing trend... trend on the 90 percentile computing trend seasonality... Warning in pracma::interp1(avgTmStamp, monthAvgVec, timeStampsN, method = "spline") :   Points in argument in 'x' unsorted; will be sorted. Warning in pracma::interp1(avgTmStamp, monthAvgVex, timeStampsN, method = "spline") :   Points in argument in 'x' unsorted; will be sorted. computing the slowly varying 90th percentile... computing standard deviation seasonality... Warning in pracma::interp1(avgTmStamp, monthAvgVec, timeStampsN, method = "spline") :   Points in argument in 'x' unsorted; will be sorted. Warning in pracma::interp1(avgTmStamp, monthAvgVex, timeStampsN, method = "spline") :   Points in argument in 'x' unsorted; will be sorted. > plot(result$trendSeries) Warning in min(x) : no non-missing arguments to min; returning Inf Warning in max(x) : no non-missing arguments to max; returning -Inf Error in plot.window(...) : need finite 'ylim' values Calls: plot -> plot.default -> localWindow -> plot.window Execution halted
  • checking for unstated dependencies in ‘tests’ ... OK
  • checking tests ... [3s/3s] OK   Running ‘testthat.R’ [3s/3s]
  • checking for unstated dependencies in vignettes ... OK
  • checking package vignettes ... OK
  • checking re-building of vignette outputs ... [11s/12s] OK
  • checking PDF version of manual ... [5s/6s] OK
  • DONE Status: 1 ERROR
  • using check arguments '--no-clean-on-error '