- using R version 4.2.0 (2022-04-22)
- using platform: aarch64-apple-darwin20 (64-bit)
- using session charset: UTF-8
- checking for file ‘Rborist/DESCRIPTION’ ... OK
- this is package ‘Rborist’ version ‘0.3-5’
- checking package namespace information ... OK
- checking package dependencies ... OK
- checking if this is a source package ... OK
- checking if there is a namespace ... OK
- checking for executable files ... OK
- checking for hidden files and directories ... OK
- checking for portable file names ... OK
- checking for sufficient/correct file permissions ... OK
- checking whether package ‘Rborist’ can be installed ... [7s/7s] ERROR
Installation failed.
See the install log for details.
- DONE
Status: 1 ERROR
- using check arguments '--no-clean-on-error '