- using R version 4.2.0 (2022-04-22)
- using platform: aarch64-apple-darwin20 (64-bit)
- using session charset: UTF-8
- checking for file ‘FACT/DESCRIPTION’ ... OK
- checking extension type ... Package
- this is package ‘FACT’ version ‘0.1.0’
- package encoding: UTF-8
- checking package namespace information ... OK
- checking package dependencies ... OK
- checking if this is a source package ... OK
- checking if there is a namespace ... OK
- checking for executable files ... OK
- checking for hidden files and directories ... OK
- checking for portable file names ... OK
- checking for sufficient/correct file permissions ... OK
- checking whether package ‘FACT’ can be installed ... [3s/3s] OK
See the install log for details.
- checking installed package size ... OK
- checking package directory ... OK
- checking DESCRIPTION meta-information ... OK
- checking top-level files ... OK
- checking for left-over files ... OK
- checking index information ... OK
- checking package subdirectories ... OK
- checking R files for non-ASCII characters ... OK
- checking R files for syntax errors ... OK
- checking whether the package can be loaded ... OK
- checking whether the package can be loaded with stated dependencies ... OK
- checking whether the package can be unloaded cleanly ... OK
- checking whether the namespace can be loaded with stated dependencies ... OK
- checking whether the namespace can be unloaded cleanly ... OK
- checking loading without being on the library search path ... OK
- checking dependencies in R code ... OK
- checking S3 generic/method consistency ... OK
- checking replacement functions ... OK
- checking foreign function calls ... OK
- checking R code for possible problems ... [2s/2s] OK
- checking Rd files ... [0s/0s] OK
- checking Rd metadata ... OK
- checking Rd cross-references ... OK
- checking for missing documentation entries ... OK
- checking for code/documentation mismatches ... OK
- checking Rd \usage sections ... OK
- checking Rd contents ... OK
- checking for unstated dependencies in examples ... OK
- checking examples ... [2s/2s] OK
- checking for unstated dependencies in ‘tests’ ... OK
- checking tests ... [5s/5s] OK
Running ‘spelling.R’ [0s/0s]
Running ‘testthat.R’ [5s/5s]
- checking PDF version of manual ... WARNING
LaTeX errors when creating PDF version.
This typically indicates Rd problems.
LaTeX errors found:
! Undefined control sequence.
<argument> \text
{sIDEA}_X(\tilde {\textbf {x}}_S) = \left (\frac {1}{n} \s...
l.343 }{}
! Undefined control sequence.
<argument> ...(\frac {1}{n} \sum _{i = 1}^n \text
{sIDEA}^{(1)}_{\textbf {x}...
l.343 }{}
! Undefined control sequence.
<argument> ... \frac {1}{n} \sum _{i = 1}^n \text
{sIDEA}^{(k)}_{\textbf {x}...
l.343 }{}
! Undefined control sequence.
<argument> \text
{hIDEA}_X(\tilde {\textbf {x}}_S) = \left (\frac {1}{n}\su...
l.350 }{}
! Undefined control sequence.
<argument> ...\frac {1}{n}\sum _{i = 1}^n \mathbb
{1}_{1}(\text {hIDEA}_{\te...
l.350 }{}
! Undefined control sequence.
<argument> ...um _{i = 1}^n \mathbb {1}_{1}(\text
{hIDEA}_{\textbf {x}^{(i)}...
l.350 }{}
! Undefined control sequence.
<argument> ...\frac {1}{n}\sum _{i = 1}^n \mathbb
{1}_{k}(\text {hIDEA}_{\te...
l.350 }{}
! Undefined control sequence.
<argument> ...um _{i = 1}^n \mathbb {1}_{k}(\text
{hIDEA}_{\textbf {x}^{(i)}...
l.350 }{}
! Undefined control sequence.
<argument> M \in \mathbb
{N}_0^{k \times k}
l.615 Let \eqn{M \in \mathbb{N}_0^{k \times k}}{}
denote the multi-cluster
! Undefined control sequence.
<argument> M_c \in \mathbb
{N}_0^{2 \times 2}
l.616 ...\eqn{M_c \in \mathbb{N}_0^{2 \times 2}}{}
the binary
! Undefined control sequence.
<argument> \text
{Multi-cluster scoring:} \quad \text {SMART}(X, \tilde {X}...
l.622 }{}
! Undefined control sequence.
<argument> ...Multi-cluster scoring:} \quad \text
{SMART}(X, \tilde {X}_S) =...
l.622 }{}
! Undefined control sequence.
<argument> ...{SMART}(X, \tilde {X}_S) = h_{\text
{multi}}(M) \\ \text {Bina...
l.622 }{}
! Undefined control sequence.
<recently read> \text
l.622 }{}
! Undefined control sequence.
<argument> ...\text {Binary scoring:} \quad \text
{SMART}(X, \tilde {X}_S) =...
l.622 }{}
! Undefined control sequence.
<argument> ...xt {SMART}(X, \tilde {X}_S) = \text
{AVE}(h_{\text {binary}}(M...
l.622 }{}
! Undefined control sequence.
<argument> ...tilde {X}_S) = \text {AVE}(h_{\text
{binary}}(M_1), \dots , h_...
l.622 }{}
! Undefined control sequence.
<argument> ...xt {binary}}(M_1), \dots , h_{\text
{binary}}(M_k))
l.622 }{}
! Undefined control sequence.
<recently read> \text
l.623 where \eqn{\text{AVE}}{}
averages a vector of binary scores, e.g., via...
! Undefined control sequence.
<argument> \overline {\text
{SMART}}(X, \tilde {X}_S) = \psi \left (\text {...
l.632 }{}
! Undefined control sequence.
<argument> ..., \tilde {X}_S) = \psi \left (\text
{SMART}(X, \tilde {X}_S^{(...
l.632 }{}
! Undefined control sequence.
<argument> ... \tilde {X}_S^{(1)}), \dots , \text
{SMART}(X, \tilde {X}_S^{(...
l.632 }{}
- checking PDF version of manual without index ... ERROR
- DONE
Status: 1 ERROR, 1 WARNING
- using check arguments '--no-clean-on-error '