• using R version 4.4.1 (2024-06-14)
  • using platform: aarch64-apple-darwin20
  • R was compiled by     Apple clang version 14.0.0 (clang-1400.0.29.202)     GNU Fortran (GCC) 12.2.0
  • running under: macOS Ventura 13.4
  • using session charset: UTF-8
  • checking for file ‘EGRETci/DESCRIPTION’ ... OK
  • checking extension type ... Package
  • this is package ‘EGRETci’ version ‘2.0.5’
  • package encoding: UTF-8
  • checking package namespace information ... OK
  • checking package dependencies ... OK
  • checking if this is a source package ... OK
  • checking if there is a namespace ... OK
  • checking for executable files ... OK
  • checking for hidden files and directories ... OK
  • checking for portable file names ... OK
  • checking for sufficient/correct file permissions ... OK
  • checking whether package ‘EGRETci’ can be installed ... [2s/3s] OK See the install log for details.
  • checking installed package size ... OK
  • checking package directory ... OK
  • checking ‘build’ directory ... OK
  • checking DESCRIPTION meta-information ... OK
  • checking top-level files ... OK
  • checking for left-over files ... OK
  • checking index information ... OK
  • checking package subdirectories ... OK
  • checking code files for non-ASCII characters ... OK
  • checking R files for syntax errors ... OK
  • checking whether the package can be loaded ... [0s/0s] OK
  • checking whether the package can be loaded with stated dependencies ... [0s/0s] OK
  • checking whether the package can be unloaded cleanly ... [0s/0s] OK
  • checking whether the namespace can be loaded with stated dependencies ... [0s/0s] OK
  • checking whether the namespace can be unloaded cleanly ... [0s/0s] OK
  • checking loading without being on the library search path ... [0s/0s] OK
  • checking whether startup messages can be suppressed ... [0s/0s] OK
  • checking dependencies in R code ... OK
  • checking S3 generic/method consistency ... OK
  • checking replacement functions ... OK
  • checking foreign function calls ... OK
  • checking R code for possible problems ... [2s/2s] OK
  • checking Rd files ... [0s/0s] OK
  • checking Rd metadata ... OK
  • checking Rd cross-references ... OK
  • checking for missing documentation entries ... OK
  • checking for code/documentation mismatches ... OK
  • checking Rd \usage sections ... OK
  • checking Rd contents ... OK
  • checking for unstated dependencies in examples ... OK
  • checking contents of ‘data’ directory ... OK
  • checking data for non-ASCII characters ... [0s/0s] OK
  • checking LazyData ... OK
  • checking data for ASCII and uncompressed saves ... OK
  • checking R/sysdata.rda ... OK
  • checking installed files from ‘inst/doc’ ... OK
  • checking files in ‘vignettes’ ... OK
  • checking examples ... [2s/2s] OK
  • checking for unstated dependencies in ‘tests’ ... OK
  • checking tests ... [1s/1s] ERROR   Running ‘testthat.R’ [1s/1s] Running the tests in ‘tests/testthat.R’ failed. Complete output:   > library(testthat)   > library(EGRETci)   > test_check("EGRETci")   [ FAIL 1 | WARN 0 | SKIP 10 | PASS 15 ]      ══ Skipped tests (10) ══════════════════════════════════════════════════════════   • On CRAN (10): 'tests_boot_tests.R:57:3', 'tests_boot_tests.R:69:3',     'tests_boot_tests.R:87:3', 'tests_boot_tests.R:131:3',     'tests_boot_tests.R:150:3', 'tests_boot_tests.R:179:3', 'tests_kalman.R:4:3',     'tests_kalman.R:21:3', 'tests_kalman.R:46:3', 'tests_kalman.R:71:3'      ══ Failed tests ════════════════════════════════════════════════════════════════   ── Failure ('tests_boot_tests.R:113:3'): paVector ──────────────────────────────   `paIndexWinter` not equal to 11:13.   Lengths differ: 4 is not 3      [ FAIL 1 | WARN 0 | SKIP 10 | PASS 15 ]   Error: Test failures   Execution halted
  • checking for unstated dependencies in vignettes ... OK
  • checking package vignettes ... OK
  • checking re-building of vignette outputs ... [75s/80s] OK
  • checking PDF version of manual ... [4s/5s] OK
  • DONE Status: 1 ERROR
  • using check arguments '--no-clean-on-error '