• using R version 4.2.0 (2022-04-22)
  • using platform: aarch64-apple-darwin20 (64-bit)
  • using session charset: UTF-8
  • checking for file ‘DynTxRegime/DESCRIPTION’ ... OK
  • checking extension type ... Package
  • this is package ‘DynTxRegime’ version ‘4.12’
  • package encoding: UTF-8
  • checking package namespace information ... OK
  • checking package dependencies ... OK
  • checking if this is a source package ... OK
  • checking if there is a namespace ... OK
  • checking for executable files ... OK
  • checking for hidden files and directories ... OK
  • checking for portable file names ... OK
  • checking for sufficient/correct file permissions ... OK
  • checking whether package ‘DynTxRegime’ can be installed ... [10s/11s] OK
  • checking installed package size ... OK
  • checking package directory ... OK
  • checking DESCRIPTION meta-information ... OK
  • checking top-level files ... OK
  • checking for left-over files ... OK
  • checking index information ... OK
  • checking package subdirectories ... OK
  • checking R files for non-ASCII characters ... OK
  • checking R files for syntax errors ... OK
  • checking whether the package can be loaded ... OK
  • checking whether the package can be loaded with stated dependencies ... OK
  • checking whether the package can be unloaded cleanly ... OK
  • checking whether the namespace can be loaded with stated dependencies ... OK
  • checking whether the namespace can be unloaded cleanly ... OK
  • checking loading without being on the library search path ... OK
  • checking dependencies in R code ... OK
  • checking S3 generic/method consistency ... OK
  • checking replacement functions ... OK
  • checking foreign function calls ... OK
  • checking R code for possible problems ... [8s/9s] OK
  • checking Rd files ... [1s/1s] OK
  • checking Rd metadata ... OK
  • checking Rd cross-references ... OK
  • checking for missing documentation entries ... OK
  • checking for code/documentation mismatches ... WARNING
    Codoc mismatches from documentation object 'IQLearnFS_VHet-methods':
    \S4method{qqplot}{IQLearnFS_VHet}
      Code: function(x, y, plot.it, xlab, ylab, ..., conf.level = NULL,
                     conf.args = list(exact = NULL, simulate.p.value =
                     FALSE, B = 2000, col = NA, border = NULL))
      Docs: function(x, y, plot.it = TRUE, xlab = deparse1(substitute(x)),
                     ylab = deparse1(substitute(y)), ..., conf.level =
                     NULL, conf.args = list(exact = NULL, simulate.p.value
                     = FALSE, B = 2000, col = NA, border = NULL))
      Mismatches in argument default values:
        Name: 'plot.it' Code: Docs: TRUE
        Name: 'xlab' Code: Docs: deparse1(substitute(x))
        Name: 'ylab' Code: Docs: deparse1(substitute(y))
  • checking Rd \usage sections ... OK
  • checking Rd contents ... OK
  • checking for unstated dependencies in examples ... OK
  • checking contents of ‘data’ directory ... OK
  • checking data for non-ASCII characters ... OK
  • checking data for ASCII and uncompressed saves ... OK
  • checking examples ... [2s/2s] OK
  • checking PDF version of manual ... OK
  • DONE
    Status: 1 WARNING
  • using check arguments '--no-clean-on-error '