• using R version 4.1.1 Patched (2021-09-05 r80862)
  • using platform: aarch64-apple-darwin20 (64-bit)
  • using session charset: UTF-8
  • checking for file ‘CohensdpLibrary/DESCRIPTION’ ... OK
  • checking extension type ... Package
  • this is package ‘CohensdpLibrary’ version ‘0.5.8’
  • package encoding: UTF-8
  • checking package namespace information ... OK
  • checking package dependencies ... OK
  • checking if this is a source package ... OK
  • checking if there is a namespace ... OK
  • checking for executable files ... OK
  • checking for hidden files and directories ... OK
  • checking for portable file names ... OK
  • checking for sufficient/correct file permissions ... OK
  • checking whether package ‘CohensdpLibrary’ can be installed ... [1s/2s] ERROR
    Installation failed.
    See ‘/Volumes/Builds/packages/big-sur-arm64/results/4.1/CohensdpLibrary.Rcheck/00install.out’ for details.
  • DONE
    Status: 1 ERROR
  • using check arguments '--no-clean-on-error '

    See https://www.r-project.org/nosvn/R.check/r-oldrel-macos-arm64/CohensdpLibrary-00install.html for details.