- using R version 4.3.1 (2023-06-16)
- using platform: aarch64-apple-darwin20 (64-bit)
- R was compiled by
Apple clang version 14.0.0 (clang-1400.0.29.202)
GNU Fortran (GCC) 12.2.0
- running under: macOS Ventura 13.4
- using session charset: UTF-8
- checking for file ‘ChemoSpec/DESCRIPTION’ ... OK
- checking extension type ... Package
- this is package ‘ChemoSpec’ version ‘6.1.10’
- package encoding: UTF-8
- checking package namespace information ... OK
- checking package dependencies ... OK
- checking if this is a source package ... OK
- checking if there is a namespace ... OK
- checking for executable files ... OK
- checking for hidden files and directories ... OK
- checking for portable file names ... OK
- checking for sufficient/correct file permissions ... OK
- checking whether package ‘ChemoSpec’ can be installed ... [4s/5s] OK
See the install log for details.
- checking installed package size ... OK
- checking package directory ... OK
- checking ‘build’ directory ... OK
- checking DESCRIPTION meta-information ... OK
- checking top-level files ... OK
- checking for left-over files ... OK
- checking index information ... OK
- checking package subdirectories ... OK
- checking R files for non-ASCII characters ... OK
- checking R files for syntax errors ... OK
- checking whether the package can be loaded ... [1s/1s] OK
- checking whether the package can be loaded with stated dependencies ... [1s/1s] OK
- checking whether the package can be unloaded cleanly ... [1s/1s] OK
- checking whether the namespace can be loaded with stated dependencies ... [1s/1s] OK
- checking whether the namespace can be unloaded cleanly ... [1s/1s] OK
- checking loading without being on the library search path ... [1s/1s] OK
- checking startup messages can be suppressed ... [1s/1s] OK
- checking dependencies in R code ... OK
- checking S3 generic/method consistency ... OK
- checking replacement functions ... OK
- checking foreign function calls ... OK
- checking R code for possible problems ... [4s/5s] OK
- checking Rd files ... [0s/0s] OK
- checking Rd metadata ... OK
- checking Rd cross-references ... OK
- checking for missing documentation entries ... OK
- checking for code/documentation mismatches ... OK
- checking Rd \usage sections ... OK
- checking Rd contents ... OK
- checking for unstated dependencies in examples ... OK
- checking contents of ‘data’ directory ... OK
- checking data for non-ASCII characters ... [0s/0s] OK
- checking data for ASCII and uncompressed saves ... OK
- checking sizes of PDF files under ‘inst/doc’ ... OK
- checking installed files from ‘inst/doc’ ... OK
- checking files in ‘vignettes’ ... OK
- checking examples ... [1s/2s] ERROR
Running examples in ‘ChemoSpec-Ex.R’ failed
The error most likely occurred in:
> ### Name: clupaSpectra
> ### Title: Hierarchical Cluster-Based Peak Alignment on a Spectra Object
> ### Aliases: clupaSpectra
> ### Keywords: utilities
>
> ### ** Examples
>
> # You need to install package speaq for this example
> # This example assumes the graphics output is set to ggplot2 (see ?GraphicsOptions).
> if (requireNamespace("speaq", quietly = TRUE)) {
+ library("ggplot2")
+ data(alignMUD)
+
+ p1 <- plotSpectra(alignMUD, which = 1:20, lab.pos = 4.5, offset = 0.1,
+ yrange = c(0, 5000), amp = 500)
+ p1 <- p1 + ggtitle("Misaligned NMR Spectra") +
+ coord_cartesian(xlim = c(1.5, 1.8), ylim = c(0, 1900))
+ p1
+
+ aMUD <- clupaSpectra(alignMUD)
+
+ p2 <- plotSpectra(aMUD, which = 1:20, lab.pos = 4.5, offset = 0.1,
+ yrange = c(0, 5000), amp = 500)
+ p2 <- p2 + ggtitle("Aligned NMR Spectra") +
+ coord_cartesian(xlim = c(1.5, 1.8), ylim = c(0, 1900))
+ p2
+ }
Coordinate system already present. Adding new coordinate system, which will
replace the existing one.
Wannings for spectrum 1 from function peakDetectionCWT() of MassSpecWavelet package: DLL requires the use of native symbols
Wannings for spectrum 1 from function peakDetectionCWT() of MassSpecWavelet package: DLL requires the use of native symbols
Wannings for spectrum 1 from function peakDetectionCWT() of MassSpecWavelet package: DLL requires the use of native symbols
Wannings for spectrum 1 from function peakDetectionCWT() of MassSpecWavelet package: DLL requires the use of native symbols
Wannings for spectrum 1 from function peakDetectionCWT() of MassSpecWavelet package: DLL requires the use of native symbols
Wannings for spectrum 1 from function peakDetectionCWT() of MassSpecWavelet package: DLL requires the use of native symbols
Wannings for spectrum 1 from function peakDetectionCWT() of MassSpecWavelet package: DLL requires the use of native symbols
Wannings for spectrum 1 from function peakDetectionCWT() of MassSpecWavelet package: DLL requires the use of native symbols
Spectrum 1 has 0 peaks
Wannings for spectrum 2 from function peakDetectionCWT() of MassSpecWavelet package: DLL requires the use of native symbols
Wannings for spectrum 2 from function peakDetectionCWT() of MassSpecWavelet package: DLL requires the use of native symbols
Wannings for spectrum 2 from function peakDetectionCWT() of MassSpecWavelet package: DLL requires the use of native symbols
Wannings for spectrum 2 from function peakDetectionCWT() of MassSpecWavelet package: DLL requires the use of native symbols
Wannings for spectrum 2 from function peakDetectionCWT() of MassSpecWavelet package: DLL requires the use of native symbols
Wannings for spectrum 2 from function peakDetectionCWT() of MassSpecWavelet package: DLL requires the use of native symbols
Wannings for spectrum 2 from function peakDetectionCWT() of MassSpecWavelet package: DLL requires the use of native symbols
Wannings for spectrum 2 from function peakDetectionCWT() of MassSpecWavelet package: DLL requires the use of native symbols
Spectrum 2 has 0 peaks
Wannings for spectrum 3 from function peakDetectionCWT() of MassSpecWavelet package: DLL requires the use of native symbols
Wannings for spectrum 3 from function peakDetectionCWT() of MassSpecWavelet package: DLL requires the use of native symbols
Wannings for spectrum 3 from function peakDetectionCWT() of MassSpecWavelet package: DLL requires the use of native symbols
Wannings for spectrum 3 from function peakDetectionCWT() of MassSpecWavelet package: DLL requires the use of native symbols
Wannings for spectrum 3 from function peakDetectionCWT() of MassSpecWavelet package: DLL requires the use of native symbols
Wannings for spectrum 3 from function peakDetectionCWT() of MassSpecWavelet package: DLL requires the use of native symbols
Wannings for spectrum 3 from function peakDetectionCWT() of MassSpecWavelet package: DLL requires the use of native symbols
Wannings for spectrum 3 from function peakDetectionCWT() of MassSpecWavelet package: DLL requires the use of native symbols
Spectrum 3 has 0 peaks
Wannings for spectrum 4 from function peakDetectionCWT() of MassSpecWavelet package: DLL requires the use of native symbols
Wannings for spectrum 4 from function peakDetectionCWT() of MassSpecWavelet package: DLL requires the use of native symbols
Wannings for spectrum 4 from function peakDetectionCWT() of MassSpecWavelet package: DLL requires the use of native symbols
Wannings for spectrum 4 from function peakDetectionCWT() of MassSpecWavelet package: DLL requires the use of native symbols
Wannings for spectrum 4 from function peakDetectionCWT() of MassSpecWavelet package: DLL requires the use of native symbols
Wannings for spectrum 4 from function peakDetectionCWT() of MassSpecWavelet package: DLL requires the use of native symbols
Wannings for spectrum 4 from function peakDetectionCWT() of MassSpecWavelet package: DLL requires the use of native symbols
Wannings for spectrum 4 from function peakDetectionCWT() of MassSpecWavelet package: DLL requires the use of native symbols
Spectrum 4 has 0 peaks
Wannings for spectrum 5 from function peakDetectionCWT() of MassSpecWavelet package: DLL requires the use of native symbols
Wannings for spectrum 5 from function peakDetectionCWT() of MassSpecWavelet package: DLL requires the use of native symbols
Wannings for spectrum 5 from function peakDetectionCWT() of MassSpecWavelet package: DLL requires the use of native symbols
Wannings for spectrum 5 from function peakDetectionCWT() of MassSpecWavelet package: DLL requires the use of native symbols
Wannings for spectrum 5 from function peakDetectionCWT() of MassSpecWavelet package: DLL requires the use of native symbols
Wannings for spectrum 5 from function peakDetectionCWT() of MassSpecWavelet package: DLL requires the use of native symbols
Wannings for spectrum 5 from function peakDetectionCWT() of MassSpecWavelet package: DLL requires the use of native symbols
Wannings for spectrum 5 from function peakDetectionCWT() of MassSpecWavelet package: DLL requires the use of native symbols
Spectrum 5 has 0 peaks
Wannings for spectrum 6 from function peakDetectionCWT() of MassSpecWavelet package: DLL requires the use of native symbols
Wannings for spectrum 6 from function peakDetectionCWT() of MassSpecWavelet package: DLL requires the use of native symbols
Wannings for spectrum 6 from function peakDetectionCWT() of MassSpecWavelet package: DLL requires the use of native symbols
Wannings for spectrum 6 from function peakDetectionCWT() of MassSpecWavelet package: DLL requires the use of native symbols
Wannings for spectrum 6 from function peakDetectionCWT() of MassSpecWavelet package: DLL requires the use of native symbols
Wannings for spectrum 6 from function peakDetectionCWT() of MassSpecWavelet package: DLL requires the use of native symbols
Wannings for spectrum 6 from function peakDetectionCWT() of MassSpecWavelet package: DLL requires the use of native symbols
Wannings for spectrum 6 from function peakDetectionCWT() of MassSpecWavelet package: DLL requires the use of native symbols
Spectrum 6 has 0 peaks
Wannings for spectrum 7 from function peakDetectionCWT() of MassSpecWavelet package: DLL requires the use of native symbols
Wannings for spectrum 7 from function peakDetectionCWT() of MassSpecWavelet package: DLL requires the use of native symbols
Wannings for spectrum 7 from function peakDetectionCWT() of MassSpecWavelet package: DLL requires the use of native symbols
Wannings for spectrum 7 from function peakDetectionCWT() of MassSpecWavelet package: DLL requires the use of native symbols
Wannings for spectrum 7 from function peakDetectionCWT() of MassSpecWavelet package: DLL requires the use of native symbols
Wannings for spectrum 7 from function peakDetectionCWT() of MassSpecWavelet package: DLL requires the use of native symbols
Wannings for spectrum 7 from function peakDetectionCWT() of MassSpecWavelet package: DLL requires the use of native symbols
Wannings for spectrum 7 from function peakDetectionCWT() of MassSpecWavelet package: DLL requires the use of native symbols
Spectrum 7 has 0 peaks
Wannings for spectrum 8 from function peakDetectionCWT() of MassSpecWavelet package: DLL requires the use of native symbols
Wannings for spectrum 8 from function peakDetectionCWT() of MassSpecWavelet package: DLL requires the use of native symbols
Wannings for spectrum 8 from function peakDetectionCWT() of MassSpecWavelet package: DLL requires the use of native symbols
Wannings for spectrum 8 from function peakDetectionCWT() of MassSpecWavelet package: DLL requires the use of native symbols
Wannings for spectrum 8 from function peakDetectionCWT() of MassSpecWavelet package: DLL requires the use of native symbols
Wannings for spectrum 8 from function peakDetectionCWT() of MassSpecWavelet package: DLL requires the use of native symbols
Wannings for spectrum 8 from function peakDetectionCWT() of MassSpecWavelet package: DLL requires the use of native symbols
Wannings for spectrum 8 from function peakDetectionCWT() of MassSpecWavelet package: DLL requires the use of native symbols
Spectrum 8 has 0 peaks
Wannings for spectrum 9 from function peakDetectionCWT() of MassSpecWavelet package: DLL requires the use of native symbols
Wannings for spectrum 9 from function peakDetectionCWT() of MassSpecWavelet package: DLL requires the use of native symbols
Wannings for spectrum 9 from function peakDetectionCWT() of MassSpecWavelet package: DLL requires the use of native symbols
Wannings for spectrum 9 from function peakDetectionCWT() of MassSpecWavelet package: DLL requires the use of native symbols
Wannings for spectrum 9 from function peakDetectionCWT() of MassSpecWavelet package: DLL requires the use of native symbols
Wannings for spectrum 9 from function peakDetectionCWT() of MassSpecWavelet package: DLL requires the use of native symbols
Wannings for spectrum 9 from function peakDetectionCWT() of MassSpecWavelet package: DLL requires the use of native symbols
Wannings for spectrum 9 from function peakDetectionCWT() of MassSpecWavelet package: DLL requires the use of native symbols
Spectrum 9 has 0 peaks
Wannings for spectrum 10 from function peakDetectionCWT() of MassSpecWavelet package: DLL requires the use of native symbols
Wannings for spectrum 10 from function peakDetectionCWT() of MassSpecWavelet package: DLL requires the use of native symbols
Wannings for spectrum 10 from function peakDetectionCWT() of MassSpecWavelet package: DLL requires the use of native symbols
Wannings for spectrum 10 from function peakDetectionCWT() of MassSpecWavelet package: DLL requires the use of native symbols
Wannings for spectrum 10 from function peakDetectionCWT() of MassSpecWavelet package: DLL requires the use of native symbols
Wannings for spectrum 10 from function peakDetectionCWT() of MassSpecWavelet package: DLL requires the use of native symbols
Wannings for spectrum 10 from function peakDetectionCWT() of MassSpecWavelet package: DLL requires the use of native symbols
Wannings for spectrum 10 from function peakDetectionCWT() of MassSpecWavelet package: DLL requires the use of native symbols
Spectrum 10 has 0 peaks
Wannings for spectrum 11 from function peakDetectionCWT() of MassSpecWavelet package: DLL requires the use of native symbols
Wannings for spectrum 11 from function peakDetectionCWT() of MassSpecWavelet package: DLL requires the use of native symbols
Wannings for spectrum 11 from function peakDetectionCWT() of MassSpecWavelet package: DLL requires the use of native symbols
Wannings for spectrum 11 from function peakDetectionCWT() of MassSpecWavelet package: DLL requires the use of native symbols
Wannings for spectrum 11 from function peakDetectionCWT() of MassSpecWavelet package: DLL requires the use of native symbols
Wannings for spectrum 11 from function peakDetectionCWT() of MassSpecWavelet package: DLL requires the use of native symbols
Wannings for spectrum 11 from function peakDetectionCWT() of MassSpecWavelet package: DLL requires the use of native symbols
Wannings for spectrum 11 from function peakDetectionCWT() of MassSpecWavelet package: DLL requires the use of native symbols
Spectrum 11 has 0 peaks
Wannings for spectrum 12 from function peakDetectionCWT() of MassSpecWavelet package: DLL requires the use of native symbols
Wannings for spectrum 12 from function peakDetectionCWT() of MassSpecWavelet package: DLL requires the use of native symbols
Wannings for spectrum 12 from function peakDetectionCWT() of MassSpecWavelet package: DLL requires the use of native symbols
Wannings for spectrum 12 from function peakDetectionCWT() of MassSpecWavelet package: DLL requires the use of native symbols
Wannings for spectrum 12 from function peakDetectionCWT() of MassSpecWavelet package: DLL requires the use of native symbols
Wannings for spectrum 12 from function peakDetectionCWT() of MassSpecWavelet package: DLL requires the use of native symbols
Wannings for spectrum 12 from function peakDetectionCWT() of MassSpecWavelet package: DLL requires the use of native symbols
Wannings for spectrum 12 from function peakDetectionCWT() of MassSpecWavelet package: DLL requires the use of native symbols
Spectrum 12 has 0 peaks
Wannings for spectrum 13 from function peakDetectionCWT() of MassSpecWavelet package: DLL requires the use of native symbols
Wannings for spectrum 13 from function peakDetectionCWT() of MassSpecWavelet package: DLL requires the use of native symbols
Wannings for spectrum 13 from function peakDetectionCWT() of MassSpecWavelet package: DLL requires the use of native symbols
Wannings for spectrum 13 from function peakDetectionCWT() of MassSpecWavelet package: DLL requires the use of native symbols
Wannings for spectrum 13 from function peakDetectionCWT() of MassSpecWavelet package: DLL requires the use of native symbols
Wannings for spectrum 13 from function peakDetectionCWT() of MassSpecWavelet package: DLL requires the use of native symbols
Wannings for spectrum 13 from function peakDetectionCWT() of MassSpecWavelet package: DLL requires the use of native symbols
Wannings for spectrum 13 from function peakDetectionCWT() of MassSpecWavelet package: DLL requires the use of native symbols
Spectrum 13 has 0 peaks
Wannings for spectrum 14 from function peakDetectionCWT() of MassSpecWavelet package: DLL requires the use of native symbols
Wannings for spectrum 14 from function peakDetectionCWT() of MassSpecWavelet package: DLL requires the use of native symbols
Wannings for spectrum 14 from function peakDetectionCWT() of MassSpecWavelet package: DLL requires the use of native symbols
Wannings for spectrum 14 from function peakDetectionCWT() of MassSpecWavelet package: DLL requires the use of native symbols
Wannings for spectrum 14 from function peakDetectionCWT() of MassSpecWavelet package: DLL requires the use of native symbols
Wannings for spectrum 14 from function peakDetectionCWT() of MassSpecWavelet package: DLL requires the use of native symbols
Wannings for spectrum 14 from function peakDetectionCWT() of MassSpecWavelet package: DLL requires the use of native symbols
Wannings for spectrum 14 from function peakDetectionCWT() of MassSpecWavelet package: DLL requires the use of native symbols
Spectrum 14 has 0 peaks
Wannings for spectrum 15 from function peakDetectionCWT() of MassSpecWavelet package: DLL requires the use of native symbols
Wannings for spectrum 15 from function peakDetectionCWT() of MassSpecWavelet package: DLL requires the use of native symbols
Wannings for spectrum 15 from function peakDetectionCWT() of MassSpecWavelet package: DLL requires the use of native symbols
Wannings for spectrum 15 from function peakDetectionCWT() of MassSpecWavelet package: DLL requires the use of native symbols
Wannings for spectrum 15 from function peakDetectionCWT() of MassSpecWavelet package: DLL requires the use of native symbols
Wannings for spectrum 15 from function peakDetectionCWT() of MassSpecWavelet package: DLL requires the use of native symbols
Wannings for spectrum 15 from function peakDetectionCWT() of MassSpecWavelet package: DLL requires the use of native symbols
Wannings for spectrum 15 from function peakDetectionCWT() of MassSpecWavelet package: DLL requires the use of native symbols
Spectrum 15 has 0 peaks
Wannings for spectrum 16 from function peakDetectionCWT() of MassSpecWavelet package: DLL requires the use of native symbols
Wannings for spectrum 16 from function peakDetectionCWT() of MassSpecWavelet package: DLL requires the use of native symbols
Wannings for spectrum 16 from function peakDetectionCWT() of MassSpecWavelet package: DLL requires the use of native symbols
Wannings for spectrum 16 from function peakDetectionCWT() of MassSpecWavelet package: DLL requires the use of native symbols
Wannings for spectrum 16 from function peakDetectionCWT() of MassSpecWavelet package: DLL requires the use of native symbols
Wannings for spectrum 16 from function peakDetectionCWT() of MassSpecWavelet package: DLL requires the use of native symbols
Wannings for spectrum 16 from function peakDetectionCWT() of MassSpecWavelet package: DLL requires the use of native symbols
Wannings for spectrum 16 from function peakDetectionCWT() of MassSpecWavelet package: DLL requires the use of native symbols
Spectrum 16 has 0 peaks
Wannings for spectrum 17 from function peakDetectionCWT() of MassSpecWavelet package: DLL requires the use of native symbols
Wannings for spectrum 17 from function peakDetectionCWT() of MassSpecWavelet package: DLL requires the use of native symbols
Wannings for spectrum 17 from function peakDetectionCWT() of MassSpecWavelet package: DLL requires the use of native symbols
Wannings for spectrum 17 from function peakDetectionCWT() of MassSpecWavelet package: DLL requires the use of native symbols
Wannings for spectrum 17 from function peakDetectionCWT() of MassSpecWavelet package: DLL requires the use of native symbols
Wannings for spectrum 17 from function peakDetectionCWT() of MassSpecWavelet package: DLL requires the use of native symbols
Wannings for spectrum 17 from function peakDetectionCWT() of MassSpecWavelet package: DLL requires the use of native symbols
Wannings for spectrum 17 from function peakDetectionCWT() of MassSpecWavelet package: DLL requires the use of native symbols
Spectrum 17 has 0 peaks
Wannings for spectrum 18 from function peakDetectionCWT() of MassSpecWavelet package: DLL requires the use of native symbols
Wannings for spectrum 18 from function peakDetectionCWT() of MassSpecWavelet package: DLL requires the use of native symbols
Wannings for spectrum 18 from function peakDetectionCWT() of MassSpecWavelet package: DLL requires the use of native symbols
Wannings for spectrum 18 from function peakDetectionCWT() of MassSpecWavelet package: DLL requires the use of native symbols
Wannings for spectrum 18 from function peakDetectionCWT() of MassSpecWavelet package: DLL requires the use of native symbols
Wannings for spectrum 18 from function peakDetectionCWT() of MassSpecWavelet package: DLL requires the use of native symbols
Wannings for spectrum 18 from function peakDetectionCWT() of MassSpecWavelet package: DLL requires the use of native symbols
Wannings for spectrum 18 from function peakDetectionCWT() of MassSpecWavelet package: DLL requires the use of native symbols
Spectrum 18 has 0 peaks
Wannings for spectrum 19 from function peakDetectionCWT() of MassSpecWavelet package: DLL requires the use of native symbols
Wannings for spectrum 19 from function peakDetectionCWT() of MassSpecWavelet package: DLL requires the use of native symbols
Wannings for spectrum 19 from function peakDetectionCWT() of MassSpecWavelet package: DLL requires the use of native symbols
Wannings for spectrum 19 from function peakDetectionCWT() of MassSpecWavelet package: DLL requires the use of native symbols
Wannings for spectrum 19 from function peakDetectionCWT() of MassSpecWavelet package: DLL requires the use of native symbols
Wannings for spectrum 19 from function peakDetectionCWT() of MassSpecWavelet package: DLL requires the use of native symbols
Wannings for spectrum 19 from function peakDetectionCWT() of MassSpecWavelet package: DLL requires the use of native symbols
Wannings for spectrum 19 from function peakDetectionCWT() of MassSpecWavelet package: DLL requires the use of native symbols
Spectrum 19 has 0 peaks
Wannings for spectrum 20 from function peakDetectionCWT() of MassSpecWavelet package: DLL requires the use of native symbols
Wannings for spectrum 20 from function peakDetectionCWT() of MassSpecWavelet package: DLL requires the use of native symbols
Wannings for spectrum 20 from function peakDetectionCWT() of MassSpecWavelet package: DLL requires the use of native symbols
Wannings for spectrum 20 from function peakDetectionCWT() of MassSpecWavelet package: DLL requires the use of native symbols
Wannings for spectrum 20 from function peakDetectionCWT() of MassSpecWavelet package: DLL requires the use of native symbols
Wannings for spectrum 20 from function peakDetectionCWT() of MassSpecWavelet package: DLL requires the use of native symbols
Wannings for spectrum 20 from function peakDetectionCWT() of MassSpecWavelet package: DLL requires the use of native symbols
Wannings for spectrum 20 from function peakDetectionCWT() of MassSpecWavelet package: DLL requires the use of native symbols
Spectrum 20 has 0 peaks
--------------------------------
CluPA will run with maxShift= 100
If you want CluPA automatically detect the optimal maxShift,
let try with dohCluster(...,maxShift=NULL,..)
--------------------------------
aligning spectrum 2Warning in min(peakList) :
no non-missing arguments to min; returning Inf
Warning in max(peakList) :
no non-missing arguments to max; returning -Inf
Error in startP:(minpeakList - 1) : result would be too long a vector
Calls: clupaSpectra -> <Anonymous> -> .withMaxShift -> hClustAlign
Execution halted
- checking for unstated dependencies in ‘tests’ ... OK
- checking tests ... [1s/1s] OK
Running ‘tinytest.R’ [1s/1s]
- checking for unstated dependencies in vignettes ... OK
- checking package vignettes in ‘inst/doc’ ... OK
- checking running R code from vignettes ... [0s/0s] NONE
‘ChemoSpec.Rmd’ using ‘UTF-8’... [0s/0s] OK
- checking re-building of vignette outputs ... [23s/26s] OK
- checking PDF version of manual ... [5s/6s] OK
- DONE
Status: 1 ERROR
- using check arguments '--no-clean-on-error '