- using R Under development (unstable) (2025-07-21 r88439 ucrt)
- using platform: x86_64-w64-mingw32
- R was compiled by
gcc.exe (GCC) 14.2.0
GNU Fortran (GCC) 14.2.0
- running under: Windows Server 2022 x64 (build 20348)
- using session charset: UTF-8
- checking for file 'vcr/DESCRIPTION' ... OK
- this is package 'vcr' version '1.7.0'
- package encoding: UTF-8
- checking package namespace information ... OK
- checking package dependencies ... OK
- checking if this is a source package ... OK
- checking if there is a namespace ... OK
- checking for hidden files and directories ... OK
- checking for portable file names ... OK
- checking whether package 'vcr' can be installed ... OK
See the install log for details.
- checking installed package size ... INFO
installed size is 8.6Mb
sub-directories of 1Mb or more:
doc 7.4Mb
- checking package directory ... OK
- checking 'build' directory ... OK
- checking DESCRIPTION meta-information ... OK
- checking top-level files ... OK
- checking for left-over files ... OK
- checking index information ... OK
- checking package subdirectories ... OK
- checking code files for non-ASCII characters ... OK
- checking R files for syntax errors ... OK
- checking whether the package can be loaded ... [1s] OK
- checking whether the package can be loaded with stated dependencies ... [1s] OK
- checking whether the package can be unloaded cleanly ... [1s] OK
- checking whether the namespace can be loaded with stated dependencies ... [1s] OK
- checking whether the namespace can be unloaded cleanly ... [1s] OK
- checking loading without being on the library search path ... [1s] OK
- checking whether startup messages can be suppressed ... [1s] OK
- checking use of S3 registration ... OK
- checking dependencies in R code ... OK
- checking S3 generic/method consistency ... OK
- checking replacement functions ... OK
- checking foreign function calls ... OK
- checking R code for possible problems ... [5s] OK
- checking Rd files ... [2s] OK
- checking Rd metadata ... OK
- checking Rd cross-references ... OK
- checking for missing documentation entries ... OK
- checking for code/documentation mismatches ... OK
- checking Rd \usage sections ... OK
- checking Rd contents ... OK
- checking for unstated dependencies in examples ... OK
- checking contents of 'data' directory ... OK
- checking data for non-ASCII characters ... [0s] OK
- checking LazyData ... OK
- checking data for ASCII and uncompressed saves ... OK
- checking installed files from 'inst/doc' ... OK
- checking files in 'vignettes' ... OK
- checking examples ... [3s] OK
- checking for unstated dependencies in 'tests' ... OK
- checking tests ... [12s] ERROR
Running 'test-all.R' [12s]
Running the tests in 'tests/test-all.R' failed.
Complete output:
> library("testthat")
> library('vcr')
> test_check("vcr")
using base url for tests: https://hb.cran.dev
[ FAIL 1 | WARN 10 | SKIP 50 | PASS 501 ]
══ Skipped tests (50) ══════════════════════════════════════════════════════════
• Did not find: '../../man/vcr_configure.Rd' (1): 'test-configuration.R:53:3'
• On CRAN (49): 'test-RequestHandler.R:1:1', 'test-RequestIgnorer.R:41:3',
'test-RequestIgnorer.R:83:3', 'test-ause_cassette.R:6:3',
'test-ause_cassette_match_body_empty_body.R:2:3',
'test-ause_cassette_match_query.R:11:3',
'test-ause_cassette_match_requests_on.R:2:3',
'test-ause_cassette_match_requests_on.R:129:3',
'test-ause_cassette_match_requests_on_json.R:6:3',
'test-ause_cassette_match_requests_on_json.R:63:3',
'test-ause_cassette_re_record.R:15:3',
'test-ause_cassette_record_modes.R:13:3',
'test-ause_cassette_record_modes.R:54:3',
'test-ause_cassette_record_modes.R:80:3',
'test-ause_cassette_record_modes.R:126:3',
'test-ause_cassette_write_to_disk.R:8:3',
'test-ause_cassette_write_to_disk.R:39:3',
'test-ause_cassette_write_to_disk.R:67:3',
'test-ause_cassette_write_to_disk_binary_files.R:7:3',
'test-ause_cassette_write_to_disk_binary_files.R:42:3',
'test-ause_cassette_write_to_disk_binary_files.R:104:3',
'test-binary_images.R:7:3', 'test-binary_images.R:57:3',
'test-check_cassette_names.R:2:3', 'test-crul.R:1:1',
'test-filter-sensitive-strings.R:1:1', 'test-filter_headers.R:4:3',
'test-filter_headers.R:61:3', 'test-filter_headers.R:106:3',
'test-filter_headers.R:138:3', 'test-filter_headers.R:185:3',
'test-filter_headers.R:233:3', 'test-filter_query_parameters.R:10:3',
'test-filter_query_parameters.R:57:3',
'test-filter_query_parameters.R:104:3',
'test-filter_query_parameters.R:154:3',
'test-filter_query_parameters.R:199:3', 'test-httr.R:1:1',
'test-httr2.R:1:1', 'test-request_summary.R:10:3',
'test-response_summary.R:13:3', 'test-response_summary.R:29:3',
'test-response_summary.R:47:3', 'test-serializers_json.R:22:3',
'test-use_vcr.R:4:3', 'test-vcr_test_path.R:2:3',
'test-vcr_test_path.R:24:3', 'test-vcr_test_path.R:46:3',
'test-write_disk_path_package_context.R:4:3'
══ Failed tests ════════════════════════════════════════════════════════════════
── Error ('test-localhost_port.R:25:3'): testing against localhost port works ──
Error in `readLines(con, warn = readLines.warn)`: cannot open the connection
Backtrace:
▆
1. └─yaml::yaml.load_file(path) at test-localhost_port.R:25:3
2. ├─yaml::yaml.load(...)
3. │ └─base::paste(string, collapse = "\n")
4. └─base::readLines(con, warn = readLines.warn)
[ FAIL 1 | WARN 10 | SKIP 50 | PASS 501 ]
Error: Test failures
Execution halted
- checking for unstated dependencies in vignettes ... OK
- checking package vignettes ... OK
- checking re-building of vignette outputs ... [25s] OK
- checking PDF version of manual ... [23s] OK
- checking HTML version of manual ... [10s] OK
- DONE
Status: 1 ERROR