- using R Under development (unstable) (2023-09-29 r85235 ucrt)
- using platform: x86_64-w64-mingw32
- R was compiled by
gcc.exe (GCC) 12.2.0
GNU Fortran (GCC) 12.2.0
- running under: Windows Server 2022 x64 (build 20348)
- using session charset: UTF-8
- checking for file 'validatetools/DESCRIPTION' ... OK
- this is package 'validatetools' version '0.5.0'
- package encoding: UTF-8
- checking package namespace information ... OK
- checking package dependencies ... OK
- checking if this is a source package ... OK
- checking if there is a namespace ... OK
- checking for hidden files and directories ... OK
- checking for portable file names ... OK
- checking whether package 'validatetools' can be installed ... OK
See the install log for details.
- checking installed package size ... OK
- checking package directory ... OK
- checking DESCRIPTION meta-information ... OK
- checking top-level files ... OK
- checking for left-over files ... OK
- checking index information ... OK
- checking package subdirectories ... OK
- checking R files for non-ASCII characters ... OK
- checking R files for syntax errors ... OK
- checking whether the package can be loaded ... [1s] OK
- checking whether the package can be loaded with stated dependencies ... [1s] OK
- checking whether the package can be unloaded cleanly ... [1s] OK
- checking whether the namespace can be loaded with stated dependencies ... [1s] OK
- checking whether the namespace can be unloaded cleanly ... [1s] OK
- checking loading without being on the library search path ... [1s] OK
- checking use of S3 registration ... OK
- checking dependencies in R code ... OK
- checking S3 generic/method consistency ... OK
- checking replacement functions ... OK
- checking foreign function calls ... OK
- checking R code for possible problems ... [5s] OK
- checking Rd files ... [1s] OK
- checking Rd metadata ... OK
- checking Rd cross-references ... OK
- checking for missing documentation entries ... OK
- checking for code/documentation mismatches ... OK
- checking Rd \usage sections ... OK
- checking Rd contents ... OK
- checking for unstated dependencies in examples ... OK
- checking LazyData ... NOTE
'LazyData' is specified without a 'data' directory
- checking examples ... [3s] OK
- checking for unstated dependencies in 'tests' ... OK
- checking tests ... [7s] ERROR
Running 'testthat.R' [6s]
Running the tests in 'tests/testthat.R' failed.
Complete output:
> library(testthat)
> library(validatetools)
Loading required package: validate
Attaching package: 'validate'
The following object is masked from 'package:testthat':
compare
>
> test_check("validatetools")
[ FAIL 2 | WARN 3 | SKIP 2 | PASS 205 ]
══ Skipped tests (2) ═══════════════════════════════════════════════════════════
• empty test (2): 'test-detect_fixed_values.R:46:1', 'test-redundancy.R:17:1'
══ Failed tests ════════════════════════════════════════════════════════════════
── Failure ('test-contradicted.R:27:3'): is_contradicted_by works for multiple rules (IIS) ──
`rules_cd` not equal to c("r2", "r1").
Lengths differ: 0 is not 2
── Failure ('test-substitute_values.R:114:3'): Sander issue 12 ─────────────────
exprs_s$r2 not equal to quote(if (x < -500) x <= 100).
target, current do not match when deparsed
[ FAIL 2 | WARN 3 | SKIP 2 | PASS 205 ]
Error: Test failures
Execution halted
- checking PDF version of manual ... [22s] OK
- checking HTML version of manual ... [4s] OK
- DONE
Status: 1 ERROR, 1 NOTE