- using R Under development (unstable) (2025-11-12 r89009 ucrt)
- using platform: x86_64-w64-mingw32
- R was compiled by
gcc.exe (GCC) 14.3.0
GNU Fortran (GCC) 14.3.0
- running under: Windows Server 2022 x64 (build 20348)
- using session charset: UTF-8
- checking for file 'sparsevctrs/DESCRIPTION' ... OK
- this is package 'sparsevctrs' version '0.3.4'
- package encoding: UTF-8
- checking package namespace information ... OK
- checking package dependencies ... OK
- checking if this is a source package ... OK
- checking if there is a namespace ... OK
- checking for hidden files and directories ... OK
- checking for portable file names ... OK
- checking whether package 'sparsevctrs' can be installed ... OK
See the install log for details.
- used C compiler: 'gcc.exe (GCC) 14.3.0'
- checking installed package size ... OK
- checking package directory ... OK
- checking 'build' directory ... OK
- checking DESCRIPTION meta-information ... OK
- checking top-level files ... OK
- checking for left-over files ... OK
- checking index information ... OK
- checking package subdirectories ... OK
- checking code files for non-ASCII characters ... OK
- checking R files for syntax errors ... OK
- checking whether the package can be loaded ... [1s] OK
- checking whether the package can be loaded with stated dependencies ... [0s] OK
- checking whether the package can be unloaded cleanly ... [1s] OK
- checking whether the namespace can be loaded with stated dependencies ... [0s] OK
- checking whether the namespace can be unloaded cleanly ... [1s] OK
- checking loading without being on the library search path ... [1s] OK
- checking use of S3 registration ... OK
- checking dependencies in R code ... OK
- checking S3 generic/method consistency ... OK
- checking replacement functions ... OK
- checking foreign function calls ... OK
- checking R code for possible problems ... [4s] OK
- checking Rd files ... [1s] OK
- checking Rd metadata ... OK
- checking Rd cross-references ... OK
- checking for missing documentation entries ... OK
- checking for code/documentation mismatches ... OK
- checking Rd \usage sections ... OK
- checking Rd contents ... OK
- checking for unstated dependencies in examples ... OK
- checking line endings in C/C++/Fortran sources/headers ... OK
- checking pragmas in C/C++ headers and code ... OK
- checking compiled code ... OK
- checking installed files from 'inst/doc' ... OK
- checking files in 'vignettes' ... OK
- checking examples ... [6s] OK
- checking for unstated dependencies in 'tests' ... OK
- checking tests ... [11s] ERROR
Running 'testthat.R' [10s]
Running the tests in 'tests/testthat.R' failed.
Complete output:
> # This file is part of the standard setup for testthat.
> # It is recommended that you do not modify it.
> #
> # Where should you do additional test configuration?
> # Learn more about the roles of various files in:
> # * https://r-pkgs.org/testing-design.html#sec-tests-files-overview
> # * https://testthat.r-lib.org/articles/special-files.html
>
> library(testthat)
> library(sparsevctrs)
>
> test_check("sparsevctrs")
[ FAIL 2 | WARN 0 | SKIP 30 | PASS 687 ]
══ Skipped tests (30) ══════════════════════════════════════════════════════════
• On CRAN (30): 'test-coerce.R:289:3', 'test-coerce.R:322:3',
'test-coerce.R:350:3', 'test-coerce.R:419:3', 'test-coerce.R:426:3',
'test-coerce.R:441:3', 'test-coerce.R:494:3', 'test-coerce.R:501:3',
'test-coerce.R:516:3', 'test-sparse_character.R:3:3',
'test-sparse_character.R:242:3', 'test-sparse_character.R:283:3',
'test-sparse_character.R:308:3', 'test-sparse_double.R:8:3',
'test-sparse_double.R:260:3', 'test-sparse_double.R:307:3',
'test-sparse_double.R:408:3', 'test-sparse_double.R:449:3',
'test-sparse_double.R:474:3', 'test-sparse_dummy.R:242:3',
'test-sparse_integer.R:8:3', 'test-sparse_integer.R:264:3',
'test-sparse_integer.R:311:3', 'test-sparse_integer.R:413:3',
'test-sparse_integer.R:454:3', 'test-sparse_integer.R:479:3',
'test-sparse_logical.R:3:3', 'test-sparse_logical.R:261:3',
'test-sparse_logical.R:297:3', 'test-sparsity.R:129:3'
══ Failed tests ════════════════════════════════════════════════════════════════
── Failure ('test-sparse_replace_na.R:46:3'): sparse_replace() works - characters ──
`res` (`actual`) not identical to `exp` (`expected`).
`actual[1:4]`: "M" "A" "B" ""
`expected[1:4]`: NA "A" "B" ""
── Failure ('test-sparse_replace_na.R:54:3'): sparse_replace() works - characters ──
`res` (`actual`) not identical to `exp` (`expected`).
`actual[1:4]`: "0" "A" "B" ""
`expected[1:4]`: NA "A" "B" ""
[ FAIL 2 | WARN 0 | SKIP 30 | PASS 687 ]
Error: Test failures
Execution halted
- checking for unstated dependencies in vignettes ... OK
- checking package vignettes ... OK
- checking re-building of vignette outputs ... [2s] OK
- checking PDF version of manual ... [19s] OK
- checking HTML version of manual ... [4s] OK
- DONE
Status: 1 ERROR