• using R Under development (unstable) (2023-02-03 r83757 ucrt)
  • using platform: x86_64-w64-mingw32 (64-bit)
  • R was compiled by
        gcc.exe (GCC) 12.2.0
        GNU Fortran (GCC) 12.2.0
  • running under: Windows Server 2022 x64 (build 20348)
  • using session charset: UTF-8
  • checking for file 'sf/DESCRIPTION' ... OK
  • this is package 'sf' version '1.0-9'
  • package encoding: UTF-8
  • checking package namespace information ... OK
  • checking package dependencies ... OK
  • checking if this is a source package ... OK
  • checking if there is a namespace ... OK
  • checking for hidden files and directories ... OK
  • checking for portable file names ... OK
  • checking whether package 'sf' can be installed ... ERROR
    Installation failed.
    See 'd:/Rcompile/CRANpkg/local/4.3/sf.Rcheck/00install.out' for details.
  • DONE
    See https://www.r-project.org/nosvn/R.check/r-devel-windows-x86_64/sf-00install.html for details.