- using R version 4.4.0 alpha (2024-03-26 r86209 ucrt)
- using platform: x86_64-w64-mingw32
- R was compiled by
gcc.exe (GCC) 13.2.0
GNU Fortran (GCC) 13.2.0
- running under: Windows Server 2022 x64 (build 20348)
- using session charset: UTF-8
- checking for file 'rlang/DESCRIPTION' ... OK
- this is package 'rlang' version '1.1.3'
- package encoding: UTF-8
- checking package namespace information ... OK
- checking package dependencies ... OK
- checking if this is a source package ... OK
- checking if there is a namespace ... OK
- checking for hidden files and directories ... OK
- checking for portable file names ... OK
- checking whether package 'rlang' can be installed ... OK
See the install log for details.
- used C compiler: 'gcc.exe (GCC) 13.2.0'
- checking installed package size ... OK
- checking package directory ... OK
- checking DESCRIPTION meta-information ... OK
- checking top-level files ... OK
- checking for left-over files ... OK
- checking index information ... OK
- checking package subdirectories ... OK
- checking code files for non-ASCII characters ... OK
- checking R files for syntax errors ... OK
- checking whether the package can be loaded ... [0s] OK
- checking whether the package can be loaded with stated dependencies ... [0s] OK
- checking whether the package can be unloaded cleanly ... [0s] OK
- checking whether the namespace can be loaded with stated dependencies ... [0s] OK
- checking whether the namespace can be unloaded cleanly ... [1s] OK
- checking loading without being on the library search path ... [1s] OK
- checking whether startup messages can be suppressed ... [1s] OK
- checking use of S3 registration ... OK
- checking dependencies in R code ... OK
- checking S3 generic/method consistency ... OK
- checking replacement functions ... OK
- checking foreign function calls ... OK
- checking R code for possible problems ... [17s] OK
- checking Rd files ... [4s] OK
- checking Rd metadata ... OK
- checking Rd cross-references ... OK
- checking for missing documentation entries ... OK
- checking for code/documentation mismatches ... OK
- checking Rd \usage sections ... OK
- checking Rd contents ... OK
- checking for unstated dependencies in examples ... OK
- checking line endings in C/C++/Fortran sources/headers ... OK
- checking line endings in Makefiles ... OK
- checking compilation flags in Makevars ... OK
- checking for GNU extensions in Makefiles ... OK
- checking for portable use of $(BLAS_LIBS) and $(LAPACK_LIBS) ... OK
- checking use of PKG_*FLAGS in Makefiles ... OK
- checking include directives in Makefiles ... OK
- checking pragmas in C/C++ headers and code ... OK
- checking compiled code ... OK
- checking examples ... [5s] ERROR
Running examples in 'rlang-Ex.R' failed
The error most likely occurred in:
> ### Name: eval_bare
> ### Title: Evaluate an expression in an environment
> ### Aliases: eval_bare
>
> ### ** Examples
>
> # eval_bare() works just like base::eval() but you have to create
> # the evaluation environment yourself:
> eval_bare(quote(foo), env(foo = "bar"))
[1] "bar"
>
> # eval() has different evaluation semantics than eval_bare(). It
> # can return from the supplied environment even if its an
> # environment that is not on the call stack (i.e. because you've
> # created it yourself). The following would trigger an error with
> # eval_bare():
> ret <- quote(return("foo"))
> eval(ret, env())
[1] "foo"
> # eval_bare(ret, env()) # "no function to return from" error
>
> # Another feature of eval() is that you can control surround loops:
> bail <- quote(break)
> while (TRUE) {
+ eval(bail)
+ # eval_bare(bail) # "no loop for break/next" error
+ }
- checking for unstated dependencies in 'tests' ... OK
- checking tests ... [120s] OK
Running 'sink.R' [0s]
Running 'testthat.R' [120s]
- checking PDF version of manual ... [32s] OK
- checking HTML version of manual ... [38s] OK
- DONE
Status: 1 ERROR