- using R Under development (unstable) (2022-06-30 r82540 ucrt)
- using platform: x86_64-w64-mingw32 (64-bit)
- using session charset: UTF-8
- checking for file 'piecemaker/DESCRIPTION' ... OK
- this is package 'piecemaker' version '1.0.1'
- package encoding: UTF-8
- checking package namespace information ... OK
- checking package dependencies ... OK
- checking if this is a source package ... OK
- checking if there is a namespace ... OK
- checking for hidden files and directories ... OK
- checking for portable file names ... OK
- checking whether package 'piecemaker' can be installed ... OK
- checking installed package size ... OK
- checking package directory ... OK
- checking DESCRIPTION meta-information ... OK
- checking top-level files ... OK
- checking for left-over files ... OK
- checking index information ... OK
- checking package subdirectories ... OK
- checking R files for non-ASCII characters ... OK
- checking R files for syntax errors ... OK
- checking whether the package can be loaded ... OK
- checking whether the package can be loaded with stated dependencies ... OK
- checking whether the package can be unloaded cleanly ... OK
- checking whether the namespace can be loaded with stated dependencies ... OK
- checking whether the namespace can be unloaded cleanly ... OK
- checking loading without being on the library search path ... OK
- checking use of S3 registration ... OK
- checking dependencies in R code ... OK
- checking S3 generic/method consistency ... OK
- checking replacement functions ... OK
- checking foreign function calls ... OK
- checking R code for possible problems ... [3s] OK
- checking Rd files ... [1s] OK
- checking Rd metadata ... OK
- checking Rd cross-references ... OK
- checking for missing documentation entries ... OK
- checking for code/documentation mismatches ... OK
- checking Rd \usage sections ... OK
- checking Rd contents ... OK
- checking for unstated dependencies in examples ... OK
- checking R/sysdata.rda ... OK
- checking examples ... [1s] OK
- checking for unstated dependencies in 'tests' ... OK
- checking tests ... [2s] ERROR
Running 'testthat.R' [2s]
Running the tests in 'tests/testthat.R' failed.
Complete output:
> library(testthat)
> library(piecemaker)
>
> test_check("piecemaker")
[ FAIL 1 | WARN 2 | SKIP 0 | PASS 23 ]
══ Failed tests ════════════════════════════════════════════════════════════════
── Error (test-clean.R:33:3): Can validate UTF8 ────────────────────────────────
<encoding_error/rlang_error/error/condition>
Error in `FUN(X[[i]], ...)`: Unsupported string type in <fa><b4><bf><bf><9f>
Backtrace:
▆
1. ├─testthat::expect_error(...) at test-clean.R:33:2
2. │ └─testthat:::expect_condition_matching(...)
3. │ └─testthat:::quasi_capture(...)
4. │ ├─testthat (local) .capture(...)
5. │ │ └─base::withCallingHandlers(...)
6. │ └─rlang::eval_bare(quo_get_expr(.quo), quo_get_env(.quo))
7. └─piecemaker::validate_utf8(bad_character)
8. └─base::vapply(...)
9. └─piecemaker (local) FUN(X[[i]], ...)
10. └─rlang::abort(message = error_message, class = "encoding_error")
[ FAIL 1 | WARN 2 | SKIP 0 | PASS 23 ]
Error: Test failures
Execution halted
- checking PDF version of manual ... OK
- DONE
Status: 1 ERROR