- using R Under development (unstable) (2025-10-31 r88977 ucrt)
- using platform: x86_64-w64-mingw32
- R was compiled by
gcc.exe (GCC) 14.3.0
GNU Fortran (GCC) 14.3.0
- running under: Windows Server 2022 x64 (build 20348)
- using session charset: UTF-8
- checking for file 'opengraph/DESCRIPTION' ... OK
- this is package 'opengraph' version '0.0.3'
- package encoding: UTF-8
- checking package namespace information ... OK
- checking package dependencies ... OK
- checking if this is a source package ... OK
- checking if there is a namespace ... OK
- checking for hidden files and directories ... OK
- checking for portable file names ... OK
- checking whether package 'opengraph' can be installed ... OK
See the install log for details.
- checking installed package size ... OK
- checking package directory ... OK
- checking DESCRIPTION meta-information ... OK
- checking top-level files ... OK
- checking for left-over files ... OK
- checking index information ... OK
- checking package subdirectories ... OK
- checking code files for non-ASCII characters ... OK
- checking R files for syntax errors ... OK
- checking whether the package can be loaded ... [0s] OK
- checking whether the package can be loaded with stated dependencies ... [0s] OK
- checking whether the package can be unloaded cleanly ... [0s] OK
- checking whether the namespace can be loaded with stated dependencies ... [0s] OK
- checking whether the namespace can be unloaded cleanly ... [0s] OK
- checking loading without being on the library search path ... [0s] OK
- checking use of S3 registration ... OK
- checking dependencies in R code ... OK
- checking S3 generic/method consistency ... OK
- checking replacement functions ... OK
- checking foreign function calls ... OK
- checking R code for possible problems ... [2s] OK
- checking Rd files ... [0s] OK
- checking Rd metadata ... OK
- checking Rd cross-references ... OK
- checking for missing documentation entries ... OK
- checking for code/documentation mismatches ... OK
- checking Rd \usage sections ... OK
- checking Rd contents ... OK
- checking for unstated dependencies in examples ... OK
- checking examples ... [2s] OK
- checking for unstated dependencies in 'tests' ... OK
- checking tests ... [3s] ERROR
Running 'spelling.R' [0s]
Running 'testthat.R' [2s]
Running the tests in 'tests/testthat.R' failed.
Complete output:
> # This file is part of the standard setup for testthat.
> # It is recommended that you do not modify it.
> #
> # Where should you do additional test configuration?
> # Learn more about the roles of various files in:
> # * https://r-pkgs.org/testing-design.html#sec-tests-files-overview
> # * https://testthat.r-lib.org/articles/special-files.html
>
> library(testthat)
> library(opengraph)
>
> test_check('opengraph')
[ FAIL 2 | WARN 0 | SKIP 0 | PASS 8 ]
══ Failed tests ════════════════════════════════════════════════════════════════
── Failure ('test-property.R:3:3'): og_property works ──────────────────────────
og_property("https://www.rstudio.com", "og:title") (`actual`) isn't fully contained within c("Posit", NA_character_) (`expected`).
* Missing from `expected`: "Posit | The Open-Source Data Science Company"
* Present in `expected`: "Posit", NA
── Failure ('test-validate.R:7:3'): og_validate() works ────────────────────────
og_validate(web) (`actual`) not equal to TRUE (`expected`).
`actual`: FALSE
`expected`: TRUE
[ FAIL 2 | WARN 0 | SKIP 0 | PASS 8 ]
Error: Test failures
Execution halted
- checking PDF version of manual ... [18s] OK
- checking HTML version of manual ... [1s] OK
- DONE
Status: 1 ERROR