- using R Under development (unstable) (2025-10-06 r88901 ucrt)
- using platform: x86_64-w64-mingw32
- R was compiled by
gcc.exe (GCC) 14.2.0
GNU Fortran (GCC) 14.2.0
- running under: Windows Server 2022 x64 (build 20348)
- using session charset: UTF-8
- checking for file 'micsr/DESCRIPTION' ... OK
- this is package 'micsr' version '0.1-3'
- package encoding: UTF-8
- checking package namespace information ... OK
- checking package dependencies ... OK
- checking if this is a source package ... OK
- checking if there is a namespace ... OK
- checking for hidden files and directories ... OK
- checking for portable file names ... OK
- checking whether package 'micsr' can be installed ... OK
See the install log for details.
- used C++ compiler: 'g++.exe (GCC) 14.2.0'
- checking installed package size ... OK
- checking package directory ... OK
- checking 'build' directory ... OK
- checking DESCRIPTION meta-information ... OK
- checking top-level files ... OK
- checking for left-over files ... OK
- checking index information ... OK
- checking package subdirectories ... OK
- checking code files for non-ASCII characters ... OK
- checking R files for syntax errors ... OK
- checking whether the package can be loaded ... [2s] OK
- checking whether the package can be loaded with stated dependencies ... [2s] OK
- checking whether the package can be unloaded cleanly ... [2s] OK
- checking whether the namespace can be loaded with stated dependencies ... [2s] OK
- checking whether the namespace can be unloaded cleanly ... [2s] OK
- checking loading without being on the library search path ... [2s] OK
- checking use of S3 registration ... OK
- checking dependencies in R code ... OK
- checking S3 generic/method consistency ... OK
- checking replacement functions ... OK
- checking foreign function calls ... OK
- checking R code for possible problems ... [18s] OK
- checking Rd files ... [3s] OK
- checking Rd metadata ... OK
- checking Rd cross-references ... OK
- checking for missing documentation entries ... OK
- checking for code/documentation mismatches ... OK
- checking Rd \usage sections ... OK
- checking Rd contents ... OK
- checking for unstated dependencies in examples ... OK
- checking contents of 'data' directory ... OK
- checking data for non-ASCII characters ... [1s] OK
- checking LazyData ... OK
- checking data for ASCII and uncompressed saves ... OK
- checking line endings in C/C++/Fortran sources/headers ... OK
- checking pragmas in C/C++ headers and code ... OK
- checking compiled code ... OK
- checking sizes of PDF files under 'inst/doc' ... OK
- checking installed files from 'inst/doc' ... OK
- checking files in 'vignettes' ... OK
- checking examples ... [21s] OK
- checking for unstated dependencies in 'tests' ... OK
- checking tests ... [56s] OK
Running 'tinytest.R' [55s]
- checking for unstated dependencies in vignettes ... OK
- checking package vignettes ... OK
- checking re-building of vignette outputs ... [238s] WARNING
Error(s) in re-building vignettes:
--- re-building 'charitable.qmd' using pdf
processing file: charitable.qmd
output file: charitable.knit.md
pandoc
to: latex
output-file: charitable.tex
standalone: true
pdf-engine: xelatex
variables:
graphics: true
tables: true
default-image-extension: pdf
metadata
documentclass: scrartcl
classoption:
- DIV=11
- numbers=noendperiod
papersize: letter
header-includes:
- \KOMAoption{captions}{tableheading}
block-headings: true
title: Estimating the Tobit-1 model with the charitable data set
date: today
date-format: long
bibliography:
- ../inst/REFERENCES.bib
vignette: |
%\VignetteIndexEntry{Estimating the Tobit-1 model with the charitable data set} %\VignetteEngine{quarto::pdf} %\VignetteEncoding{UTF-8}
Rendering PDF
running xelatex - 1
This is XeTeX, Version 3.141592653-2.6-0.999994 (MiKTeX 23.1) (preloaded format=xelatex.fmt)
restricted \write18 enabled.
entering extended mode
ERROR:
compilation failed- missing packages (automatic installed disabled)
LaTeX Error: Environment tblr undefined.
See the LaTeX manual or LaTeX Companion for explanation.
Type H <return> for immediate help.
...
l.326 \begin{tblr}
[ %% tabularray outer open
see charitable.log for more information.
Error: processing vignette 'charitable.qmd' failed with diagnostics:
! Error running quarto CLI from R.
Caused by error:
! Could not evaluate cli `{}` expression: `captions`.
Caused by error:
! object 'captions' not found
--- failed re-building 'charitable.qmd'
--- re-building 'escount.qmd' using pdf
processing file: escount.qmd
output file: escount.knit.md
pandoc
to: latex
output-file: escount.tex
standalone: true
pdf-engine: xelatex
variables:
graphics: true
tables: true
default-image-extension: pdf
metadata
documentclass: scrartcl
classoption:
- DIV=11
- numbers=noendperiod
papersize: letter
header-includes:
- \KOMAoption{captions}{tableheading}
block-headings: true
title: Endogenous switching or sample selection models for count data
date: today
date-format: long
bibliography:
- ../inst/REFERENCES.bib
vignette: |
%\VignetteIndexEntry{Endogenous switching or sample selection models for count data} %\VignetteEngine{quarto::pdf} %\VignetteEncoding{UTF-8}
Rendering PDF
running xelatex - 1
This is XeTeX, Version 3.141592653-2.6-0.999994 (MiKTeX 23.1) (preloaded format=xelatex.fmt)
restricted \write18 enabled.
entering extended mode
running xelatex - 2
This is XeTeX, Version 3.141592653-2.6-0.999994 (MiKTeX 23.1) (preloaded format=xelatex.fmt)
restricted \write18 enabled.
entering extended mode
Output created: escount.pdf
--- finished re-building 'escount.qmd'
--- re-building 'expreg.qmd' using pdf
processing file: expreg.qmd
output file: expreg.knit.md
pandoc
to: latex
output-file: expreg.tex
standalone: true
pdf-engine: xelatex
variables:
graphics: true
tables: true
default-image-extension: pdf
metadata
documentclass: scrartcl
classoption:
- DIV=11
- numbers=noendperiod
papersize: letter
header-includes:
- \KOMAoption{captions}{tableheading}
block-headings: true
title: Exponentional conditional mean models with endogeneity
date: today
date-format: long
bibliography:
- ../inst/REFERENCES.bib
vignette: |
%\VignetteIndexEntry{Exponentional conditional mean models with endogeneity} %\VignetteEngine{quarto::pdf} %\VignetteEncoding{UTF-8}
Rendering PDF
running xelatex - 1
This is XeTeX, Version 3.141592653-2.6-0.999994 (MiKTeX 23.1) (preloaded format=xelatex.fmt)
restricted \write18 enabled.
entering extended mode
running xelatex - 2
This is XeTeX, Version 3.141592653-2.6-0.999994 (MiKTeX 23.1) (preloaded format=xelatex.fmt)
restricted \write18 enabled.
entering extended mode
Output created: expreg.pdf
--- finished re-building 'expreg.qmd'
--- re-building 'lm_function.qmd' using pdf
processing file: lm_function.qmd
output file: lm_function.knit.md
pandoc
to: latex
output-file: lm_function.tex
standalone: true
pdf-engine: xelatex
variables:
graphics: true
tables: true
default-image-extension: pdf
metadata
documentclass: scrartcl
classoption:
- DIV=11
- numbers=noendperiod
papersize: letter
header-includes:
- \KOMAoption{captions}{tableheading}
block-headings: true
title: lm function
date: today
date-format: long
bibliography:
- ../inst/REFERENCES.bib
vignette: |
%\VignetteIndexEntry{lm function} %\VignetteEngine{quarto::pdf} %\VignetteEncoding{UTF-8}
Rendering PDF
running xelatex - 1
This is XeTeX, Version 3.141592653-2.6-0.999994 (MiKTeX 23.1) (preloaded format=xelatex.fmt)
restricted \write18 enabled.
entering extended mode
running xelatex - 2
This is XeTeX, Version 3.141592653-2.6-0.999994 (MiKTeX 23.1) (preloaded format=xelatex.fmt)
restricted \write18 enabled.
entering extended mode
Output created: lm_function.pdf
--- finished re-building 'lm_function.qmd'
--- re-building 'micsr_objects.qmd' using pdf
processing file: micsr_objects.qmd
output file: micsr_objects.knit.md
pandoc
to: latex
output-file: micsr_objects.tex
standalone: true
pdf-engine: xelatex
variables:
graphics: true
tables: true
default-image-extension: pdf
metadata
documentclass: scrartcl
classoption:
- DIV=11
- numbers=noendperiod
papersize: letter
header-includes:
- \KOMAoption{captions}{tableheading}
block-headings: true
title: micsr objects
date: today
date-format: long
bibliography:
- ../inst/REFERENCES.bib
vignette: |
%\VignetteIndexEntry{micsr objects} %\VignetteEngine{quarto::pdf} %\VignetteEncoding{UTF-8}
Rendering PDF
running xelatex - 1
This is XeTeX, Version 3.141592653-2.6-0.999994 (MiKTeX 23.1) (preloaded format=xelatex.fmt)
restricted \write18 enabled.
entering extended mode
running xelatex - 2
This is XeTeX, Version 3.141592653-2.6-0.999994 (MiKTeX 23.1) (preloaded format=xelatex.fmt)
restricted \write18 enabled.
entering extended mode
Output created: micsr_objects.pdf
--- finished re-building 'micsr_objects.qmd'
--- re-building 'ndvuong.qmd' using pdf
processing file: ndvuong.qmd
output file: ndvuong.knit.md
pandoc
to: latex
output-file: ndvuong.tex
standalone: true
pdf-engine: xelatex
variables:
graphics: true
tables: true
default-image-extension: pdf
metadata
documentclass: scrartcl
classoption:
- DIV=11
- numbers=noendperiod
papersize: letter
header-includes:
- \KOMAoption{captions}{tableheading}
block-headings: true
title: Implementation of Shi's non-degeranate Vuong test
date: today
date-format: long
bibliography:
- ../inst/REFERENCES.bib
vignette: |
%\VignetteIndexEntry{Implementation of Shi's non-degeranate Vuong test} %\VignetteEngine{quarto::pdf} %\VignetteEncoding{UTF-8}
Rendering PDF
running xelatex - 1
This is XeTeX, Version 3.141592653-2.6-0.999994 (MiKTeX 23.1) (preloaded format=xelatex.fmt)
restricted \write18 enabled.
entering extended mode
running xelatex - 2
This is XeTeX, Version 3.141592653-2.6-0.999994 (MiKTeX 23.1) (preloaded format=xelatex.fmt)
restricted \write18 enabled.
entering extended mode
Output created: ndvuong.pdf
--- finished re-building 'ndvuong.qmd'
SUMMARY: processing the following file failed:
'charitable.qmd'
Error: Vignette re-building failed.
Execution halted
- checking PDF version of manual ... [22s] OK
- checking HTML version of manual ... [9s] OK
- DONE
Status: 1 WARNING