- using R Under development (unstable) (2025-06-30 r88369 ucrt)
- using platform: x86_64-w64-mingw32
- R was compiled by
gcc.exe (GCC) 14.2.0
GNU Fortran (GCC) 14.2.0
- running under: Windows Server 2022 x64 (build 20348)
- using session charset: UTF-8
- checking for file 'mapview/DESCRIPTION' ... OK
- this is package 'mapview' version '2.11.2'
- package encoding: UTF-8
- checking package namespace information ... OK
- checking package dependencies ... OK
- checking if this is a source package ... OK
- checking if there is a namespace ... OK
- checking for hidden files and directories ... OK
- checking for portable file names ... OK
- checking whether package 'mapview' can be installed ... OK
See the install log for details.
- checking installed package size ... OK
- checking package directory ... OK
- checking DESCRIPTION meta-information ... OK
- checking top-level files ... OK
- checking for left-over files ... OK
- checking index information ... OK
- checking package subdirectories ... OK
- checking code files for non-ASCII characters ... OK
- checking R files for syntax errors ... OK
- checking whether the package can be loaded ... [8s] OK
- checking whether the package can be loaded with stated dependencies ... [8s] OK
- checking whether the package can be unloaded cleanly ... [8s] OK
- checking whether the namespace can be loaded with stated dependencies ... [8s] OK
- checking whether the namespace can be unloaded cleanly ... [8s] OK
- checking loading without being on the library search path ... [8s] OK
- checking whether startup messages can be suppressed ... [8s] OK
- checking use of S3 registration ... OK
- checking dependencies in R code ... OK
- checking S3 generic/method consistency ... OK
- checking replacement functions ... OK
- checking foreign function calls ... OK
- checking R code for possible problems ... [26s] OK
- checking Rd files ... [1s] OK
- checking Rd metadata ... OK
- checking Rd cross-references ... NOTE
Found the following Rd file(s) with Rd \link{} targets missing package
anchors:
mapView.Rd: levelplot, addControl, addLegend, addRasterImage,
addCircles, addPolygons, addPolylines, addMapPane,
highlightOptions, st_sf, brick, satellite, st_sfc, st_bbox,
SpatialPixelsDataFrame, SpatialGridDataFrame,
SpatialPointsDataFrame, SpatialPoints, SpatialPolygonsDataFrame,
SpatialPolygons, SpatialLinesDataFrame, SpatialLines
mapviewColors.Rd: level.colors
mapviewOptions.Rd: addRasterImage, addLegend, addMapPane,
rasterOptions
mapviewOutput.Rd: shinyWidgetOutput
viewExtent.Rd: popupTable, addControl, addRectangles
viewRGB.Rd: plotRGB
Please provide package anchors for all Rd \link{} targets not in the
package itself and the base packages.
- checking for missing documentation entries ... OK
- checking for code/documentation mismatches ... OK
- checking Rd \usage sections ... OK
- checking Rd contents ... OK
- checking for unstated dependencies in examples ... OK
- checking contents of 'data' directory ... OK
- checking data for non-ASCII characters ... [1s] OK
- checking LazyData ... OK
- checking data for ASCII and uncompressed saves ... OK
- checking examples ... [13s] OK
- checking for unstated dependencies in 'tests' ... OK
- checking tests ... [11s] ERROR
Running 'tinytest.R' [11s]
Running the tests in 'tests/tinytest.R' failed.
Complete output:
> if (requireNamespace("tinytest", quietly=TRUE)) {
+ tinytest::test_package("mapview")
+ }
test-color.R.................. 0 tests
test-color.R.................. 1 tests [0;32mOK [0m
test-color.R.................. 2 tests [0;32mOK [0m
test-color.R.................. 3 tests [0;32mOK [0m
test-color.R.................. 4 tests [0;32mOK [0m
test-color.R.................. 5 tests [0;32mOK [0m
test-color.R.................. 6 tests [0;32mOK [0m [0;36m58ms [0m
Linking to GEOS 3.13.1, GDAL 3.11.0, PROJ 9.6.0; sf_use_s2() is TRUE
test-mapview.R................ 0 tests
test-mapview.R................ 0 tests
test-mapview.R................ 0 tests
test-mapview.R................ 1 tests [0;32mOK [0m
test-mapview.R................ 2 tests [0;32mOK [0m
test-mapview.R................ 3 tests [0;32mOK [0m
test-mapview.R................ 4 tests [0;32mOK [0m
test-mapview.R................ 4 tests [0;32mOK [0m
test-mapview.R................ 5 tests [0;32mOK [0m
test-mapview.R................ 6 tests [0;32mOK [0m
test-mapview.R................ 7 tests [0;32mOK [0m
test-mapview.R................ 8 tests [0;32mOK [0m
test-mapview.R................ 8 tests [0;32mOK [0m
test-mapview.R................ 8 tests [0;32mOK [0m
test-mapview.R................ 9 tests [0;32mOK [0m
test-mapview.R................ 10 tests [0;32mOK [0m
test-mapview.R................ 11 tests [0;32mOK [0m
test-mapview.R................ 12 tests [0;32mOK [0m
test-mapview.R................ 12 tests [0;32mOK [0m
test-mapview.R................ 13 tests [0;32mOK [0m
test-mapview.R................ 14 tests [0;32mOK [0m
test-mapview.R................ 15 tests [0;32mOK [0m
test-mapview.R................ 16 tests [0;32mOK [0m
test-mapview.R................ 16 tests [0;32mOK [0m
test-mapview.R................ 16 tests [0;32mOK [0m
test-mapview.R................ 17 tests [0;32mOK [0m
test-mapview.R................ 18 tests [0;32mOK [0m
test-mapview.R................ 19 tests [0;32mOK [0m
test-mapview.R................ 20 tests [0;32mOK [0m
test-mapview.R................ 20 tests [0;32mOK [0m
test-mapview.R................ 21 tests [0;32mOK [0m
test-mapview.R................ 22 tests [0;32mOK [0m
test-mapview.R................ 23 tests [0;32mOK [0m
test-mapview.R................ 24 tests [0;32mOK [0m
test-mapview.R................ 24 tests [0;32mOK [0m
test-mapview.R................ 24 tests [0;32mOK [0m
test-mapview.R................ 25 tests [0;32mOK [0m
test-mapview.R................ 26 tests [0;32mOK [0m
test-mapview.R................ 27 tests [0;32mOK [0m
test-mapview.R................ 28 tests [0;32mOK [0m
test-mapview.R................ 28 tests [0;32mOK [0m
test-mapview.R................ 29 tests [0;32mOK [0m
test-mapview.R................ 30 tests [0;32mOK [0m
test-mapview.R................ 31 tests [0;32mOK [0m
test-mapview.R................ 32 tests [0;32mOK [0m
test-mapview.R................ 32 tests [0;32mOK [0m
test-mapview.R................ 32 tests [0;32mOK [0m
test-mapview.R................ 33 tests [0;32mOK [0m
test-mapview.R................ 33 tests [0;32mOK [0m
test-mapview.R................ 34 tests [0;32mOK [0m
test-mapview.R................ 34 tests [0;32mOK [0m
test-mapview.R................ 34 tests [0;32mOK [0m
test-mapview.R................ 35 tests [0;32mOK [0m
test-mapview.R................ 36 tests [0;32mOK [0m
test-mapview.R................ 37 tests [0;32mOK [0m
test-mapview.R................ 38 tests [0;32mOK [0m
test-mapview.R................ 38 tests [0;32mOK [0m
test-mapview.R................ 39 tests [0;32mOK [0m
test-mapview.R................ 40 tests [0;32mOK [0m
test-mapview.R................ 41 tests [0;32mOK [0m
test-mapview.R................ 42 tests [0;32mOK [0m Loading required package: sp
test-mapview.R................ 42 tests [0;32mOK [0m Error in file(con, "w") : cannot open the connection
Calls: <Anonymous> ... .local -> leafletRL -> <Anonymous> -> writeLines -> file
In addition: Warning message:
In file(con, "w") :
cannot open file 'D:\temp\2025_07_01_01_50_01_1069\Rtmp8gieFJ\file7c801d095ae4/plainview::poppendorf[[4]]_home-button.css': Invalid argument
Execution halted
- checking PDF version of manual ... [22s] OK
- checking HTML version of manual ... [4s] OK
- DONE
Status: 1 ERROR, 1 NOTE