- using R Under development (unstable) (2025-09-24 r88873 ucrt)
- using platform: x86_64-w64-mingw32
- R was compiled by
gcc.exe (GCC) 14.2.0
GNU Fortran (GCC) 14.2.0
- running under: Windows Server 2022 x64 (build 20348)
- using session charset: UTF-8
- checking for file 'lulab.utils/DESCRIPTION' ... OK
- this is package 'lulab.utils' version '0.0.4'
- package encoding: UTF-8
- checking package namespace information ... OK
- checking package dependencies ... OK
- checking if this is a source package ... OK
- checking if there is a namespace ... OK
- checking for hidden files and directories ... OK
- checking for portable file names ... OK
- checking whether package 'lulab.utils' can be installed ... OK
See the install log for details.
- checking installed package size ... OK
- checking package directory ... OK
- checking 'build' directory ... OK
- checking DESCRIPTION meta-information ... OK
- checking top-level files ... OK
- checking for left-over files ... OK
- checking index information ... OK
- checking package subdirectories ... OK
- checking code files for non-ASCII characters ... OK
- checking R files for syntax errors ... OK
- checking whether the package can be loaded ... [0s] OK
- checking whether the package can be loaded with stated dependencies ... [0s] OK
- checking whether the package can be unloaded cleanly ... [0s] OK
- checking whether the namespace can be loaded with stated dependencies ... [0s] OK
- checking whether the namespace can be unloaded cleanly ... [1s] OK
- checking loading without being on the library search path ... [0s] OK
- checking use of S3 registration ... OK
- checking dependencies in R code ... WARNING
Missing or unexported object: 'table1::render.strat.default'
- checking S3 generic/method consistency ... OK
- checking replacement functions ... OK
- checking foreign function calls ... OK
- checking R code for possible problems ... [3s] OK
- checking Rd files ... [0s] OK
- checking Rd metadata ... OK
- checking Rd cross-references ... OK
- checking for missing documentation entries ... OK
- checking for code/documentation mismatches ... OK
- checking Rd \usage sections ... OK
- checking Rd contents ... OK
- checking for unstated dependencies in examples ... OK
- checking installed files from 'inst/doc' ... OK
- checking files in 'vignettes' ... OK
- checking examples ... [1s] OK
- checking for unstated dependencies in 'tests' ... OK
- checking tests ... [68s] ERROR
Running 'testthat.R' [68s]
Running the tests in 'tests/testthat.R' failed.
Complete output:
> # This file is part of the standard setup for testthat.
> # It is recommended that you do not modify it.
> #
> # Where should you do additional test configuration?
> # Learn more about the roles of various files in:
> # * https://r-pkgs.org/testing-design.html#sec-tests-files-overview
> # * https://testthat.r-lib.org/articles/special-files.html
>
> library(testthat)
> library(lulab.utils)
>
> test_check("lulab.utils")
wget is already installed on your system.
Testing the download speed of CRAN mirrors...
You can use the following command to set the fastest CRAN mirror:
options(repos = c(CRAN = 'https://mirrors.qlu.edu.cn/CRAN/'))
wget is already installed on your system.
But we will use the default download method.
wget is already installed on your system.
And we will use wget to download files.
--2025-09-25 12:15:46-- https://eternallybored.org/misc/wget/1.21.4/64/wget.exe
Loaded CA certificate '/usr/ssl/certs/ca-bundle.crt'
Resolving eternallybored.org (eternallybored.org)... 84.255.206.8, 2a01:260:4094:1:42:42:42:42
Connecting to eternallybored.org (eternallybored.org)|84.255.206.8|:443... connected.
HTTP request sent, awaiting response... 200 OK
Length: 7046072 (6.7M) [application/octet-stream]
Saving to: 'D:\\temp\\2025_09_25_01_50_00_17305\\RtmpQJAFKf\\file52742c202988'
0K .......... .......... .......... .......... .......... 0% 957K 7s
50K .......... .......... .......... .......... .......... 1% 1.89M 5s
100K .......... .......... .......... .......... .......... 2% 21.0M 4s
150K .......... .......... .......... .......... .......... 2% 31.5M 3s
200K .......... .......... .......... .......... .......... 3% 1.98M 3s
250K .......... .......... .......... .......... .......... 4% 23.8M 2s
300K .......... .......... .......... .......... .......... 5% 30.3M 2s
350K .......... .......... .......... .......... .......... 5% 26.3M 2s
400K .......... .......... .......... .......... .......... 6% 2.43M 2s
450K .......... .......... .......... .......... .......... 7% 29.8M 2s
500K .......... .......... .......... .......... .......... 7% 41.2M 2s
550K .......... .......... .......... .......... .......... 8% 36.4M 1s
600K .......... .......... .......... .......... .......... 9% 34.4M 1s
650K .......... .......... .......... .......... .......... 10% 42.8M 1s
700K .......... .......... .......... .......... .......... 10% 35.7M 1s
750K .......... .......... .......... .......... .......... 11% 36.2M 1s
800K .......... .......... .......... .......... .......... 12% 43.2M 1s
850K .......... .......... .......... .......... .......... 13% 3.06M 1s
900K .......... .......... .......... .......... .......... 13% 17.0M 1s
950K .......... .......... .......... .......... .......... 14% 26.6M 1s
1000K .......... .......... .......... .......... .......... 15% 29.4M 1s
1050K .......... .......... .......... .......... .......... 15% 26.7M 1s
1100K .......... .......... .......... .......... .......... 16% 25.2M 1s
1150K .......... .......... .......... .......... .......... 17% 32.6M 1s
1200K .......... .......... .......... .......... .......... 18% 23.1M 1s
1250K .......... .......... .......... .......... .......... 18% 31.1M 1s
1300K .......... .......... .......... .......... .......... 19% 32.4M 1s
1350K .......... .......... .......... .......... .......... 20% 6.17M 1s
1400K .......... .......... .......... .......... .......... 21% 13.6M 1s
1450K .......... .......... .......... .......... .......... 21% 35.4M 1s
1500K .......... .......... .......... .......... .......... 22% 34.2M 1s
1550K .......... .......... .......... .......... .......... 23% 38.2M 1s
1600K .......... .......... .......... .......... .......... 23% 34.4M 1s
1650K .......... .......... .......... .......... .......... 24% 36.9M 1s
1700K .......... .......... .......... .......... .......... 25% 27.1M 1s
1750K .......... .......... .......... .......... .......... 26% 31.9M 1s
1800K .......... .......... .......... .......... .......... 26% 28.8M 1s
1850K .......... .......... .......... .......... .......... 27% 22.1M 1s
1900K .......... .......... .......... .......... .......... 28% 31.8M 1s
1950K .......... .......... .......... .......... .......... 29% 26.8M 0s
2000K .......... .......... .......... .......... .......... 29% 32.2M 0s
2050K .......... .......... .......... .......... .......... 30% 23.5M 0s
2100K .......... .......... .......... .......... .......... 31% 27.3M 0s
2150K .......... .......... .......... .......... .......... 31% 31.0M 0s
2200K .......... .......... .......... .......... .......... 32% 33.0M 0s
2250K .......... .......... .......... .......... .......... 33% 35.5M 0s
2300K .......... .......... .......... .......... .......... 34% 36.7M 0s
2350K .......... .......... .......... .......... .......... 34% 27.9M 0s
2400K .......... .......... .......... .......... .......... 35% 34.7M 0s
2450K .......... .......... .......... .......... .......... 36% 30.6M 0s
2500K .......... .......... .......... .......... .......... 37% 30.0M 0s
2550K .......... .......... .......... .......... .......... 37% 35.3M 0s
2600K .......... .......... .......... .......... .......... 38% 30.2M 0s
2650K .......... .......... .......... .......... .......... 39% 33.6M 0s
2700K .......... .......... .......... .......... .......... 39% 34.1M 0s
2750K .......... .......... .......... .......... .......... 40% 38.4M 0s
2800K .......... .......... .......... .......... .......... 41% 30.1M 0s
2850K .......... .......... .......... .......... .......... 42% 31.1M 0s
2900K .......... .......... .......... .......... .......... 42% 39.2M 0s
2950K .......... .......... .......... .......... .......... 43% 32.5M 0s
3000K .......... .......... .......... .......... .......... 44% 29.6M 0s
3050K .......... .......... .......... .......... .......... 45% 35.1M 0s
3100K .......... .......... .......... .......... .......... 45% 25.6M 0s
3150K .......... .......... .......... .......... .......... 46% 28.6M 0s
3200K .......... .......... .......... .......... .......... 47% 32.2M 0s
3250K .......... .......... .......... .......... .......... 47% 48.8M 0s
3300K .......... .......... .......... .......... .......... 48% 39.5M 0s
3350K .......... .......... .......... .......... .......... 49% 31.5M 0s
3400K .......... .......... .......... .......... .......... 50% 32.0M 0s
3450K .......... .......... .......... .......... .......... 50% 37.5M 0s
3500K .......... .......... .......... .......... .......... 51% 31.6M 0s
3550K .......... .......... .......... .......... .......... 52% 35.3M 0s
3600K .......... .......... .......... .......... .......... 53% 33.0M 0s
3650K .......... .......... .......... .......... .......... 53% 38.9M 0s
3700K .......... .......... .......... .......... .......... 54% 28.8M 0s
3750K .......... .......... .......... .......... .......... 55% 37.0M 0s
3800K .......... .......... .......... .......... .......... 55% 34.6M 0s
3850K .......... .......... .......... .......... .......... 56% 21.5M 0s
3900K .......... .......... .......... .......... .......... 57% 9.57M 0s
3950K .......... .......... .......... .......... .......... 58% 50.0M 0s
4000K .......... .......... .......... .......... .......... 58% 39.0M 0s
4050K .......... .......... .......... .......... .......... 59% 30.6M 0s
4100K .......... .......... .......... .......... .......... 60% 35.8M 0s
4150K .......... .......... .......... .......... .......... 61% 37.5M 0s
4200K .......... .......... .......... .......... .......... 61% 24.3M 0s
4250K .......... .......... .......... .......... .......... 62% 36.4M 0s
4300K .......... .......... .......... .......... .......... 63% 41.6M 0s
4350K .......... .......... .......... .......... .......... 63% 37.9M 0s
4400K .......... .......... .......... .......... .......... 64% 39.2M 0s
4450K .......... .......... .......... .......... .......... 65% 48.9M 0s
4500K .......... .......... .......... .......... .......... 66% 59.7M 0s
4550K .......... .......... .......... .......... .......... 66% 61.9M 0s
4600K .......... .......... .......... .......... .......... 67% 48.3M 0s
4650K .......... .......... .......... .......... .......... 68% 52.9M 0s
4700K .......... .......... .......... .......... .......... 69% 56.6M 0s
4750K .......... .......... .......... .......... .......... 69% 64.3M 0s
4800K .......... .......... .......... .......... .......... 70% 52.1M 0s
4850K .......... .......... .......... .......... .......... 71% 42.1M 0s
4900K .......... .......... .......... .......... .......... 71% 65.0M 0s
4950K .......... .......... .......... .......... .......... 72% 54.4M 0s
5000K .......... .......... .......... .......... .......... 73% 50.5M 0s
5050K .......... .......... .......... .......... .......... 74% 68.0M 0s
5100K .......... .......... .......... .......... .......... 74% 54.8M 0s
5150K .......... .......... .......... .......... .......... 75% 58.6M 0s
5200K .......... .......... .......... .......... .......... 76% 45.5M 0s
5250K .......... .......... .......... .......... .......... 77% 68.0M 0s
5300K .......... .......... .......... .......... .......... 77% 65.9M 0s
5350K .......... .......... .......... .......... .......... 78% 36.7M 0s
5400K .......... .......... .......... .......... .......... 79% 48.2M 0s
5450K .......... .......... .......... .......... .......... 79% 45.0M 0s
5500K .......... .......... .......... .......... .......... 80% 65.0M 0s
5550K .......... .......... .......... .......... .......... 81% 43.4M 0s
5600K .......... .......... .......... .......... .......... 82% 45.1M 0s
5650K .......... .......... .......... .......... .......... 82% 53.8M 0s
5700K .......... .......... .......... .......... .......... 83% 46.7M 0s
5750K .......... .......... .......... .......... .......... 84% 55.7M 0s
5800K .......... .......... .......... .......... .......... 85% 67.6M 0s
5850K .......... .......... .......... .......... .......... 85% 48.5M 0s
5900K .......... .......... .......... .......... .......... 86% 48.2M 0s
5950K .......... .......... .......... .......... .......... 87% 53.3M 0s
6000K .......... .......... .......... .......... .......... 87% 66.8M 0s
6050K .......... .......... .......... .......... .......... 88% 58.1M 0s
6100K .......... .......... .......... .......... .......... 89% 42.4M 0s
6150K .......... .......... .......... .......... .......... 90% 68.4M 0s
6200K .......... .......... .......... .......... .......... 90% 58.7M 0s
6250K .......... .......... .......... .......... .......... 91% 56.9M 0s
6300K .......... .......... .......... .......... .......... 92% 56.6M 0s
6350K .......... .......... .......... .......... .......... 93% 58.5M 0s
6400K .......... .......... .......... .......... .......... 93% 68.5M 0s
6450K .......... .......... .......... .......... .......... 94% 38.9M 0s
6500K .......... .......... .......... .......... .......... 95% 68.2M 0s
6550K .......... .......... .......... .......... .......... 95% 68.7M 0s
6600K .......... .......... .......... .......... .......... 96% 50.5M 0s
6650K .......... .......... .......... .......... .......... 97% 37.4M 0s
6700K .......... .......... .......... .......... .......... 98% 53.3M 0s
6750K .......... .......... .......... .......... .......... 98% 46.7M 0s
6800K .......... .......... .......... .......... .......... 99% 45.6M 0s
6850K .......... .......... .......... 100% 35.0M=0.3s
2025-09-25 12:15:48 (20.6 MB/s) - 'D:\\temp\\2025_09_25_01_50_00_17305\\RtmpQJAFKf\\file52742c202988' saved [7046072/7046072]
[ FAIL 1 | WARN 0 | SKIP 0 | PASS 11 ]
══ Failed tests ════════════════════════════════════════════════════════════════
── Error ('test-Table1.R:12:3'): making Table1 in SCI papers works ─────────────
<getvarError/missingArgError/error/condition>
Error in `render.strat(x, ..., transpose = transpose)`: argument "n" is missing, with no default
Backtrace:
▆
1. └─lulab.utils::Table1(...) at test-Table1.R:12:3
2. ├─table1::table1(...)
3. └─table1:::table1.formula(...)
4. └─table1:::table1.default(...)
5. └─table1:::.table1.internal(...)
6. └─lulab.utils (local) render.strat(x, ..., transpose = transpose)
7. └─base::ifelse(...)
[ FAIL 1 | WARN 0 | SKIP 0 | PASS 11 ]
Error: Test failures
Execution halted
- checking for unstated dependencies in vignettes ... OK
- checking package vignettes ... OK
- checking re-building of vignette outputs ... [2s] OK
- checking PDF version of manual ... [21s] OK
- checking HTML version of manual ... [1s] OK
- DONE
Status: 1 ERROR, 1 WARNING