- using R Under development (unstable) (2025-10-13 r88918 ucrt)
- using platform: x86_64-w64-mingw32
- R was compiled by
gcc.exe (GCC) 14.2.0
GNU Fortran (GCC) 14.2.0
- running under: Windows Server 2022 x64 (build 20348)
- using session charset: UTF-8
- checking for file 'groupedHyperframe/DESCRIPTION' ... OK
- checking extension type ... Package
- this is package 'groupedHyperframe' version '0.2.4'
- package encoding: UTF-8
- checking package namespace information ... OK
- checking package dependencies ... OK
- checking if this is a source package ... OK
- checking if there is a namespace ... OK
- checking for hidden files and directories ... OK
- checking for portable file names ... OK
- checking whether package 'groupedHyperframe' can be installed ... OK
See the install log for details.
- checking installed package size ... OK
- checking package directory ... OK
- checking 'build' directory ... OK
- checking DESCRIPTION meta-information ... OK
- checking top-level files ... OK
- checking for left-over files ... OK
- checking index information ... OK
- checking package subdirectories ... OK
- checking code files for non-ASCII characters ... OK
- checking R files for syntax errors ... OK
- checking whether the package can be loaded ... [3s] OK
- checking whether the package can be loaded with stated dependencies ... [3s] OK
- checking whether the package can be unloaded cleanly ... [3s] OK
- checking whether the namespace can be loaded with stated dependencies ... [3s] OK
- checking whether the namespace can be unloaded cleanly ... [3s] OK
- checking loading without being on the library search path ... [1s] WARNING
Error: package or namespace load failed for 'groupedHyperframe':
.onLoad failed in loadNamespace() for 'scales', details:
call: loadNamespace(x)
error: there is no package called 'RColorBrewer'
Execution halted
It looks like this package has a loading problem when not on .libPaths:
see the messages for details.
- checking whether startup messages can be suppressed ... [3s] OK
- checking use of S3 registration ... OK
- checking dependencies in R code ... OK
- checking S3 generic/method consistency ... OK
- checking replacement functions ... OK
- checking foreign function calls ... OK
- checking R code for possible problems ... [10s] OK
- checking Rd files ... [1s] OK
- checking Rd metadata ... OK
- checking Rd cross-references ... OK
- checking for missing documentation entries ... OK
- checking for code/documentation mismatches ... OK
- checking Rd \usage sections ... OK
- checking Rd contents ... OK
- checking for unstated dependencies in examples ... OK
- checking contents of 'data' directory ... OK
- checking data for non-ASCII characters ... [1s] OK
- checking LazyData ... OK
- checking data for ASCII and uncompressed saves ... OK
- checking installed files from 'inst/doc' ... OK
- checking files in 'vignettes' ... OK
- checking examples ... [0s] ERROR
Running examples in 'groupedHyperframe-Ex.R' failed
The error occurred in:
R Under development (unstable) (2025-10-13 r88918 ucrt) -- "Unsuffered Consequences"
Copyright (C) 2025 The R Foundation for Statistical Computing
Platform: x86_64-w64-mingw32/x64
R is free software and comes with ABSOLUTELY NO WARRANTY.
You are welcome to redistribute it under certain conditions.
Type 'license()' or 'licence()' for distribution details.
Natural language support but running in an English locale
R is a collaborative project with many contributors.
Type 'contributors()' for more information and
'citation()' on how to cite R or R packages in publications.
Type 'demo()' for some demos, 'help()' for on-line help, or
'help.start()' for an HTML browser interface to help.
Type 'q()' to quit R.
> pkgname <- "groupedHyperframe"
> source(file.path(R.home("share"), "R", "examples-header.R"))
> options(warn = 1)
> options(pager = "console")
> library('groupedHyperframe')
Error: package or namespace load failed for 'groupedHyperframe' in loadNamespace(i, c(lib.loc, .libPaths()), versionCheck = vI[[i]]):
there is no package called 'patchwork'
Execution halted
- checking for unstated dependencies in vignettes ... OK
- checking package vignettes ... OK
- checking re-building of vignette outputs ... [5s] ERROR
Error(s) in re-building vignettes:
--- re-building 'groupedHyperframe.qmd' using html
processing file: groupedHyperframe.qmd
Error: package or namespace load failed for 'groupedHyperframe' in loadNamespace(i, c(lib.loc, .libPaths()), versionCheck = vI[[i]]):
there is no package called 'patchwork'
Quitting from groupedHyperframe.qmd:96-100 [unnamed-chunk-3]
~~~~~~~~~~~~~~~~~~~~~~~~~~~~~~~~~~~~~~~~~~~~~~~~~~~~~~~~~~~~~~~~~~~~~~~~~~~~~~~~
<error/rlang_error>
Error:
! package or namespace load failed for 'groupedHyperframe' in loadNamespace(i, c(lib.loc, .libPaths()), versionCheck = vI[[i]]):
there is no package called 'patchwork'
---
Backtrace:
▆
1. └─base::library(groupedHyperframe)
2. └─base::tryCatch(...)
3. └─base (local) tryCatchList(expr, classes, parentenv, handlers)
4. └─base (local) tryCatchOne(expr, names, parentenv, handlers[[1L]])
5. └─value[[3L]](cond)
~~~~~~~~~~~~~~~~~~~~~~~~~~~~~~~~~~~~~~~~~~~~~~~~~~~~~~~~~~~~~~~~~~~~~~~~~~~~~~~~
Execution halted
Error: processing vignette 'groupedHyperframe.qmd' failed with diagnostics:
! Error running quarto CLI from R.
Caused by error in `quarto_render()`:
✖ Error returned by quarto CLI.
-----------------------------
processing file: groupedHyperframe.qmd
Error: package or namespace load failed for 'groupedHyperframe' in
loadNamespace(i, c(lib.loc, .libPaths()), versionCheck = vI[[i]]):
there is no package called 'patchwork'
Quitting from groupedHyperframe.qmd:96-100 [unnamed-chunk-3]
~~~~~~~~~~~~~~~~~~~~~~~~~~~~~~~~~~~~~~~~~~~~~~~~~~~~~~~~~~~~~~~~~~~~~~~~~~~~~~~~
<error/rlang_error>
Error:
! package or namespace load failed for 'groupedHyperframe' in
loadNamespace(i, c(lib.loc, .libPaths()), versionCheck = vI[[i]]):
there is no package called 'patchwork'
---
Backtrace:
▆
1. └─base::library(groupedHyperframe)
2. └─base::tryCatch(...)
3. └─base (local) tryCatchList(expr, classes, parentenv, handlers)
4. └─base (local) tryCatchOne(expr, names, parentenv, handlers[[1L]])
5. └─value[[3L]](cond)
~~~~~~~~~~~~~~~~~~~~~~~~~~~~~~~~~~~~~~~~~~~~~~~~~~~~~~~~~~~~~~~~~~~~~~~~~~~~~~~~
Execution halted
Caused by error:
! System command 'quarto.exe' failed
--- failed re-building 'groupedHyperframe.qmd'
SUMMARY: processing the following file failed:
'groupedHyperframe.qmd'
Error: Vignette re-building failed.
Execution halted
- checking PDF version of manual ... [27s] OK
- checking HTML version of manual ... [9s] OK
- DONE
Status: 2 ERRORs, 1 WARNING