- using R Under development (unstable) (2025-10-31 r88977 ucrt)
 
- using platform: x86_64-w64-mingw32
 
- R was compiled by
    gcc.exe (GCC) 14.3.0
    GNU Fortran (GCC) 14.3.0
 
- running under: Windows Server 2022 x64 (build 20348)
 
- using session charset: UTF-8
 
- checking for file 'ggbump/DESCRIPTION' ... OK
 
- checking extension type ... Package
 
- this is package 'ggbump' version '0.1.0'
 
- package encoding: UTF-8
 
- checking package namespace information ... OK
 
- checking package dependencies ... OK
 
- checking if this is a source package ... OK
 
- checking if there is a namespace ... OK
 
- checking for hidden files and directories ... OK
 
- checking for portable file names ... OK
 
- checking whether package 'ggbump' can be installed ... OK
See the install log for details.
 
- checking installed package size ... OK
 
- checking package directory ... OK
 
- checking DESCRIPTION meta-information ... OK
 
- checking top-level files ... OK
 
- checking for left-over files ... OK
 
- checking index information ... OK
 
- checking package subdirectories ... OK
 
- checking code files for non-ASCII characters ... OK
 
- checking R files for syntax errors ... OK
 
- checking whether the package can be loaded ... [1s] OK
 
- checking whether the package can be loaded with stated dependencies ... [1s] OK
 
- checking whether the package can be unloaded cleanly ... [1s] OK
 
- checking whether the namespace can be loaded with stated dependencies ... [1s] OK
 
- checking whether the namespace can be unloaded cleanly ... [1s] OK
 
- checking loading without being on the library search path ... [1s] OK
 
- checking use of S3 registration ... OK
 
- checking dependencies in R code ... OK
 
- checking S3 generic/method consistency ... OK
 
- checking replacement functions ... OK
 
- checking foreign function calls ... OK
 
- checking R code for possible problems ... [4s] OK
 
- checking Rd files ... [0s] OK
 
- checking Rd metadata ... OK
 
- checking Rd cross-references ... OK
 
- checking for missing documentation entries ... OK
 
- checking for code/documentation mismatches ... OK
 
- checking Rd \usage sections ... OK
 
- checking Rd contents ... OK
 
- checking for unstated dependencies in examples ... OK
 
- checking LazyData ... INFO
  'LazyData' is specified without a 'data' directory
 
- checking examples ... [3s] OK
 
- checking for unstated dependencies in 'tests' ... OK
 
- checking tests ... [3s] ERROR
  Running 'testthat.R' [2s]
Running the tests in 'tests/testthat.R' failed.
Complete output:
  > library(testthat)
  > library(ggbump)
  > 
  > test_check("ggbump")
  [ FAIL 3 | WARN 1 | SKIP 0 | PASS 1 ]
  
  ══ Failed tests ════════════════════════════════════════════════════════════════
  ── Failure ('test-numeric_inputs.R:17:3'): multiplication works ────────────────
  ... %>% class() not equal to c("gg", "ggplot").
  Lengths differ: 5 is not 2
  ── Failure ('test-numeric_inputs.R:21:3'): multiplication works ────────────────
  ... %>% class() not equal to c("gg", "ggplot").
  Lengths differ: 5 is not 2
  ── Failure ('test-numeric_inputs.R:26:3'): multiplication works ────────────────
  ... %>% class() not equal to c("gg", "ggplot").
  Lengths differ: 5 is not 2
  
  [ FAIL 3 | WARN 1 | SKIP 0 | PASS 1 ]
  Error: Test failures
  Execution halted
 
- checking PDF version of manual ... [19s] OK
 
- checking HTML version of manual ... [1s] OK
 
- DONE
 
Status: 1 ERROR