- using R Under development (unstable) (2025-11-12 r89009 ucrt)
- using platform: x86_64-w64-mingw32
- R was compiled by
gcc.exe (GCC) 14.3.0
GNU Fortran (GCC) 14.3.0
- running under: Windows Server 2022 x64 (build 20348)
- using session charset: UTF-8
- checking for file 'geoarrow/DESCRIPTION' ... OK
- this is package 'geoarrow' version '0.4.0'
- package encoding: UTF-8
- checking package namespace information ... OK
- checking package dependencies ... OK
- checking if this is a source package ... OK
- checking if there is a namespace ... OK
- checking for hidden files and directories ... OK
- checking for portable file names ... OK
- checking whether package 'geoarrow' can be installed ... OK
See the install log for details.
- used C compiler: 'gcc.exe (GCC) 14.3.0'
- used C++ compiler: 'g++.exe (GCC) 14.3.0'
- checking C++ specification ... OK
- checking installed package size ... OK
- checking package directory ... OK
- checking DESCRIPTION meta-information ... OK
- checking top-level files ... OK
- checking for left-over files ... OK
- checking index information ... OK
- checking package subdirectories ... OK
- checking code files for non-ASCII characters ... OK
- checking R files for syntax errors ... OK
- checking whether the package can be loaded ... [0s] OK
- checking whether the package can be loaded with stated dependencies ... [0s] OK
- checking whether the package can be unloaded cleanly ... [0s] OK
- checking whether the namespace can be loaded with stated dependencies ... [0s] OK
- checking whether the namespace can be unloaded cleanly ... [0s] OK
- checking loading without being on the library search path ... [0s] OK
- checking whether startup messages can be suppressed ... [0s] OK
- checking use of S3 registration ... OK
- checking dependencies in R code ... OK
- checking S3 generic/method consistency ... OK
- checking replacement functions ... OK
- checking foreign function calls ... OK
- checking R code for possible problems ... [4s] OK
- checking Rd files ... [0s] OK
- checking Rd metadata ... OK
- checking Rd cross-references ... OK
- checking for missing documentation entries ... OK
- checking for code/documentation mismatches ... OK
- checking Rd \usage sections ... OK
- checking Rd contents ... OK
- checking for unstated dependencies in examples ... OK
- checking line endings in C/C++/Fortran sources/headers ... OK
- checking line endings in Makefiles ... OK
- checking compilation flags in Makevars ... OK
- checking for GNU extensions in Makefiles ... OK
- checking for portable use of $(BLAS_LIBS) and $(LAPACK_LIBS) ... OK
- checking use of PKG_*FLAGS in Makefiles ... OK
- checking pragmas in C/C++ headers and code ... OK
- checking compiled code ... OK
- checking examples ... [1s] OK
- checking for unstated dependencies in 'tests' ... OK
- checking tests ... [8s] ERROR
Running 'testthat.R' [8s]
Running the tests in 'tests/testthat.R' failed.
Complete output:
> # This file is part of the standard setup for testthat.
> # It is recommended that you do not modify it.
> #
> # Where should you do additional test configuration?
> # Learn more about the roles of various files in:
> # * https://r-pkgs.org/testing-design.html#sec-tests-files-overview
> # * https://testthat.r-lib.org/articles/special-files.html
>
> library(testthat)
> library(geoarrow)
>
> test_check("geoarrow")
The tzdb package is not installed. Timezones will not be available to Arrow compute functions.
[ FAIL 1 | WARN 0 | SKIP 0 | PASS 426 ]
══ Failed tests ════════════════════════════════════════════════════════════════
── Failure ('test-pkg-sf.R:230:3'): as_nanoarrow_array() works for mixed sfc ───
as.raw(array$buffers[[3]]) (`actual`) not identical to unlist(sf::st_as_binary(sfc)) (`expected`).
actual | expected
[3] "00" | "00" [3]
[4] "00" | "00" [4]
[5] "00" | "00" [5]
[6] "00" - "a2" [6]
[7] "00" - "07" [7]
[8] "00" | "00" [8]
[9] "00" | "00" [9]
[10] "00" | "00" [10]
[11] "00" | "00" [11]
[12] "f8" - "f0" [12]
... ... ... and 11 more ...
[ FAIL 1 | WARN 0 | SKIP 0 | PASS 426 ]
Error: Test failures
Execution halted
- checking PDF version of manual ... [19s] OK
- checking HTML version of manual ... [2s] OK
- DONE
Status: 1 ERROR