- using R Under development (unstable) (2023-01-31 r83741 ucrt)
- using platform: x86_64-w64-mingw32 (64-bit)
- R was compiled by
gcc.exe (GCC) 12.2.0
GNU Fortran (GCC) 12.2.0
- running under: Windows Server 2022 x64 (build 20348)
- using session charset: UTF-8
- checking for file 'data.table/DESCRIPTION' ... OK
- this is package 'data.table' version '1.14.6'
- checking package namespace information ... OK
- checking package dependencies ... OK
- checking if this is a source package ... OK
- checking if there is a namespace ... OK
- checking for hidden files and directories ... OK
- checking for portable file names ... OK
- checking whether package 'data.table' can be installed ... OK
- used C compiler: 'gcc.exe (GCC) 12.2.0'
- checking installed package size ... OK
- checking package directory ... OK
- checking 'build' directory ... OK
- checking DESCRIPTION meta-information ... OK
- checking top-level files ... OK
- checking for left-over files ... OK
- checking index information ... OK
- checking package subdirectories ... OK
- checking R files for non-ASCII characters ... OK
- checking R files for syntax errors ... OK
- checking whether the package can be loaded ... [1s] OK
- checking whether the package can be loaded with stated dependencies ... [1s] OK
- checking whether the package can be unloaded cleanly ... [1s] OK
- checking whether the namespace can be loaded with stated dependencies ... [1s] OK
- checking whether the namespace can be unloaded cleanly ... [1s] OK
- checking loading without being on the library search path ... [1s] OK
- checking use of S3 registration ... OK
- checking dependencies in R code ... OK
- checking S3 generic/method consistency ... OK
- checking replacement functions ... OK
- checking foreign function calls ... OK
- checking R code for possible problems ... [26s] OK
- checking Rd files ... [7s] OK
- checking Rd metadata ... OK
- checking Rd cross-references ... OK
- checking for missing documentation entries ... OK
- checking for code/documentation mismatches ... OK
- checking Rd \usage sections ... OK
- checking Rd contents ... OK
- checking for unstated dependencies in examples ... OK
- checking line endings in shell scripts ... OK
- checking line endings in C/C++/Fortran sources/headers ... OK
- checking line endings in Makefiles ... OK
- checking compilation flags in Makevars ... OK
- checking for GNU extensions in Makefiles ... OK
- checking for portable use of $(BLAS_LIBS) and $(LAPACK_LIBS) ... OK
- checking use of PKG_*FLAGS in Makefiles ... OK
- checking include directives in Makefiles ... OK
- checking pragmas in C/C++ headers and code ... OK
- checking compiled code ... OK
- checking installed files from 'inst/doc' ... OK
- checking files in 'vignettes' ... OK
- checking examples ... [10s] OK
- checking for unstated dependencies in 'tests' ... OK
- checking tests ... [21m] ERROR
Running 'autoprint.R' [1s]
Comparing 'autoprint.Rout' to 'autoprint.Rout.save' ... OK
Running 'froll.R' [28s]
Running 'knitr.R' [1s]
Comparing 'knitr.Rout' to 'knitr.Rout.save' ... OK
Running 'main.R' [20m]
Running 'nafill.R' [3s]
Running 'other.R' [1s]
Running 'types.R' [1s]
Running the tests in 'tests/main.R' failed.
Complete output:
> require(data.table)
Loading required package: data.table
>
> test.data.table() # runs the main test suite of 5,000+ tests in /inst/tests/tests.Rraw
getDTthreads(verbose=TRUE):
OpenMP version (_OPENMP) 201511
omp_get_num_procs() 56
R_DATATABLE_NUM_PROCS_PERCENT unset (default 50)
R_DATATABLE_NUM_THREADS unset
R_DATATABLE_THROTTLE unset (default 1024)
omp_get_thread_limit() 2
omp_get_max_threads() 56
OMP_THREAD_LIMIT 2
OMP_NUM_THREADS unset
RestoreAfterFork true
data.table is using 2 threads with throttle==1024. See ?setDTthreads.
test.data.table() running: D:/RCompile/CRANpkg/lib/4.3/data.table/tests/tests.Rraw.bz2
Test 1613.605 ran without errors but failed check that x equals y:
> x = all.equal(data.table(a = 1), try(stop("this wont work"), silent = TRUE), check.attributes = FALSE)
First 1 of 1 (type 'character'):
[1] "Datasets have different column modes. First 3: a(numeric!=character)"
> y = "target is data.table but current is not and failed to be coerced to it"
First 1 of 1 (type 'character'):
[1] "target is data.table but current is not and failed to be coerced to it"
1 string mismatch
Wed Feb 1 13:58:07 2023 endian==little, sizeof(long double)==16, longdouble.digits==64, sizeof(pointer)==8, TZ==unset, Sys.timezone()=='Europe/Berlin', Sys.getlocale()=='LC_COLLATE=C;LC_CTYPE=German_Germany.utf8;LC_MONETARY=C;LC_NUMERIC=C;LC_TIME=C', l10n_info()=='MBCS=TRUE; UTF-8=TRUE; Latin-1=FALSE; codepage=65001; system.codepage=65001', getDTthreads()=='OpenMP version (_OPENMP)==201511; omp_get_num_procs()==56; R_DATATABLE_NUM_PROCS_PERCENT==unset (default 50); R_DATATABLE_NUM_THREADS==unset; R_DATATABLE_THROTTLE==unset (default 1024); omp_get_thread_limit()==2; omp_get_max_threads()==56; OMP_THREAD_LIMIT==2; OMP_NUM_THREADS==unset; RestoreAfterFork==true; data.table is using 2 threads with throttle==1024. See ?setDTthreads.', zlibVersion()==1.2.13 ZLIB_VERSION==1.2.13
Error in test.data.table() :
1 error out of 9906. Search tests/tests.Rraw.bz2 for test number 1613.605.
In addition: Warning messages:
1: In Sys.setlocale("LC_CTYPE", "Chinese (Simplified)_China.936") :
using locale code page other than 65001 ("UTF-8") may cause problems
2: In (function (category = "LC_ALL", locale = "") :
using locale code page other than 65001 ("UTF-8") may cause problems
Execution halted
- checking for unstated dependencies in vignettes ... OK
- checking package vignettes in 'inst/doc' ... OK
- checking re-building of vignette outputs ... [92s] OK
- checking PDF version of manual ... [33s] OK
- checking HTML version of manual ... [18s] OK
- DONE
Status: 1 ERROR