- using R Under development (unstable) (2025-10-10 r88914 ucrt)
- using platform: x86_64-w64-mingw32
- R was compiled by
gcc.exe (GCC) 14.2.0
GNU Fortran (GCC) 14.2.0
- running under: Windows Server 2022 x64 (build 20348)
- using session charset: UTF-8
- checking for file 'codebookr/DESCRIPTION' ... OK
- this is package 'codebookr' version '0.1.8'
- package encoding: UTF-8
- checking package namespace information ... OK
- checking package dependencies ... OK
- checking if this is a source package ... OK
- checking if there is a namespace ... OK
- checking for hidden files and directories ... OK
- checking for portable file names ... OK
- checking whether package 'codebookr' can be installed ... OK
See the install log for details.
- checking installed package size ... OK
- checking package directory ... OK
- checking DESCRIPTION meta-information ... NOTE
Missing dependency on R >= 4.1.0 because package code uses the pipe
|> or function shorthand \(...) syntax added in R 4.1.0.
File(s) using such syntax:
'cb_summary_stats_numeric.R'
- checking top-level files ... OK
- checking for left-over files ... OK
- checking index information ... OK
- checking package subdirectories ... OK
- checking code files for non-ASCII characters ... OK
- checking R files for syntax errors ... OK
- checking whether the package can be loaded ... [1s] OK
- checking whether the package can be loaded with stated dependencies ... [1s] OK
- checking whether the package can be unloaded cleanly ... [1s] OK
- checking whether the namespace can be loaded with stated dependencies ... [1s] OK
- checking whether the namespace can be unloaded cleanly ... [1s] OK
- checking loading without being on the library search path ... [1s] OK
- checking use of S3 registration ... OK
- checking dependencies in R code ... OK
- checking S3 generic/method consistency ... OK
- checking replacement functions ... OK
- checking foreign function calls ... OK
- checking R code for possible problems ... [4s] OK
- checking Rd files ... [1s] OK
- checking Rd metadata ... OK
- checking Rd cross-references ... OK
- checking for missing documentation entries ... OK
- checking for code/documentation mismatches ... OK
- checking Rd \usage sections ... OK
- checking Rd contents ... OK
- checking for unstated dependencies in examples ... OK
- checking contents of 'data' directory ... OK
- checking data for non-ASCII characters ... [0s] OK
- checking LazyData ... OK
- checking data for ASCII and uncompressed saves ... OK
- checking examples ... [1s] OK
- checking for unstated dependencies in 'tests' ... OK
- checking tests ... [15s] ERROR
Running 'testthat.R' [15s]
Running the tests in 'tests/testthat.R' failed.
Complete output:
> library(testthat)
> library(codebookr)
>
> test_check("codebookr")
[ FAIL 1 | WARN 0 | SKIP 0 | PASS 103 ]
══ Failed tests ════════════════════════════════════════════════════════════════
── Failure ('test-cb_add_summary_stats.R:355:3'): The num_to_cat argument is working as expected ──
class(...) not equal to c("summary_many_cats", "tbl_df", "tbl", "data.frame").
1/4 mismatches
x[1]: "summary_few_cats"
y[1]: "summary_many_cats"
[ FAIL 1 | WARN 0 | SKIP 0 | PASS 103 ]
Error: Test failures
Execution halted
- checking PDF version of manual ... [19s] OK
- checking HTML version of manual ... [3s] OK
- DONE
Status: 1 ERROR, 1 NOTE