• using R Under development (unstable) (2022-06-21 r82510 ucrt)
  • using platform: x86_64-w64-mingw32 (64-bit)
  • using session charset: UTF-8
  • checking for file 'clue/DESCRIPTION' ... OK
  • this is package 'clue' version '0.3-61'
  • package encoding: UTF-8
  • checking package namespace information ... OK
  • checking package dependencies ... OK
  • checking if this is a source package ... OK
  • checking if there is a namespace ... OK
  • checking for hidden files and directories ... OK
  • checking for portable file names ... OK
  • checking whether package 'clue' can be installed ... ERROR
    Installation failed.
    See 'd:/Rcompile/CRANpkg/local/4.3/clue.Rcheck/00install.out' for details.
  • DONE
    See https://www.r-project.org/nosvn/R.check/r-devel-windows-x86_64/clue-00install.html for details.