- using R Under development (unstable) (2025-06-30 r88369 ucrt)
- using platform: x86_64-w64-mingw32
- R was compiled by
gcc.exe (GCC) 14.2.0
GNU Fortran (GCC) 14.2.0
- running under: Windows Server 2022 x64 (build 20348)
- using session charset: UTF-8
- checking for file 'bigparallelr/DESCRIPTION' ... OK
- this is package 'bigparallelr' version '0.3.2'
- package encoding: UTF-8
- checking package namespace information ... OK
- checking package dependencies ... OK
- checking if this is a source package ... OK
- checking if there is a namespace ... OK
- checking for hidden files and directories ... OK
- checking for portable file names ... OK
- checking whether package 'bigparallelr' can be installed ... OK
See the install log for details.
- checking installed package size ... OK
- checking package directory ... OK
- checking DESCRIPTION meta-information ... OK
- checking top-level files ... OK
- checking for left-over files ... OK
- checking index information ... OK
- checking package subdirectories ... OK
- checking code files for non-ASCII characters ... OK
- checking R files for syntax errors ... OK
- checking whether the package can be loaded ... [1s] OK
- checking whether the package can be loaded with stated dependencies ... [0s] OK
- checking whether the package can be unloaded cleanly ... [1s] OK
- checking whether the namespace can be loaded with stated dependencies ... [0s] OK
- checking whether the namespace can be unloaded cleanly ... [1s] OK
- checking loading without being on the library search path ... [1s] OK
- checking whether startup messages can be suppressed ... [1s] OK
- checking use of S3 registration ... OK
- checking dependencies in R code ... OK
- checking S3 generic/method consistency ... OK
- checking replacement functions ... OK
- checking foreign function calls ... OK
- checking R code for possible problems ... [3s] OK
- checking Rd files ... [1s] OK
- checking Rd metadata ... OK
- checking Rd cross-references ... OK
- checking for missing documentation entries ... OK
- checking for code/documentation mismatches ... OK
- checking Rd \usage sections ... OK
- checking Rd contents ... OK
- checking for unstated dependencies in examples ... OK
- checking examples ... [1s] OK
- checking for unstated dependencies in 'tests' ... OK
- checking tests ... [7s] ERROR
Running 'testthat.R' [7s]
Running the tests in 'tests/testthat.R' failed.
Complete output:
> library(testthat)
> library(bigparallelr)
Loading required package: foreach
>
> test_check("bigparallelr")
[ FAIL 2 | WARN 0 | SKIP 0 | PASS 458 ]
══ Failed tests ════════════════════════════════════════════════════════════════
── Error ('test-split-parapply.R:19:3'): equality with other functions ─────────
Error in `serverSocket(port = port)`: creation of server socket failed: port 11515 cannot be opened
Backtrace:
▆
1. └─bigparallelr::split_parapply(...) at test-split-parapply.R:19:3
2. ├─base::do.call(...)
3. └─bigparallelr (local) `<fn>`(ncores = 2)
4. └─parallel::makeCluster(ncores, ...)
5. └─parallel::makePSOCKcluster(names = spec, ...)
6. └─base::serverSocket(port = port)
── Error ('test-split-parapply.R:79:3'): parameter '.costs' work ───────────────
Error in `serverSocket(port = port)`: creation of server socket failed: port 11515 cannot be opened
Backtrace:
▆
1. └─bigparallelr::split_parapply(...) at test-split-parapply.R:79:3
2. ├─base::do.call(...)
3. └─bigparallelr (local) `<fn>`(ncores = 2)
4. └─parallel::makeCluster(ncores, ...)
5. └─parallel::makePSOCKcluster(names = spec, ...)
6. └─base::serverSocket(port = port)
[ FAIL 2 | WARN 0 | SKIP 0 | PASS 458 ]
Error: Test failures
Execution halted
- checking PDF version of manual ... [20s] OK
- checking HTML version of manual ... [2s] OK
- DONE
Status: 1 ERROR