- using R Under development (unstable) (2025-10-13 r88918 ucrt)
- using platform: x86_64-w64-mingw32
- R was compiled by
gcc.exe (GCC) 14.2.0
GNU Fortran (GCC) 14.2.0
- running under: Windows Server 2022 x64 (build 20348)
- using session charset: UTF-8
- checking for file 'baf/DESCRIPTION' ... OK
- this is package 'baf' version '0.0.3'
- package encoding: UTF-8
- checking package namespace information ... OK
- checking package dependencies ... OK
- checking if this is a source package ... OK
- checking if there is a namespace ... OK
- checking for hidden files and directories ... OK
- checking for portable file names ... OK
- checking whether package 'baf' can be installed ... OK
See the install log for details.
- checking installed package size ... OK
- checking package directory ... OK
- checking DESCRIPTION meta-information ... OK
- checking top-level files ... OK
- checking for left-over files ... OK
- checking index information ... OK
- checking package subdirectories ... OK
- checking code files for non-ASCII characters ... OK
- checking R files for syntax errors ... OK
- checking whether the package can be loaded ... [1s] OK
- checking whether the package can be loaded with stated dependencies ... [1s] OK
- checking whether the package can be unloaded cleanly ... [1s] OK
- checking whether the namespace can be loaded with stated dependencies ... [1s] OK
- checking whether the namespace can be unloaded cleanly ... [1s] OK
- checking loading without being on the library search path ... [1s] OK
- checking use of S3 registration ... OK
- checking dependencies in R code ... OK
- checking S3 generic/method consistency ... OK
- checking replacement functions ... OK
- checking foreign function calls ... OK
- checking R code for possible problems ... [3s] OK
- checking Rd files ... [0s] OK
- checking Rd metadata ... OK
- checking Rd cross-references ... OK
- checking for missing documentation entries ... OK
- checking for code/documentation mismatches ... OK
- checking Rd \usage sections ... OK
- checking Rd contents ... OK
- checking for unstated dependencies in examples ... OK
- checking contents of 'data' directory ... OK
- checking data for non-ASCII characters ... [0s] OK
- checking LazyData ... OK
- checking data for ASCII and uncompressed saves ... OK
- checking examples ... [2s] OK
- checking for unstated dependencies in 'tests' ... OK
- checking tests ... [5s] ERROR
Running 'testthat.R' [4s]
Running the tests in 'tests/testthat.R' failed.
Complete output:
> # This file is part of the standard setup for testthat.
> # It is recommended that you do not modify it.
> #
> # Where should you do additional test configuration?
> # Learn more about the roles of various files in:
> # * https://r-pkgs.org/testing-design.html#sec-tests-files-overview
> # * https://testthat.r-lib.org/articles/special-files.html
>
> library(testthat)
> library(baf)
>
> test_check('baf')
[100%] Downloaded 8453 bytes...
[0%] Downloaded 1360 bytes...
[0%] Downloaded 6836 bytes...
[0%] Downloaded 8196 bytes...
[0%] Downloaded 23246 bytes...
[0%] Downloaded 24606 bytes...
[0%] Downloaded 25975 bytes...
[1%] Downloaded 39952 bytes...
[1%] Downloaded 52630 bytes...
[1%] Downloaded 56850 bytes...
[2%] Downloaded 65536 bytes...
[2%] Downloaded 73976 bytes...
[2%] Downloaded 82425 bytes...
[3%] Downloaded 90874 bytes...
[3%] Downloaded 95103 bytes...
[3%] Downloaded 97048 bytes...
[3%] Downloaded 109336 bytes...
[3%] Downloaded 113432 bytes...
[4%] Downloaded 125720 bytes...
[4%] Downloaded 142068 bytes...
[4%] Downloaded 142104 bytes...
[5%] Downloaded 146200 bytes...
[5%] Downloaded 158488 bytes...
[6%] Downloaded 174836 bytes...
[6%] Downloaded 174872 bytes...
[6%] Downloaded 178968 bytes...
[6%] Downloaded 183064 bytes...
[6%] Downloaded 191256 bytes...
[7%] Downloaded 207622 bytes...
[7%] Downloaded 223988 bytes...
[8%] Downloaded 244486 bytes...
[9%] Downloaded 260852 bytes...
[9%] Downloaded 260888 bytes...
[9%] Downloaded 277254 bytes...
[10%] Downloaded 301830 bytes...
[11%] Downloaded 318196 bytes...
[11%] Downloaded 334562 bytes...
[11%] Downloaded 334616 bytes...
[12%] Downloaded 350982 bytes...
[12%] Downloaded 367348 bytes...
[12%] Downloaded 367384 bytes...
[13%] Downloaded 383750 bytes...
[13%] Downloaded 400116 bytes...
[14%] Downloaded 416482 bytes...
[15%] Downloaded 432848 bytes...
[15%] Downloaded 449214 bytes...
[16%] Downloaded 465580 bytes...
[16%] Downloaded 481946 bytes...
[17%] Downloaded 490264 bytes...
[17%] Downloaded 506630 bytes...
[18%] Downloaded 522996 bytes...
[18%] Downloaded 523032 bytes...
[18%] Downloaded 539398 bytes...
[19%] Downloaded 555764 bytes...
[19%] Downloaded 555800 bytes...
[19%] Downloaded 572166 bytes...
[20%] Downloaded 588532 bytes...
[20%] Downloaded 588568 bytes...
[21%] Downloaded 604934 bytes...
[21%] Downloaded 613144 bytes...
[21%] Downloaded 629510 bytes...
[22%] Downloaded 645876 bytes...
[22%] Downloaded 645912 bytes...
[23%] Downloaded 662278 bytes...
[23%] Downloaded 678644 bytes...
[23%] Downloaded 678680 bytes...
[24%] Downloaded 695046 bytes...
[24%] Downloaded 711412 bytes...
[25%] Downloaded 727778 bytes...
[25%] Downloaded 744144 bytes...
[26%] Downloaded 760510 bytes...
[26%] Downloaded 760582 bytes...
[27%] Downloaded 776948 bytes...
[27%] Downloaded 776984 bytes...
[27%] Downloaded 793350 bytes...
[28%] Downloaded 817926 bytes...
[29%] Downloaded 834292 bytes...
[29%] Downloaded 842520 bytes...
[29%] Downloaded 858886 bytes...
[30%] Downloaded 875252 bytes...
[30%] Downloaded 875288 bytes...
[31%] Downloaded 891654 bytes...
[31%] Downloaded 908020 bytes...
[31%] Downloaded 908056 bytes...
[32%] Downloaded 924422 bytes...
[32%] Downloaded 932632 bytes...
[33%] Downloaded 948998 bytes...
[33%] Downloaded 965364 bytes...
[34%] Downloaded 981730 bytes...
[34%] Downloaded 981766 bytes...
[34%] Downloaded 989976 bytes...
[34%] Downloaded 1006342 bytes...
[35%] Downloaded 1022708 bytes...
[35%] Downloaded 1022744 bytes...
[36%] Downloaded 1039110 bytes...
[36%] Downloaded 1055476 bytes...
[37%] Downloaded 1071842 bytes...
[37%] Downloaded 1088208 bytes...
[37%] Downloaded 1088280 bytes...
[38%] Downloaded 1104646 bytes...
[38%] Downloaded 1121012 bytes...
[39%] Downloaded 1137378 bytes...
[40%] Downloaded 1153744 bytes...
[40%] Downloaded 1153816 bytes...
[40%] Downloaded 1170182 bytes...
[41%] Downloaded 1186548 bytes...
[41%] Downloaded 1202914 bytes...
[42%] Downloaded 1219280 bytes...
[42%] Downloaded 1219352 bytes...
[42%] Downloaded 1235718 bytes...
[43%] Downloaded 1252084 bytes...
[44%] Downloaded 1268450 bytes...
[44%] Downloaded 1284816 bytes...
[44%] Downloaded 1284888 bytes...
[45%] Downloaded 1301254 bytes...
[45%] Downloaded 1317620 bytes...
[46%] Downloaded 1333986 bytes...
[46%] Downloaded 1350352 bytes...
[46%] Downloaded 1350424 bytes...
[47%] Downloaded 1366790 bytes...
[48%] Downloaded 1383156 bytes...
[48%] Downloaded 1399522 bytes...
[49%] Downloaded 1415888 bytes...
[49%] Downloaded 1415960 bytes...
[49%] Downloaded 1432326 bytes...
[50%] Downloaded 1448692 bytes...
[50%] Downloaded 1448728 bytes...
[50%] Downloaded 1465094 bytes...
[51%] Downloaded 1489670 bytes...
[52%] Downloaded 1506036 bytes...
[53%] Downloaded 1530630 bytes...
[53%] Downloaded 1546996 bytes...
[53%] Downloaded 1547032 bytes...
[54%] Downloaded 1563398 bytes...
[54%] Downloaded 1579764 bytes...
[55%] Downloaded 1596130 bytes...
[56%] Downloaded 1620742 bytes...
[56%] Downloaded 1637108 bytes...
[56%] Downloaded 1637144 bytes...
[57%] Downloaded 1653510 bytes...
[58%] Downloaded 1678086 bytes...
[58%] Downloaded 1694452 bytes...
[59%] Downloaded 1710818 bytes...
[60%] Downloaded 1727184 bytes...
[60%] Downloaded 1743550 bytes...
[60%] Downloaded 1743622 bytes...
[61%] Downloaded 1759988 bytes...
[61%] Downloaded 1776354 bytes...
[62%] Downloaded 1792720 bytes...
[62%] Downloaded 1809086 bytes...
[62%] Downloaded 1809158 bytes...
[63%] Downloaded 1825524 bytes...
[63%] Downloaded 1825560 bytes...
[64%] Downloaded 1858256 bytes...
[65%] Downloaded 1874622 bytes...
[65%] Downloaded 1874694 bytes...
[65%] Downloaded 1891060 bytes...
[65%] Downloaded 1891096 bytes...
[66%] Downloaded 1907462 bytes...
[66%] Downloaded 1923828 bytes...
[67%] Downloaded 1940194 bytes...
[67%] Downloaded 1940230 bytes...
[68%] Downloaded 1956596 bytes...
[68%] Downloaded 1956632 bytes...
[68%] Downloaded 1972998 bytes...
[69%] Downloaded 1989364 bytes...
[69%] Downloaded 1989400 bytes...
[69%] Downloaded 2005766 bytes...
[70%] Downloaded 2022132 bytes...
[70%] Downloaded 2038498 bytes...
[71%] Downloaded 2054864 bytes...
[71%] Downloaded 2054936 bytes...
[72%] Downloaded 2071302 bytes...
[72%] Downloaded 2087668 bytes...
[72%] Downloaded 2087704 bytes...
[73%] Downloaded 2104070 bytes...
[73%] Downloaded 2120436 bytes...
[74%] Downloaded 2136802 bytes...
[74%] Downloaded 2136838 bytes...
[74%] Downloaded 2153204 bytes...
[74%] Downloaded 2153240 bytes...
[75%] Downloaded 2169606 bytes...
[76%] Downloaded 2185972 bytes...
[76%] Downloaded 2186008 bytes...
[76%] Downloaded 2202374 bytes...
[77%] Downloaded 2218740 bytes...
[77%] Downloaded 2218776 bytes...
[78%] Downloaded 2251472 bytes...
[78%] Downloaded 2267838 bytes...
[78%] Downloaded 2267910 bytes...
[79%] Downloaded 2284276 bytes...
[80%] Downloaded 2300642 bytes...
[80%] Downloaded 2317008 bytes...
[80%] Downloaded 2317080 bytes...
[81%] Downloaded 2333446 bytes...
[81%] Downloaded 2349812 bytes...
[82%] Downloaded 2366178 bytes...
[82%] Downloaded 2366214 bytes...
[82%] Downloaded 2382580 bytes...
[82%] Downloaded 2382616 bytes...
[83%] Downloaded 2398982 bytes...
[84%] Downloaded 2415348 bytes...
[84%] Downloaded 2431714 bytes...
[85%] Downloaded 2448080 bytes...
[85%] Downloaded 2448152 bytes...
[85%] Downloaded 2464518 bytes...
[86%] Downloaded 2480884 bytes...
[86%] Downloaded 2497250 bytes...
[87%] Downloaded 2513616 bytes...
[87%] Downloaded 2530054 bytes...
[88%] Downloaded 2546420 bytes...
[88%] Downloaded 2546456 bytes...
[89%] Downloaded 2562822 bytes...
[89%] Downloaded 2579188 bytes...
[90%] Downloaded 2595554 bytes...
[90%] Downloaded 2611920 bytes...
[90%] Downloaded 2611992 bytes...
[91%] Downloaded 2628358 bytes...
[91%] Downloaded 2644724 bytes...
[91%] Downloaded 2644760 bytes...
[92%] Downloaded 2661126 bytes...
[93%] Downloaded 2677492 bytes...
[93%] Downloaded 2677528 bytes...
[93%] Downloaded 2693894 bytes...
[94%] Downloaded 2710260 bytes...
[94%] Downloaded 2710296 bytes...
[94%] Downloaded 2726626 bytes...
[95%] Downloaded 2742992 bytes...
[95%] Downloaded 2743064 bytes...
[95%] Downloaded 2759430 bytes...
[96%] Downloaded 2775796 bytes...
[97%] Downloaded 2792162 bytes...
[97%] Downloaded 2808528 bytes...
[97%] Downloaded 2808600 bytes...
[98%] Downloaded 2824966 bytes...
[98%] Downloaded 2841332 bytes...
[98%] Downloaded 2841368 bytes...
[99%] Downloaded 2857734 bytes...
[99%] Downloaded 2874100 bytes...
[100%] Downloaded 2875289 bytes...
[ FAIL 1 | WARN 1 | SKIP 0 | PASS 4 ]
══ Failed tests ════════════════════════════════════════════════════════════════
── Failure ('test-baf.R:11:3'): baf works ──────────────────────────────────────
`out` has length 0, not length 7.
[ FAIL 1 | WARN 1 | SKIP 0 | PASS 4 ]
Error: Test failures
Execution halted
- checking PDF version of manual ... [19s] OK
- checking HTML version of manual ... [1s] OK
- DONE
Status: 1 ERROR