- using R Under development (unstable) (2025-10-06 r88901 ucrt)
- using platform: x86_64-w64-mingw32
- R was compiled by
gcc.exe (GCC) 14.2.0
GNU Fortran (GCC) 14.2.0
- running under: Windows Server 2022 x64 (build 20348)
- using session charset: UTF-8
- checking for file 'PortalHacienda/DESCRIPTION' ... OK
- checking extension type ... Package
- this is package 'PortalHacienda' version '0.1.7'
- package encoding: UTF-8
- checking package namespace information ... OK
- checking package dependencies ... OK
- checking if this is a source package ... OK
- checking if there is a namespace ... OK
- checking for hidden files and directories ... OK
- checking for portable file names ... OK
- checking whether package 'PortalHacienda' can be installed ... OK
See the install log for details.
- checking installed package size ... OK
- checking package directory ... OK
- checking 'build' directory ... OK
- checking DESCRIPTION meta-information ... OK
- checking top-level files ... OK
- checking for left-over files ... OK
- checking index information ... OK
- checking package subdirectories ... OK
- checking code files for non-ASCII characters ... OK
- checking R files for syntax errors ... OK
- checking whether the package can be loaded ... [1s] OK
- checking whether the package can be loaded with stated dependencies ... [1s] OK
- checking whether the package can be unloaded cleanly ... [1s] OK
- checking whether the namespace can be loaded with stated dependencies ... [1s] OK
- checking whether the namespace can be unloaded cleanly ... [1s] OK
- checking loading without being on the library search path ... [1s] OK
- checking whether startup messages can be suppressed ... [1s] OK
- checking use of S3 registration ... OK
- checking dependencies in R code ... OK
- checking S3 generic/method consistency ... OK
- checking replacement functions ... OK
- checking foreign function calls ... OK
- checking R code for possible problems ... [3s] OK
- checking Rd files ... [0s] OK
- checking Rd metadata ... OK
- checking Rd cross-references ... OK
- checking for missing documentation entries ... OK
- checking for code/documentation mismatches ... OK
- checking Rd \usage sections ... OK
- checking Rd contents ... OK
- checking for unstated dependencies in examples ... OK
- checking installed files from 'inst/doc' ... OK
- checking files in 'vignettes' ... OK
- checking examples ... [5s] OK
- checking for unstated dependencies in vignettes ... OK
- checking package vignettes ... OK
- checking re-building of vignette outputs ... [3s] ERROR
Error(s) in re-building vignettes:
--- re-building 'Tutorial.Rmd' using rmarkdown
Quitting from Tutorial.Rmd:30-32 [search]
~~~~~~~~~~~~~~~~~~~~~~~~~~~~~~~~~~~~~~~~~~~~~~~~~~~~~~~~~~~~~~~~~~~~~~~~~~~~~~~~
<error/rlang_error>
Error:
! Please install xml2 package
---
Backtrace:
▆
1. └─PortalHacienda::Search_online("Tipo de cambio")
2. ├─base::message("Server returned this message: " %+% httr::content(Temp)[[1]][[1]])
3. ├─"Server returned this message: " %+% ...
4. │ └─base::paste(x, y, sep = "")
5. └─httr::content(Temp)
6. └─httr:::parse_auto(raw, type, encoding, ...)
7. └─httr (local) parser(x = content, type = type, encoding = encoding, ...)
8. └─httr:::need_package("xml2")
~~~~~~~~~~~~~~~~~~~~~~~~~~~~~~~~~~~~~~~~~~~~~~~~~~~~~~~~~~~~~~~~~~~~~~~~~~~~~~~~
Error: processing vignette 'Tutorial.Rmd' failed with diagnostics:
Please install xml2 package
--- failed re-building 'Tutorial.Rmd'
SUMMARY: processing the following file failed:
'Tutorial.Rmd'
Error: Vignette re-building failed.
Execution halted
- checking PDF version of manual ... [20s] OK
- checking HTML version of manual ... [1s] OK
- DONE
Status: 1 ERROR