- using R Under development (unstable) (2025-06-30 r88369 ucrt)
- using platform: x86_64-w64-mingw32
- R was compiled by
gcc.exe (GCC) 14.2.0
GNU Fortran (GCC) 14.2.0
- running under: Windows Server 2022 x64 (build 20348)
- using session charset: UTF-8
- checking for file 'NHSRwaitinglist/DESCRIPTION' ... OK
- this is package 'NHSRwaitinglist' version '0.1.1'
- package encoding: UTF-8
- checking package namespace information ... OK
- checking package dependencies ... OK
- checking if this is a source package ... OK
- checking if there is a namespace ... OK
- checking for hidden files and directories ... OK
- checking for portable file names ... OK
- checking whether package 'NHSRwaitinglist' can be installed ... OK
See the install log for details.
- checking installed package size ... OK
- checking package directory ... OK
- checking 'build' directory ... OK
- checking DESCRIPTION meta-information ... OK
- checking top-level files ... OK
- checking for left-over files ... OK
- checking index information ... OK
- checking package subdirectories ... OK
- checking code files for non-ASCII characters ... OK
- checking R files for syntax errors ... OK
- checking whether the package can be loaded ... [1s] OK
- checking whether the package can be loaded with stated dependencies ... [1s] OK
- checking whether the package can be unloaded cleanly ... [1s] OK
- checking whether the namespace can be loaded with stated dependencies ... [1s] OK
- checking whether the namespace can be unloaded cleanly ... [1s] OK
- checking loading without being on the library search path ... [1s] OK
- checking use of S3 registration ... OK
- checking dependencies in R code ... OK
- checking S3 generic/method consistency ... OK
- checking replacement functions ... OK
- checking foreign function calls ... OK
- checking R code for possible problems ... [4s] OK
- checking Rd files ... [1s] OK
- checking Rd metadata ... OK
- checking Rd cross-references ... OK
- checking for missing documentation entries ... OK
- checking for code/documentation mismatches ... OK
- checking Rd \usage sections ... OK
- checking Rd contents ... OK
- checking for unstated dependencies in examples ... OK
- checking contents of 'data' directory ... OK
- checking data for non-ASCII characters ... [1s] OK
- checking LazyData ... OK
- checking data for ASCII and uncompressed saves ... OK
- checking installed files from 'inst/doc' ... OK
- checking files in 'vignettes' ... OK
- checking examples ... [3s] OK
- checking for unstated dependencies in 'tests' ... OK
- checking tests ... [12s] ERROR
Running 'testthat.R' [12s]
Running the tests in 'tests/testthat.R' failed.
Complete output:
> # This file is part of the standard setup for testthat.
> # It is recommended that you do not modify it.
> #
> # Where should you do additional test configuration?
> # Learn more about the roles of various files in:
> # * https://r-pkgs.org/testing-design.html#sec-tests-files-overview
> # * https://testthat.r-lib.org/articles/special-files.html
>
> library(testthat)
> library(NHSRwaitinglist)
>
> test_check("NHSRwaitinglist")
NOTE: Please supply a positive integer for the argument n.
NOTE: Please supply a positive integer for the argument n.
NOTE: Please supply a positive integer for the argument n.
[ FAIL 8 | WARN 0 | SKIP 8 | PASS 145 ]
══ Skipped tests (8) ═══════════════════════════════════════════════════════════
• On CRAN (8): 'test-utils.R:11:3', 'test-utils.R:11:3', 'test-utils.R:11:3',
'test-utils.R:11:3', 'test-utils.R:29:3', 'test-utils.R:29:3',
'test-utils.R:29:3', 'test-utils.R:29:3'
══ Failed tests ════════════════════════════════════════════════════════════════
── Failure ('test-wl_queue_size.R:46:3'): wl_queue_size computes correct queue size over the period ──
result$queue_size[1] (`actual`) not equal to 1 (`expected`).
`actual`: 0.0
`expected`: 1.0
── Failure ('test-wl_queue_size.R:47:3'): wl_queue_size computes correct queue size over the period ──
result$queue_size[4] (`actual`) not equal to 2 (`expected`).
`actual`: 0.0
`expected`: 2.0
── Failure ('test-wl_queue_size.R:59:3'): wl_queue_size handles no removals correctly ──
all(result$queue_size == c(1, 1, 1, 2, 2, 2, 2, 2, 2, 3)) is not TRUE
`actual`: FALSE
`expected`: TRUE
── Failure ('test-wl_queue_size.R:75:3'): wl_queue_size accounts for removals correctly ──
result$queue_size[7] (`actual`) not equal to 2 (`expected`).
`actual`: 0.0
`expected`: 2.0
── Failure ('test-wl_queue_size.R:76:3'): wl_queue_size accounts for removals correctly ──
result$queue_size[15] (`actual`) not equal to 1 (`expected`).
`actual`: 0.0
`expected`: 1.0
── Failure ('test-wl_removal_stats.R:27:3'): wl_removal_stats computes removal statistics correctly ──
result$capacity_cov >= 0 is not TRUE
`actual`: <NA>
`expected`: TRUE
── Failure ('test-wl_removal_stats.R:37:3'): wl_removal_stats uses the correct default start_date and end_date ──
result$capacity_daily (`actual`) not equal to 1/7 (`expected`).
`actual`: 0.25
`expected`: 0.14
── Failure ('test-wl_removal_stats.R:38:3'): wl_removal_stats uses the correct default start_date and end_date ──
result$capacity_weekly (`actual`) not equal to 1 (`expected`).
`actual`: 1.75
`expected`: 1.00
[ FAIL 8 | WARN 0 | SKIP 8 | PASS 145 ]
Error: Test failures
Execution halted
- checking for unstated dependencies in vignettes ... OK
- checking package vignettes ... OK
- checking re-building of vignette outputs ... [99s] OK
- checking PDF version of manual ... [27s] OK
- checking HTML version of manual ... [3s] OK
- DONE
Status: 1 ERROR