- using R Under development (unstable) (2025-06-30 r88369 ucrt)
- using platform: x86_64-w64-mingw32
- R was compiled by
gcc.exe (GCC) 14.2.0
GNU Fortran (GCC) 14.2.0
- running under: Windows Server 2022 x64 (build 20348)
- using session charset: UTF-8
- checking for file 'LandComp/DESCRIPTION' ... OK
- this is package 'LandComp' version '0.0.5'
- package encoding: UTF-8
- checking package namespace information ... OK
- checking package dependencies ... OK
- checking if this is a source package ... OK
- checking if there is a namespace ... OK
- checking for hidden files and directories ... OK
- checking for portable file names ... OK
- checking whether package 'LandComp' can be installed ... OK
See the install log for details.
- checking installed package size ... OK
- checking package directory ... OK
- checking 'build' directory ... OK
- checking DESCRIPTION meta-information ... OK
- checking top-level files ... OK
- checking for left-over files ... OK
- checking index information ... OK
- checking package subdirectories ... OK
- checking code files for non-ASCII characters ... OK
- checking R files for syntax errors ... OK
- checking whether the package can be loaded ... [0s] OK
- checking whether the package can be loaded with stated dependencies ... [0s] OK
- checking whether the package can be unloaded cleanly ... [0s] OK
- checking whether the namespace can be loaded with stated dependencies ... [0s] OK
- checking whether the namespace can be unloaded cleanly ... [0s] OK
- checking loading without being on the library search path ... [0s] OK
- checking use of S3 registration ... OK
- checking dependencies in R code ... OK
- checking S3 generic/method consistency ... OK
- checking replacement functions ... OK
- checking foreign function calls ... OK
- checking R code for possible problems ... [3s] OK
- checking Rd files ... [0s] OK
- checking Rd metadata ... OK
- checking Rd cross-references ... OK
- checking for missing documentation entries ... OK
- checking for code/documentation mismatches ... OK
- checking Rd \usage sections ... OK
- checking Rd contents ... OK
- checking for unstated dependencies in examples ... OK
- checking contents of 'data' directory ... OK
- checking data for non-ASCII characters ... [0s] OK
- checking LazyData ... OK
- checking data for ASCII and uncompressed saves ... OK
- checking installed files from 'inst/doc' ... OK
- checking files in 'vignettes' ... OK
- checking examples ... [4s] OK
- checking for unstated dependencies in 'tests' ... OK
- checking tests ... [32s] ERROR
Running 'testthat.R' [32s]
Running the tests in 'tests/testthat.R' failed.
Complete output:
> # This file is part of the standard setup for testthat.
> # It is recommended that you do not modify it.
> #
> # Where should you do additional test configuration?
> # Learn more about the roles of various files in:
> # * https://r-pkgs.org/tests.html
> # * https://testthat.r-lib.org/reference/test_package.html#special-files
>
> library(testthat)
> library(LandComp)
>
> test_check("LandComp")
[ FAIL 1 | WARN 0 | SKIP 0 | PASS 86 ]
══ Failed tests ════════════════════════════════════════════════════════════════
── Error ('test-LandComp.R:17:13'): inappropriate x ────────────────────────────
Error in `stop_if_not(length(maxSizeOfObjects) == 1L, is.numeric(maxSizeOfObjects),
!is.na(maxSizeOfObjects), maxSizeOfObjects >= 0)`: 'list' object cannot be coerced to type 'double'
Backtrace:
▆
1. ├─testthat::expect_warning(...) at test-LandComp.R:17:13
2. │ └─testthat:::quasi_capture(...)
3. │ ├─testthat (local) .capture(...)
4. │ │ └─base::withCallingHandlers(...)
5. │ └─rlang::eval_bare(quo_get_expr(.quo), quo_get_env(.quo))
6. └─LandComp::LandComp(x = hexagonal_data_logi, aggregation_steps = 0)
7. └─future::plan("future::multisession")
8. └─future (local) plan_set(...)
9. └─future:::plan_init(stack[[1]], debug = debug)
10. └─future:::makeFutureBackend(evaluator, debug = debug)
11. ├─base::do.call(factory, args = args)
12. └─future (local) `<fn>`(...)
13. └─future::ClusterFutureBackend(...)
14. └─future::MultiprocessFutureBackend(...)
15. └─future::FutureBackend(...)
16. └─future:::stop_if_not(...)
[ FAIL 1 | WARN 0 | SKIP 0 | PASS 86 ]
Error: Test failures
Execution halted
- checking for unstated dependencies in vignettes ... OK
- checking package vignettes ... OK
- checking re-building of vignette outputs ... [6s] ERROR
Error(s) in re-building vignettes:
--- re-building 'LandComp.Rmd' using rmarkdown
Quitting from LandComp.Rmd:66-68 [square_example2]
~~~~~~~~~~~~~~~~~~~~~~~~~~~~~~~~~~~~~~~~~~~~~~~~~~~~~~~~~~~~~~~~~~~~~~~~~~~~~~~~
<error/rlang_error>
Error in `stop_if_not()`:
! 'list' object cannot be coerced to type 'double'
---
Backtrace:
▆
1. └─LandComp::LandComp(...)
2. └─future::plan("future::multisession")
3. └─future (local) plan_set(...)
4. └─future:::plan_init(stack[[1]], debug = debug)
5. └─future:::makeFutureBackend(evaluator, debug = debug)
6. ├─base::do.call(factory, args = args)
7. └─future (local) `<fn>`(...)
8. └─future::ClusterFutureBackend(...)
9. └─future::MultiprocessFutureBackend(...)
10. └─future::FutureBackend(...)
11. └─future:::stop_if_not(...)
~~~~~~~~~~~~~~~~~~~~~~~~~~~~~~~~~~~~~~~~~~~~~~~~~~~~~~~~~~~~~~~~~~~~~~~~~~~~~~~~
Error: processing vignette 'LandComp.Rmd' failed with diagnostics:
'list' object cannot be coerced to type 'double'
--- failed re-building 'LandComp.Rmd'
SUMMARY: processing the following file failed:
'LandComp.Rmd'
Error: Vignette re-building failed.
Execution halted
- checking PDF version of manual ... [20s] OK
- checking HTML version of manual ... [1s] OK
- DONE
Status: 2 ERRORs