- using R Under development (unstable) (2021-04-11 r80157)
- using platform: x86_64-w64-mingw32 (64-bit)
- using session charset: ISO8859-1
- checking for file 'mockery/DESCRIPTION' ... OK
- this is package 'mockery' version '0.4.2'
- checking package namespace information ... OK
- checking package dependencies ... OK
- checking if this is a source package ... OK
- checking if there is a namespace ... OK
- checking for hidden files and directories ... OK
- checking for portable file names ... OK
- checking whether package 'mockery' can be installed ... ERROR
Installation failed.
See for details.
- DONE
See https://www.r-project.org/nosvn/R.check/r-devel-windows-ix86+x86_64/mockery-00install.html for details.